Results for 3.2.1 testsuite on i686-pc-linux-gnu (RTL check)
Kaveh R. Ghazi
ghazi@caip.rutgers.edu
Sat Feb 1 20:27:00 GMT 2003
LAST_UPDATED:
Native configuration is i686-pc-linux-gnu
=== g77 tests ===
Running target unix/-fPIC
=== g77 Summary for unix/-fPIC ===
# of expected passes 1468
Running target unix/-fpic
=== g77 Summary for unix/-fpic ===
# of expected passes 1468
Running target unix
=== g77 Summary for unix ===
# of expected passes 1468
=== g77 Summary ===
# of expected passes 4404
/teal/caip5/ghazi/gcc-testing/x86/build/gcc/testsuite/../g77 version 3.2.1
=== gcc tests ===
Running target unix/-fPIC
FAIL: gcc.c-torture/compile/20000804-1.c, -O0
XPASS: gcc.c-torture/execute/loop-3c.c execution, -Os
FAIL: gcc.dg/20011119-1.c (test for excess errors)
WARNING: gcc.dg/20011119-1.c compilation failed to produce executable
WARNING: program timed out.
FAIL: gcc.dg/20020616-1.c execution test
FAIL: gcc.dg/asm-names.c (test for excess errors)
=== gcc Summary for unix/-fPIC ===
# of expected passes 18795
# of unexpected failures 4
# of unexpected successes 1
# of expected failures 67
# of unsupported tests 44
Running target unix/-fpic
FAIL: gcc.c-torture/compile/20000804-1.c, -O0
XPASS: gcc.c-torture/execute/loop-3c.c execution, -Os
FAIL: gcc.dg/20011119-1.c (test for excess errors)
WARNING: gcc.dg/20011119-1.c compilation failed to produce executable
WARNING: program timed out.
FAIL: gcc.dg/20020616-1.c execution test
FAIL: gcc.dg/asm-names.c (test for excess errors)
=== gcc Summary for unix/-fpic ===
# of expected passes 18795
# of unexpected failures 4
# of unexpected successes 1
# of expected failures 67
# of unsupported tests 44
Running target unix
=== gcc Summary for unix ===
# of expected passes 18800
# of expected failures 68
# of unsupported tests 44
=== gcc Summary ===
# of expected passes 56390
# of unexpected failures 8
# of unexpected successes 2
# of expected failures 202
# of unsupported tests 132
/teal/caip5/ghazi/gcc-testing/x86/build/gcc/xgcc version 3.2.1
=== g++ tests ===
Running target unix/-fPIC
FAIL: g++.pt/asm1.C (test for excess errors)
FAIL: g++.pt/asm2.C (test for excess errors)
=== g++ Summary for unix/-fPIC ===
# of expected passes 7334
# of unexpected failures 2
# of expected failures 89
# of untested testcases 9
# of unsupported tests 3
Running target unix/-fpic
FAIL: g++.pt/asm1.C (test for excess errors)
FAIL: g++.pt/asm2.C (test for excess errors)
=== g++ Summary for unix/-fpic ===
# of expected passes 7334
# of unexpected failures 2
# of expected failures 89
# of untested testcases 9
# of unsupported tests 3
Running target unix
=== g++ Summary for unix ===
# of expected passes 7336
# of expected failures 89
# of untested testcases 9
# of unsupported tests 3
=== g++ Summary ===
# of expected passes 22004
# of unexpected failures 4
# of expected failures 267
# of untested testcases 27
# of unsupported tests 9
/teal/caip5/ghazi/gcc-testing/x86/build/gcc/testsuite/../g++ version 3.2.1
=== objc tests ===
Running target unix/-fPIC
FAIL: objc/execute/private.m execution, -Os
=== objc Summary for unix/-fPIC ===
# of expected passes 1034
# of unexpected failures 1
# of expected failures 6
Running target unix/-fpic
FAIL: objc/execute/bycopy-2.m execution, -O2
FAIL: objc/execute/formal_protocol-3.m execution, -O2
=== objc Summary for unix/-fpic ===
# of expected passes 1033
# of unexpected failures 2
# of expected failures 6
Running target unix
FAIL: objc/execute/enumeration-2.m execution, -O3 -fomit-frame-pointer
FAIL: objc/execute/string4.m execution, -Os
=== objc Summary for unix ===
# of expected passes 1033
# of unexpected failures 2
# of expected failures 6
=== objc Summary ===
# of expected passes 3100
# of unexpected failures 5
# of expected failures 18
/teal/caip5/ghazi/gcc-testing/x86/build/gcc/xgcc version 3.2.1
=== libjava tests ===
Running target unix/-fPIC
=== libjava Summary for unix/-fPIC ===
# of expected passes 2061
# of expected failures 18
# of untested testcases 14
Running target unix/-fpic
=== libjava Summary for unix/-fpic ===
# of expected passes 2061
# of expected failures 18
# of untested testcases 14
Running target unix
=== libjava Summary for unix ===
# of expected passes 2061
# of expected failures 18
# of untested testcases 14
=== libjava Summary ===
# of expected passes 6183
# of expected failures 54
# of untested testcases 42
=== libstdc++-v3 tests ===
Running target unix/-fPIC
XPASS: 22_locale/ctype_is_char.cc execution test
XPASS: 22_locale/ctype_is_wchar_t.cc execution test
XPASS: 22_locale/members.cc execution test
XPASS: 22_locale/messages_byname.cc execution test
XPASS: 22_locale/messages_members_char.cc execution test
XPASS: 22_locale/money_get_members_char.cc execution test
XPASS: 22_locale/money_get_members_wchar_t.cc execution test
XPASS: 22_locale/money_put_members_char.cc execution test
XPASS: 22_locale/money_put_members_wchar_t.cc execution test
XPASS: 22_locale/moneypunct_byname.cc execution test
XPASS: 22_locale/moneypunct_members_char.cc execution test
XPASS: 22_locale/moneypunct_members_wchar_t.cc execution test
XPASS: 22_locale/num_get_members_char.cc execution test
XPASS: 22_locale/num_get_members_wchar_t.cc execution test
XPASS: 22_locale/num_put_members_char.cc execution test
XPASS: 22_locale/num_put_members_wchar_t.cc execution test
XPASS: 22_locale/numpunct_byname.cc execution test
XPASS: 22_locale/numpunct_members_char.cc execution test
XPASS: 22_locale/numpunct_members_wchar_t.cc execution test
FAIL: 22_locale/operators.cc execution test
XPASS: 22_locale/time_get_members_char.cc execution test
XPASS: 22_locale/time_get_members_wchar_t.cc execution test
XPASS: 22_locale/time_put_members_char.cc execution test
XPASS: 22_locale/time_put_members_wchar_t.cc execution test
FAIL: 26_numerics/c99_classification_macros_c.cc (test for excess errors)
=== libstdc++-v3 Summary for unix/-fPIC ===
# of expected passes 409
# of unexpected failures 2
# of unexpected successes 23
# of expected failures 3
Running target unix/-fpic
XPASS: 22_locale/ctype_is_char.cc execution test
XPASS: 22_locale/ctype_is_wchar_t.cc execution test
XPASS: 22_locale/members.cc execution test
XPASS: 22_locale/messages_byname.cc execution test
XPASS: 22_locale/messages_members_char.cc execution test
XPASS: 22_locale/money_get_members_char.cc execution test
XPASS: 22_locale/money_get_members_wchar_t.cc execution test
XPASS: 22_locale/money_put_members_char.cc execution test
XPASS: 22_locale/money_put_members_wchar_t.cc execution test
XPASS: 22_locale/moneypunct_byname.cc execution test
XPASS: 22_locale/moneypunct_members_char.cc execution test
XPASS: 22_locale/moneypunct_members_wchar_t.cc execution test
XPASS: 22_locale/num_get_members_char.cc execution test
XPASS: 22_locale/num_get_members_wchar_t.cc execution test
XPASS: 22_locale/num_put_members_char.cc execution test
XPASS: 22_locale/num_put_members_wchar_t.cc execution test
XPASS: 22_locale/numpunct_byname.cc execution test
XPASS: 22_locale/numpunct_members_char.cc execution test
XPASS: 22_locale/numpunct_members_wchar_t.cc execution test
FAIL: 22_locale/operators.cc execution test
XPASS: 22_locale/time_get_members_char.cc execution test
XPASS: 22_locale/time_get_members_wchar_t.cc execution test
XPASS: 22_locale/time_put_members_char.cc execution test
XPASS: 22_locale/time_put_members_wchar_t.cc execution test
FAIL: 26_numerics/c99_classification_macros_c.cc (test for excess errors)
=== libstdc++-v3 Summary for unix/-fpic ===
# of expected passes 409
# of unexpected failures 2
# of unexpected successes 23
# of expected failures 3
Running target unix
XPASS: 22_locale/ctype_is_char.cc execution test
XPASS: 22_locale/ctype_is_wchar_t.cc execution test
XPASS: 22_locale/members.cc execution test
XPASS: 22_locale/messages_byname.cc execution test
XPASS: 22_locale/messages_members_char.cc execution test
XPASS: 22_locale/money_get_members_char.cc execution test
XPASS: 22_locale/money_get_members_wchar_t.cc execution test
XPASS: 22_locale/money_put_members_char.cc execution test
XPASS: 22_locale/money_put_members_wchar_t.cc execution test
XPASS: 22_locale/moneypunct_byname.cc execution test
XPASS: 22_locale/moneypunct_members_char.cc execution test
XPASS: 22_locale/moneypunct_members_wchar_t.cc execution test
XPASS: 22_locale/num_get_members_char.cc execution test
XPASS: 22_locale/num_get_members_wchar_t.cc execution test
XPASS: 22_locale/num_put_members_char.cc execution test
XPASS: 22_locale/num_put_members_wchar_t.cc execution test
XPASS: 22_locale/numpunct_byname.cc execution test
XPASS: 22_locale/numpunct_members_char.cc execution test
XPASS: 22_locale/numpunct_members_wchar_t.cc execution test
FAIL: 22_locale/operators.cc execution test
XPASS: 22_locale/time_get_members_char.cc execution test
XPASS: 22_locale/time_get_members_wchar_t.cc execution test
XPASS: 22_locale/time_put_members_char.cc execution test
XPASS: 22_locale/time_put_members_wchar_t.cc execution test
FAIL: 26_numerics/c99_classification_macros_c.cc (test for excess errors)
=== libstdc++-v3 Summary for unix ===
# of expected passes 409
# of unexpected failures 2
# of unexpected successes 23
# of expected failures 3
=== libstdc++-v3 Summary ===
# of expected passes 1227
# of unexpected failures 6
# of unexpected successes 69
# of expected failures 9
Compiler version: 3.2.1
Platform: i686-pc-linux-gnu
configure flags: --host=i686-pc-linux-gnu --verbose --enable-checking=misc,tree,rtl,gc
More information about the Gcc-testresults
mailing list