Results for [unified] 3.4.020031229(experimental) testsuite on i686-pc-linux-gnu
Autocrasher
autocrasher@devphil.com
Wed Dec 31 15:00:00 GMT 2003
The configure/build/test log and libstdc++-v3 regression plots can be
found at http://www.devphil.com/build/
Host was specified as athlon_mp-pc-linux-gnu.
This particular run used a unified gcc+binutils tree.
- The Autocrasher (Phil's Builder Bot, version 2.0)
LAST_UPDATED: Mon Feb 3 08:33:41 UTC 2003
Native configuration is i686-pc-linux-gnu
=== g++ tests ===
Running target unix
XPASS: g++.dg/ext/lvalue1.C not an lvalue (test for errors, line 7)
XPASS: g++.dg/warn/Wunused-2.C (test for warnings, line 5)
WARNING: g++.old-deja/g++.mike/p10769a.C compilation failed to produce executable
WARNING: g++.old-deja/g++.other/enum5.C compilation failed to produce executable
XPASS: g++.old-deja/g++.other/init5.C execution test
WARNING: g++.old-deja/g++.pt/friend44.C compilation failed to produce executable
=== g++ Summary ===
# of expected passes 9317
# of unexpected successes 3
# of expected failures 55
# of unsupported tests 30
/mnt/build/build-2003-12-31/gcc/testsuite/../g++ version 3.4.0 20031229 (experimental)
=== libstdc++-v3 check-abi Summary ===
# of added symbols: 233
# of missing symbols: 237
# of incompatible symbols: 268
=== libstdc++ tests ===
Running target unix
XPASS: 26_numerics/c99_classification_macros_c.cc (test for excess errors)
FAIL: ext/enc_filebuf/char/13189.cc (test for excess errors)
WARNING: ext/enc_filebuf/char/13189.cc compilation failed to produce executable
FAIL: ext/enc_filebuf/wchar_t/13189.cc (test for excess errors)
WARNING: ext/enc_filebuf/wchar_t/13189.cc compilation failed to produce executable
=== libstdc++ Summary ===
# of expected passes 2462
# of unexpected failures 2
# of unexpected successes 1
# of expected failures 11
Compiler version: 3.4.020031229(experimental)
Platform: i686-pc-linux-gnu
configure flags: --prefix=/mnt/build/install-2003-12-31 --enable-threads=posix --enable-__cxa_atexit --enable-languages=c++ --with-dwarf2 --enable-install-libiberty --enable-concept-checks --enable-gdbtk --enable-debug
More information about the Gcc-testresults
mailing list