Results for 3.4.0 20031230 (experimental) testsuite on powerpc-unknown-linux-gnu
Toon Moene
toon@moene.indiv.nluug.nl
Wed Dec 31 12:46:00 GMT 2003
LAST_UPDATED: Tue Dec 30 20:52:45 UTC 2003
Native configuration is powerpc-unknown-linux-gnu
=== g++ tests ===
Running target unix
XPASS: g++.dg/ext/lvalue1.C not an lvalue (test for errors, line 7)
XPASS: g++.dg/other/packed1.C execution test
XPASS: g++.dg/warn/Wunused-2.C (test for warnings, line 5)
WARNING: g++.old-deja/g++.mike/p10769a.C compilation failed to produce executable
WARNING: g++.old-deja/g++.other/enum5.C compilation failed to produce executable
WARNING: g++.old-deja/g++.pt/friend44.C compilation failed to produce executable
=== g++ Summary ===
# of expected passes 9249
# of unexpected successes 3
# of expected failures 56
# of unsupported tests 69
/home/toon/compilers/snapshots/obj/gcc/testsuite/../g++ version 3.4.0 20031230 (experimental)
=== g77 tests ===
Running target unix
=== g77 Summary ===
# of expected passes 1786
# of expected failures 1
# of untested testcases 1
# of unsupported tests 6
/home/toon/compilers/snapshots/obj/gcc/testsuite/../g77 version 3.4.0 20031230 (experimental)
=== gcc tests ===
Running target unix
FAIL: gcc.c-torture/execute/20030125-1.c execution, -O1
FAIL: gcc.c-torture/execute/20030125-1.c execution, -O2
FAIL: gcc.c-torture/execute/20030125-1.c execution, -O3 -fomit-frame-pointer
FAIL: gcc.c-torture/execute/20030125-1.c execution, -O3 -g
FAIL: gcc.c-torture/execute/20030125-1.c execution, -Os
FAIL: gcc.c-torture/execute/va-arg-25.c execution, -O0
FAIL: gcc.c-torture/execute/va-arg-25.c execution, -O1
FAIL: gcc.c-torture/execute/va-arg-25.c execution, -O2
FAIL: gcc.c-torture/execute/va-arg-25.c execution, -O3 -fomit-frame-pointer
FAIL: gcc.c-torture/execute/va-arg-25.c execution, -O3 -g
FAIL: gcc.c-torture/execute/va-arg-25.c execution, -Os
FAIL: gcc.dg/compat/scalar-by-value-3 c_compat_x_tst.o-c_compat_y_tst.o execute
FAIL: gcc.dg/compat/scalar-return-3 c_compat_x_tst.o-c_compat_y_tst.o execute
FAIL: gcc.dg/20020103-1.c scan-assembler-not LC
FAIL: gcc.dg/altivec-5.c (test for excess errors)
FAIL: gcc.dg/builtins-18.c (test for excess errors)
FAIL: gcc.dg/builtins-20.c (test for excess errors)
FAIL: gcc.dg/complex-1.c execution test
FAIL: gcc.dg/ppc-sdata-1.c scan-assembler sdat@sdarel\\(13\\)
FAIL: gcc.dg/ppc-sdata-1.c scan-assembler sdat2@sda21\\(2\\)
=== gcc Summary ===
# of expected passes 24564
# of unexpected failures 20
# of expected failures 72
# of untested testcases 7
# of unsupported tests 262
/home/toon/compilers/snapshots/obj/gcc/xgcc version 3.4.0 20031230 (experimental)
=== objc tests ===
Running target unix
FAIL: objc.dg/encode-2.m execution test
FAIL: objc.dg/encode-3.m execution test
FAIL: objc.dg/encode-4.m execution test
=== objc Summary ===
# of expected passes 1336
# of unexpected failures 3
# of unsupported tests 7
/home/toon/compilers/snapshots/obj/gcc/xgcc version 3.4.0 20031230 (experimental)
=== libffi tests ===
Running target unix
=== libffi Summary ===
# of expected passes 212
# of unsupported tests 2
=== libjava tests ===
Running target unix
FAIL: linking simple
FAIL: /home/toon/compilers/snapshots/gcc/libjava/testsuite/libjava.jar/simple.jar execution - gij test
=== libjava Summary ===
# of expected passes 3258
# of unexpected failures 2
# of expected failures 11
# of untested testcases 9
=== libstdc++ tests ===
Running target unix
XPASS: 26_numerics/c99_classification_macros_c.cc (test for excess errors)
=== libstdc++ Summary ===
# of expected passes 2470
# of unexpected successes 1
# of expected failures 11
Compiler version: 3.4.0 20031230 (experimental)
Platform: powerpc-unknown-linux-gnu
configure flags: --prefix=/usr/snp --disable-nls --disable-multilib
More information about the Gcc-testresults
mailing list