Results for 3.4.0 20031230 (experimental) testsuite on i686-pc-linux-gnu
Steven Bosscher
s.bosscher@student.tudelft.nl
Tue Dec 30 12:08:00 GMT 2003
[ This is with http://gcc.gnu.org/ml/gcc-patches/2003-12/msg02164.html applied. ]
LAST_UPDATED: Tue Dec 30 10:27:13 UTC 2003
Native configuration is i686-pc-linux-gnu
=== g77 tests ===
Running target unix
=== g77 Summary ===
# of expected passes 1798
# of expected failures 1
# of untested testcases 1
/home/steven/devel/trunkbuild/gcc/testsuite/../g77 version 3.4.0 20031230 (experimental)
=== gcc tests ===
Running target unix
FAIL: gcc.c-torture/execute/va-arg-25.c execution, -O0
FAIL: gcc.c-torture/execute/va-arg-25.c execution, -O1
FAIL: gcc.c-torture/execute/va-arg-25.c execution, -O2
FAIL: gcc.c-torture/execute/va-arg-25.c execution, -O3 -fomit-frame-pointer
FAIL: gcc.c-torture/execute/va-arg-25.c execution, -O3 -g
FAIL: gcc.c-torture/execute/va-arg-25.c execution, -Os
=== gcc Summary ===
# of expected passes 24096
# of unexpected failures 6
# of expected failures 72
# of untested testcases 7
# of unsupported tests 166
/home/steven/devel/trunkbuild/gcc/xgcc version 3.4.0 20031230 (experimental)
=== g++ tests ===
Running target unix
XPASS: g++.dg/ext/lvalue1.C not an lvalue (test for errors, line 7)
XPASS: g++.dg/warn/Wunused-2.C (test for warnings, line 5)
WARNING: g++.old-deja/g++.mike/p10769a.C compilation failed to produce executable
WARNING: g++.old-deja/g++.other/enum5.C compilation failed to produce executable
WARNING: g++.old-deja/g++.pt/friend44.C compilation failed to produce executable
=== g++ Summary ===
# of expected passes 9301
# of unexpected successes 2
# of expected failures 56
# of unsupported tests 30
/home/steven/devel/trunkbuild/gcc/testsuite/../g++ version 3.4.0 20031230 (experimental)
=== objc tests ===
Running target unix
=== objc Summary ===
# of expected passes 1339
# of unsupported tests 7
/home/steven/devel/trunkbuild/gcc/xgcc version 3.4.0 20031230 (experimental)
=== libstdc++-v3 check-abi Summary ===
# of added symbols: 230
# of missing symbols: 244
# of incompatible symbols: 275
=== libstdc++ tests ===
Running target unix
FAIL: 22_locale/locale/cons/12352.cc execution test
FAIL: 22_locale/messages/members/char/1.cc execution test
FAIL: 22_locale/messages/members/char/2.cc execution test
FAIL: 22_locale/messages/members/char/wrapped_env.cc execution test
FAIL: 22_locale/messages/members/char/wrapped_locale.cc execution test
FAIL: 22_locale/messages_byname/named_equivalence.cc execution test
FAIL: 23_containers/bitset/cons/1.cc (test for excess errors)
WARNING: 23_containers/bitset/cons/1.cc compilation failed to produce executable
FAIL: 23_containers/bitset/test/1.cc (test for excess errors)
WARNING: 23_containers/bitset/test/1.cc compilation failed to produce executable
XPASS: 26_numerics/c99_classification_macros_c.cc (test for excess errors)
=== libstdc++ Summary ===
# of expected passes 2456
# of unexpected failures 8
# of unexpected successes 1
# of expected failures 11
Compiler version: 3.4.0 20031230 (experimental)
Platform: i686-pc-linux-gnu
configure flags: --disable-nls --disable-checking --disable-multilib --enable-languages=c,c++,objc,f77
More information about the Gcc-testresults
mailing list