Results for 3.4.0 20031220 (experimental) testsuite on i686-pc-linux-gnu
Andrew Pinski
pinskia@physics.uc.edu
Sat Dec 20 14:13:00 GMT 2003
LAST_UPDATED: Sat Dec 20 05:01:52 UTC 2003
Native configuration is i686-pc-linux-gnu
=== g++ tests ===
Running target unix
XPASS: g++.dg/ext/lvalue1.C not an lvalue (test for errors, line 7)
XPASS: g++.dg/warn/Wunused-2.C (test for warnings, line 5)
WARNING: g++.old-deja/g++.mike/p10769a.C compilation failed to produce executable
WARNING: g++.old-deja/g++.other/enum5.C compilation failed to produce executable
XPASS: g++.old-deja/g++.other/init5.C execution test
WARNING: g++.old-deja/g++.pt/friend44.C compilation failed to produce executable
=== g++ Summary ===
# of expected passes 9302
# of unexpected successes 3
# of expected failures 55
# of unsupported tests 30
/home/gates/pinskia/src/gnu/gcc/src/objdir.linux/gcc/testsuite/../g++ version 3.4.0 20031220 (experimental)
=== g77 tests ===
Running target unix
=== g77 Summary ===
# of expected passes 1786
# of expected failures 1
# of untested testcases 1
/home/gates/pinskia/src/gnu/gcc/src/objdir.linux/gcc/testsuite/../g77 version 3.4.0 20031220 (experimental)
=== gcc tests ===
Running target unix
FAIL: gcc.c-torture/execute/va-arg-25.c execution, -O0
FAIL: gcc.c-torture/execute/va-arg-25.c execution, -O1
FAIL: gcc.c-torture/execute/va-arg-25.c execution, -O2
FAIL: gcc.c-torture/execute/va-arg-25.c execution, -O3 -fomit-frame-pointer
FAIL: gcc.c-torture/execute/va-arg-25.c execution, -O3 -g
FAIL: gcc.c-torture/execute/va-arg-25.c execution, -Os
=== gcc Summary ===
# of expected passes 24781
# of unexpected failures 6
# of expected failures 73
# of untested testcases 7
# of unsupported tests 165
/home/gates/pinskia/src/gnu/gcc/src/objdir.linux/gcc/xgcc version 3.4.0 20031220 (experimental)
=== objc tests ===
Running target unix
=== objc Summary ===
# of expected passes 1339
# of unsupported tests 7
/home/gates/pinskia/src/gnu/gcc/src/objdir.linux/gcc/xgcc version 3.4.0 20031220 (experimental)
=== libffi tests ===
Running target unix
=== libffi Summary ===
# of expected passes 212
# of unsupported tests 2
=== libjava tests ===
Running target unix
FAIL: linking simple
FAIL: /home/gates/pinskia/src/gnu/gcc/src/libjava/testsuite/libjava.jar/simple.jar execution - gij test
=== libjava Summary ===
# of expected passes 3258
# of unexpected failures 2
# of expected failures 11
# of untested testcases 9
=== libstdc++-v3 check-abi Summary ===
# of added symbols: 272
# of missing symbols: 283
# of incompatible symbols: 290
=== libstdc++ tests ===
Running target unix
XPASS: 26_numerics/c99_classification_macros_c.cc (test for excess errors)
=== libstdc++ Summary ===
# of expected passes 2462
# of unexpected successes 1
# of expected failures 11
Compiler version: 3.4.0 20031220 (experimental)
Platform: i686-pc-linux-gnu
configure flags: --target=i686-pc-linux-gnu --host=i686-pc-linux-gnu --enable-__cxa_atexit --enable-languages=java,objc,f77 --prefix=/home/gates/pinskia/linux --enable-threads=posix --enable-shared
More information about the Gcc-testresults
mailing list