Results for 3.3.2 testsuite on hppa64-hp-hpux11.00
John David Anglin
dave@hiauly2.hia.nrc.ca
Sat Dec 13 03:26:00 GMT 2003
LAST_UPDATED: Thu Dec 11 17:46:40 UTC 2003
Native configuration is hppa64-hp-hpux11.00
=== g++ tests ===
Running target unix
FAIL: g++.dg/opt/inline4.C scan-assembler-not _Z1g
FAIL: g++.dg/parse/class1.C (test for excess errors)
XPASS: g++.other/decl5.C no such type (test for errors, line 60)
XPASS: g++.other/decl5.C no such type (test for errors, line 63)
XPASS: g++.other/decl5.C N::fn not a member of NMS (test for errors, line 66)
XPASS: g++.other/decl5.C extra qualification (test for warnings, line 57)
FAIL: g++.other/decl5.C (test for excess errors)
XPASS: g++.pt/static3.C (test for excess errors)
XPASS: g++.pt/static3.C Execution test
XPASS: g++.pt/static6.C (test for excess errors)
=== g++ Summary ===
# of expected passes 7832
# of unexpected failures 3
# of unexpected successes 7
# of expected failures 96
# of untested testcases 23
# of unsupported tests 29
/xxx/gnu/gcc-3.3/objdir/gcc/testsuite/../g++ version 3.3.2
=== g77 tests ===
Running target unix
=== g77 Summary ===
# of expected passes 1686
# of unsupported tests 8
/xxx/gnu/gcc-3.3/objdir/gcc/testsuite/../g77 version 3.3.2
=== gcc tests ===
Running target unix
FAIL: gcc.dg/duff-2.c (test for excess errors)
FAIL: gcc.dg/sibcall-1.c execution test
FAIL: gcc.dg/sibcall-2.c execution test
FAIL: gcc.dg/sibcall-3.c execution test
FAIL: gcc.dg/sibcall-4.c execution test
=== gcc Summary ===
# of expected passes 20586
# of unexpected failures 5
# of expected failures 73
# of unsupported tests 181
/xxx/gnu/gcc-3.3/objdir/gcc/xgcc version 3.3.2
=== objc tests ===
Running target unix
=== objc Summary ===
# of expected passes 1153
/xxx/gnu/gcc-3.3/objdir/gcc/xgcc version 3.3.2
=== libstdc++-v3 tests ===
Running target unix
FAIL: 26_numerics/c99_classification_macros_c.cc (test for excess errors)
=== libstdc++-v3 Summary ===
# of expected passes 417
# of unexpected failures 1
# of expected failures 17
# of unsupported tests 6
Compiler version: 3.3.2
Platform: hppa64-hp-hpux11.00
configure flags: --with-gnu-as --with-as=/opt/gnu64/bin/as --with-ld=/usr/ccs/bin/ld --enable-shared --with-local-prefix=/opt/gnu64 --prefix=/opt/gnu64/gcc/gcc-3.3.2 --host=hppa64-hp-hpux11.00 --disable-nls --enable-languages=c,c++,f77,java,objc
More information about the Gcc-testresults
mailing list