Results for 3.5-tree-ssa 20031211 (merged 20031130) testsuite on i686-pc-linux-gnu
Steven Bosscher
steven@gcc.gnu.org
Thu Dec 11 18:46:00 GMT 2003
[ Has patch applied to use BB_HEAD/BB_END instead of bb-{head,end} ]
LAST_UPDATED: Thu Dec 11 16:30:07 UTC 2003
Native configuration is i686-pc-linux-gnu
=== gcc tests ===
Running target unix
FAIL: gcc.c-torture/execute/builtins/string-9.c execution, -O1
FAIL: gcc.c-torture/execute/builtins/string-9.c execution, -O2
FAIL: gcc.c-torture/execute/builtins/string-9.c execution, -O3 -fomit-frame-pointer
FAIL: gcc.c-torture/execute/builtins/string-9.c execution, -O3 -fomit-frame-pointer -funroll-loops
FAIL: gcc.c-torture/execute/builtins/string-9.c execution, -O3 -fomit-frame-pointer -funroll-all-loops -finline-functions
FAIL: gcc.c-torture/execute/builtins/string-9.c execution, -O3 -g
XPASS: gcc.c-torture/execute/string-opt-18.c execution, -O0
XPASS: gcc.c-torture/execute/string-opt-18.c execution, -O1
XPASS: gcc.c-torture/execute/string-opt-18.c execution, -O2
XPASS: gcc.c-torture/execute/string-opt-18.c execution, -O3 -fomit-frame-pointer
XPASS: gcc.c-torture/execute/string-opt-18.c execution, -O3 -g
XPASS: gcc.c-torture/execute/string-opt-18.c execution, -Os
FAIL: gcc.c-torture/execute/string-opt-7.c execution, -O1
FAIL: gcc.c-torture/execute/string-opt-7.c execution, -O2
FAIL: gcc.c-torture/execute/string-opt-7.c execution, -O3 -fomit-frame-pointer
FAIL: gcc.c-torture/execute/string-opt-7.c execution, -O3 -g
FAIL: gcc.c-torture/execute/string-opt-7.c execution, -Os
FAIL: gcc.c-torture/execute/va-arg-25.c execution, -O0
FAIL: gcc.c-torture/execute/va-arg-25.c execution, -O1
FAIL: gcc.c-torture/execute/va-arg-25.c execution, -O2
FAIL: gcc.c-torture/execute/va-arg-25.c execution, -O3 -fomit-frame-pointer
FAIL: gcc.c-torture/execute/va-arg-25.c execution, -O3 -g
FAIL: gcc.c-torture/execute/va-arg-25.c execution, -Os
UNRESOLVED: gcc.c-torture/execute/wchar_t-1.c execution, -O0
UNRESOLVED: gcc.c-torture/execute/wchar_t-1.c execution, -O1
UNRESOLVED: gcc.c-torture/execute/wchar_t-1.c execution, -O2
UNRESOLVED: gcc.c-torture/execute/wchar_t-1.c execution, -O3 -fomit-frame-pointer
UNRESOLVED: gcc.c-torture/execute/wchar_t-1.c execution, -O3 -g
UNRESOLVED: gcc.c-torture/execute/wchar_t-1.c execution, -Os
FAIL: gcc.dg/20030331-2.c (test for excess errors)
FAIL: gcc.dg/builtins-10.c (test for excess errors)
FAIL: gcc.dg/builtins-26.c (test for excess errors)
FAIL: gcc.dg/builtins-7.c (test for excess errors)
XPASS: gcc.dg/uninit-4.c uninitialized variable warning (test for bogus messages, line 26)
XPASS: gcc.dg/uninit-5.c uninitialized variable warning (test for bogus messages, line 13)
XPASS: gcc.dg/uninit-5.c uninitialized variable warning (test for bogus messages, line 27)
XPASS: gcc.dg/uninit-8.c uninitialized variable warning (test for bogus messages, line 14)
FAIL: gcc.dg/uninit-D.c (test for excess errors)
FAIL: gcc.dg/warn-1.c (test for warnings, line 8)
FAIL: gcc.dg/torture/builtin-explog-1.c (test for excess errors)
FAIL: gcc.dg/torture/builtin-explog-1.c (test for excess errors)
FAIL: gcc.dg/torture/builtin-explog-1.c (test for excess errors)
FAIL: gcc.dg/torture/builtin-explog-1.c (test for excess errors)
FAIL: gcc.dg/torture/builtin-explog-1.c (test for excess errors)
FAIL: gcc.dg/torture/builtin-explog-1.c (test for excess errors)
FAIL: gcc.dg/tree-ssa/20030731-1.c scan-tree-dump-times target.*!= 0 0
FAIL: gcc.dg/tree-ssa/20030807-3.c scan-tree-dump-times if 2
FAIL: gcc.dg/tree-ssa/20030807-4.c scan-tree-dump-times if 2
FAIL: gcc.dg/tree-ssa/20030807-7.c scan-tree-dump-times if 1
FAIL: gcc.dg/tree-ssa/20030814-6.c scan-tree-dump-times common.code 1
FAIL: gcc.dg/tree-ssa/20030922-1.c scan-tree-dump-times if 0
FAIL: gcc.dg/tree-ssa/20030922-2.c scan-tree-dump-times if 2
FAIL: gcc.dg/tree-ssa/20031015-1.c scan-tree-dump-times VUSE 1
FAIL: gcc.dg/tree-ssa/20031106-1.c scan-tree-dump-times testarray 1
FAIL: gcc.dg/tree-ssa/20031106-2.c scan-tree-dump-times teststruct 1
FAIL: gcc.dg/tree-ssa/20031106-3.c scan-tree-dump-times link_error 0
FAIL: gcc.dg/tree-ssa/20031106-4.c scan-tree-dump-times link_error 0
FAIL: gcc.dg/tree-ssa/20031106-5.c scan-tree-dump-times link_error 0
FAIL: gcc.dg/tree-ssa/20031106-6.c scan-tree-dump-times temp_struct 0
FAIL: gcc.dg/tree-ssa/ssa-ccp-3.c scan-tree-dump-times link_error 0
FAIL: gcc.dg/tree-ssa/ssa-ccp-4.c scan-tree-dump-times link_error 0
FAIL: gcc.dg/tree-ssa/ssa-ccp-5.c scan-tree-dump-times link_error 0
FAIL: gcc.dg/tree-ssa/ssa-ccp-6.c scan-tree-dump-times link_error 0
FAIL: gcc.dg/tree-ssa/ssa-ccp-8.c scan-tree-dump-times link_error 0
FAIL: gcc.dg/tree-ssa/tailcall-1.c (test for excess errors)
ERROR: gcc.dg/tree-ssa/tailcall-1.c: error executing dg-final: no files matched glob pattern "tailcall-1.c.t??.tail2"
UNRESOLVED: gcc.dg/tree-ssa/tailcall-1.c: error executing dg-final: no files matched glob pattern "tailcall-1.c.t??.tail2"
FAIL: gcc.dg/tree-ssa/tailrecursion-1.c (test for excess errors)
ERROR: gcc.dg/tree-ssa/tailrecursion-1.c: error executing dg-final: no files matched glob pattern "tailrecursion-1.c.t??.tail1"
UNRESOLVED: gcc.dg/tree-ssa/tailrecursion-1.c: error executing dg-final: no files matched glob pattern "tailrecursion-1.c.t??.tail1"
FAIL: gcc.dg/tree-ssa/tailrecursion-2.c (test for excess errors)
ERROR: gcc.dg/tree-ssa/tailrecursion-2.c: error executing dg-final: no files matched glob pattern "tailrecursion-2.c.t??.tail1"
UNRESOLVED: gcc.dg/tree-ssa/tailrecursion-2.c: error executing dg-final: no files matched glob pattern "tailrecursion-2.c.t??.tail1"
FAIL: gcc.dg/tree-ssa/tailrecursion-3.c (test for excess errors)
ERROR: gcc.dg/tree-ssa/tailrecursion-3.c: error executing dg-final: no files matched glob pattern "tailrecursion-3.c.t??.tail1"
UNRESOLVED: gcc.dg/tree-ssa/tailrecursion-3.c: error executing dg-final: no files matched glob pattern "tailrecursion-3.c.t??.tail1"
FAIL: gcc.dg/tree-ssa/tailrecursion-4.c (test for excess errors)
ERROR: gcc.dg/tree-ssa/tailrecursion-4.c: error executing dg-final: no files matched glob pattern "tailrecursion-4.c.t??.tail1"
UNRESOLVED: gcc.dg/tree-ssa/tailrecursion-4.c: error executing dg-final: no files matched glob pattern "tailrecursion-4.c.t??.tail1"
FAIL: 209: expected branch percentages not found: 25
FAIL: gcc.misc-tests/gcov-4b.c gcov: 0 failures in line counts, 1 in branch percentages, 0 in return percentages
=== gcc Summary ===
# of expected passes 24365
# of unexpected failures 55
# of unexpected successes 10
# of expected failures 74
# of unresolved testcases 11
# of untested testcases 7
# of unsupported tests 158
/home/steven/devel/ssabuild/gcc/xgcc version 3.5-tree-ssa 20031211 (merged 20031130)
=== gfortran tests ===
Running target unix
=== gfortran Summary ===
# of expected passes 2450
/home/steven/devel/ssabuild/gcc/testsuite/../gfortran version 3.5-tree-ssa 20031211 (merged 20031130)
=== g++ tests ===
Running target unix
XPASS: g++.dg/ext/lvalue1.C not an lvalue (test for errors, line 7)
WARNING: g++.dg/ext/stmtexpr1.C compilation failed to produce executable
FAIL: g++.dg/lookup/using9.C (test for errors, line 7)
FAIL: g++.dg/lookup/using9.C (test for errors, line 8)
FAIL: g++.dg/lookup/using9.C (test for errors, line 12)
FAIL: g++.dg/lookup/using9.C (test for errors, line 13)
FAIL: g++.dg/lookup/using9.C (test for errors, line 14)
FAIL: g++.dg/lookup/using9.C (test for errors, line 22)
FAIL: g++.dg/lookup/using9.C (test for errors, line 23)
FAIL: g++.dg/lookup/using9.C (test for excess errors)
XPASS: g++.dg/parse/stack1.C (test for excess errors)
FAIL: g++.dg/template/ptrmem7.C (test for errors, line 38)
FAIL: g++.dg/template/ptrmem7.C (test for errors, line 39)
FAIL: g++.dg/template/ptrmem7.C (test for errors, line 43)
FAIL: g++.dg/template/ptrmem7.C (test for excess errors)
XPASS: g++.dg/warn/Wunused-2.C (test for warnings, line 5)
FAIL: 258: expected branch percentages not found: 25
FAIL: g++.dg/gcov/gcov-1.C gcov: 0 failures in line counts, 1 in branch percentages, 0 in return percentages
FAIL: 23:is 2:should be 1
FAIL: g++.dg/gcov/gcov-2.C gcov: 1 failures in line counts, 0 in branch percentages, 0 in return percentages
FAIL: g++.old-deja/g++.brendan/crash30.C (test for excess errors)
WARNING: g++.old-deja/g++.mike/p10769a.C compilation failed to produce executable
WARNING: g++.old-deja/g++.other/enum5.C compilation failed to produce executable
WARNING: g++.old-deja/g++.pt/friend44.C compilation failed to produce executable
=== g++ Summary ===
# of expected passes 9167
# of unexpected failures 17
# of unexpected successes 3
# of expected failures 61
# of unsupported tests 29
/home/steven/devel/ssabuild/gcc/testsuite/../g++ version 3.5-tree-ssa 20031211 (merged 20031130)
=== objc tests ===
Running target unix
=== objc Summary ===
# of expected passes 1337
# of unsupported tests 7
/home/steven/devel/ssabuild/gcc/xgcc version 3.5-tree-ssa 20031211 (merged 20031130)
=== libmudflap tests ===
Running target unix
FAIL: libmudflap.cth/pass40-frag.c output pattern test
FAIL: libmudflap.cth/pass40-frag.c (-static) output pattern test
FAIL: libmudflap.cth/pass40-frag.c (-O2) output pattern test
FAIL: libmudflap.cth/pass40-frag.c (-O3) output pattern test
=== libmudflap Summary ===
# of expected passes 992
# of unexpected failures 4
=== libstdc++-v3 check-abi Summary ===
# of added symbols: 217
# of missing symbols: 224
# of incompatible symbols: 231
=== libstdc++ tests ===
Running target unix
FAIL: 22_locale/locale/cons/12352.cc execution test
FAIL: 23_containers/deque/invalidation/4.cc execution test
FAIL: 23_containers/list/invalidation/3.cc execution test
FAIL: 23_containers/list/invalidation/4.cc execution test
XPASS: 26_numerics/c99_classification_macros_c.cc (test for excess errors)
=== libstdc++ Summary ===
# of expected passes 2406
# of unexpected failures 4
# of unexpected successes 1
# of expected failures 11
Compiler version: 3.5-tree-ssa 20031211 (merged 20031130)
Platform: i686-pc-linux-gnu
configure flags: --enable-languages=c,c++,objc,f95 --prefix=/opt/experimental/ --program-suffix=-3.5 --with-libbanshee --with-libbanshee --with-libbanshee
More information about the Gcc-testresults
mailing list