Results for 3.4 20030827 (experimental) testsuite on i686-pc-linux-gnu
Andrew Pinski
pinskia@physics.uc.edu
Wed Aug 27 13:57:00 GMT 2003
LAST_UPDATED: Wed Aug 27 04:01:43 UTC 2003
Native configuration is i686-pc-linux-gnu
=== g77 tests ===
Running target unix
FAIL: g77.f-torture/execute/980520-1.f compilation, -O0
=== g77 Summary ===
# of expected passes 1764
# of unexpected failures 1
# of untested testcases 1
/home/gates/pinskia/src/gnu/gcc/src/objdir.linux/gcc/testsuite/../g77 version 3.4 20030827 (experimental)
=== gcc tests ===
Running target unix
UNRESOLVED: gcc.c-torture/execute/wchar_t-1.c execution, -O0
UNRESOLVED: gcc.c-torture/execute/wchar_t-1.c execution, -O1
UNRESOLVED: gcc.c-torture/execute/wchar_t-1.c execution, -O2
UNRESOLVED: gcc.c-torture/execute/wchar_t-1.c execution, -O3 -fomit-frame-pointer
UNRESOLVED: gcc.c-torture/execute/wchar_t-1.c execution, -O3 -g
UNRESOLVED: gcc.c-torture/execute/wchar_t-1.c execution, -Os
FAIL: gcc.dg/cpp/Wunused.c (test for warnings, line 20)
FAIL: gcc.dg/cpp/Wunused.c (test for excess errors)
FAIL: gcc.dg/cpp/trad/Wunused.c (test for warnings, line 19)
FAIL: gcc.dg/cpp/trad/Wunused.c (test for excess errors)
FAIL: gcc.dg/cpp/trad/funlike-3.c unterminated macro (test for errors, line 12)
FAIL: gcc.dg/cpp/trad/funlike-3.c (test for excess errors)
FAIL: gcc.dg/cpp/trad/Wunused.c (test for warnings, line 19)
FAIL: gcc.dg/cpp/trad/Wunused.c (test for excess errors)
FAIL: gcc.dg/cpp/trad/funlike-3.c unterminated macro (test for errors, line 12)
FAIL: gcc.dg/cpp/trad/funlike-3.c (test for excess errors)
=== gcc Summary ===
# of expected passes 24155
# of unexpected failures 10
# of expected failures 81
# of unresolved testcases 6
# of untested testcases 7
# of unsupported tests 140
/home/gates/pinskia/src/gnu/gcc/src/objdir.linux/gcc/xgcc version 3.4 20030827 (experimental)
=== g++ tests ===
Running target unix
FAIL: g++.dg/expr/anew1.C execution test
FAIL: g++.dg/expr/anew2.C execution test
FAIL: g++.dg/expr/anew3.C execution test
FAIL: g++.dg/ext/pretty1.C scan-assembler top level
FAIL: g++.dg/ext/pretty2.C (test for excess errors)
WARNING: g++.dg/ext/pretty2.C compilation failed to produce executable
FAIL: g++.dg/init/array10.C (test for excess errors)
WARNING: g++.old-deja/g++.mike/p10769a.C compilation failed to produce executable
WARNING: g++.old-deja/g++.other/enum5.C compilation failed to produce executable
XPASS: g++.old-deja/g++.other/init5.C execution test
WARNING: g++.old-deja/g++.pt/friend44.C compilation failed to produce executable
XPASS: g++.old-deja/g++.pt/overload8.C (test for bogus messages, line 10)
=== g++ Summary ===
# of expected passes 8943
# of unexpected failures 6
# of unexpected successes 2
# of expected failures 63
# of unsupported tests 29
/home/gates/pinskia/src/gnu/gcc/src/objdir.linux/gcc/testsuite/../g++ version 3.4 20030827 (experimental)
=== objc tests ===
Running target unix
=== objc Summary ===
# of expected passes 1156
/home/gates/pinskia/src/gnu/gcc/src/objdir.linux/gcc/xgcc version 3.4 20030827 (experimental)
=== libjava tests ===
Running target unix
FAIL: Compile DejaGNUTestHarness.lo
=== libjava Summary ===
# of expected passes 3101
# of unexpected failures 1
# of expected failures 10
# of untested testcases 8
=== libstdc++-v3 check-abi Summary ===
# of added symbols: 177
# of missing symbols: 238
# of incompatible symbols: 242
=== libstdc++ tests ===
Running target unix
FAIL: 27_io/objects/char/12048.cc execution test
=== libstdc++ Summary ===
# of expected passes 2088
# of unexpected failures 1
# of expected failures 10
Compiler version: 3.4 20030827 (experimental)
Platform: i686-pc-linux-gnu
configure flags: --target=i686-pc-linux-gnu --host=i686-pc-linux-gnu --enable-__cxa_atexit --enable-languages=java,objc,f77 --prefix=/home/gates/pinskia/linux --enable-threads=posix --enable-shared
More information about the Gcc-testresults
mailing list