Results for 3.4 20030826 (experimental) testsuite on powerpc-ibm-aix4.3.3.0
David Edelsohn
dje@watson.ibm.com
Tue Aug 26 14:48:00 GMT 2003
LAST_UPDATED: Tue Aug 26 03:11:07 UTC 2003
Native configuration is powerpc-ibm-aix4.3.3.0
=== gcc tests ===
Schedule of variations:
unix
Running target unix
Using /u/risc/share/dejagnu/baseboards/unix.exp as board description file for target.
Using /u/risc/share/dejagnu/config/unix.exp as generic interface file for target.
Using /gcc/dje/src/gcc/testsuite/config/default.exp as tool-and-target-specific interface file.
Running /gcc/dje/src/gcc/testsuite/gcc.c-torture/compile/compile.exp ...
FAIL: gcc.c-torture/compile/20011119-1.c (test for excess errors)
FAIL: gcc.c-torture/compile/20011119-1.c (test for excess errors)
FAIL: gcc.c-torture/compile/20011119-2.c (test for excess errors)
FAIL: gcc.c-torture/compile/20011119-2.c (test for excess errors)
FAIL: gcc.c-torture/compile/20011119-2.c (test for excess errors)
FAIL: gcc.c-torture/compile/20011119-2.c (test for excess errors)
FAIL: gcc.c-torture/compile/20011119-2.c (test for excess errors)
FAIL: gcc.c-torture/compile/20011119-2.c (test for excess errors)
FAIL: gcc.c-torture/compile/981001-2.c (test for excess errors)
FAIL: gcc.c-torture/compile/981001-2.c (test for excess errors)
Running /gcc/dje/src/gcc/testsuite/gcc.c-torture/execute/execute.exp ...
FAIL: gcc.c-torture/execute/eeprof-1.c execution, -O0
FAIL: gcc.c-torture/execute/eeprof-1.c execution, -O1
FAIL: gcc.c-torture/execute/eeprof-1.c execution, -O2
FAIL: gcc.c-torture/execute/eeprof-1.c execution, -O3 -fomit-frame-pointer
FAIL: gcc.c-torture/execute/eeprof-1.c execution, -O3 -g
FAIL: gcc.c-torture/execute/eeprof-1.c execution, -Os
Running /gcc/dje/src/gcc/testsuite/gcc.c-torture/unsorted/unsorted.exp ...
Running /gcc/dje/src/gcc/testsuite/gcc.dg/compat/compat.exp ...
Running /gcc/dje/src/gcc/testsuite/gcc.dg/cpp/cpp.exp ...
FAIL: gcc.dg/cpp/Wunused.c (test for warnings, line 20)
FAIL: gcc.dg/cpp/Wunused.c (test for excess errors)
XPASS: gcc.dg/cpp/cmdlne-dI-M.c scan-file (^|\n)cmdlne-dI-M.*:[^\n]*cmdlne-dI-M.c
XPASS: gcc.dg/cpp/cmdlne-dM-M.c scan-file (^|\n)cmdlne-dM-M[^\n]*:[^\n]*cmdlne-dM-M.c
FAIL: gcc.dg/cpp/lexident.c (test for excess errors)
Running /gcc/dje/src/gcc/testsuite/gcc.dg/debug/debug.exp ...
Running /gcc/dje/src/gcc/testsuite/gcc.dg/dg.exp ...
FAIL: gcc.dg/20020103-1.c scan-assembler-not LC
FAIL: gcc.dg/20020118-1.c execution test
FAIL: gcc.dg/altivec-4.c (test for excess errors)
FAIL: gcc.dg/altivec-7.c (test for excess errors)
FAIL: gcc.dg/altivec-8.c (test for excess errors)
FAIL: gcc.dg/asm-names.c (test for excess errors)
FAIL: gcc.dg/builtins-18.c (test for excess errors)
FAIL: gcc.dg/builtins-20.c (test for excess errors)
FAIL: gcc.dg/const-elim-1.c scan-assembler-not L\$?C[^A-Z]
FAIL: gcc.dg/old-style-asm-1.c scan-assembler L(:|\$0*)?2
Running /gcc/dje/src/gcc/testsuite/gcc.dg/format/format.exp ...
Running /gcc/dje/src/gcc/testsuite/gcc.dg/noncompile/noncompile.exp ...
Running /gcc/dje/src/gcc/testsuite/gcc.dg/pch/pch.exp ...
FAIL: gcc.dg/pch/static-1.c -O0 -g assembly comparison
FAIL: gcc.dg/pch/static-2.c -O0 -g assembly comparison
FAIL: gcc.dg/pch/static-3.c -O0 -g assembly comparison
FAIL: gcc.dg/pch/warn-1.c (test for excess errors)
FAIL: gcc.dg/pch/warn-1.c (test for excess errors)
FAIL: gcc.dg/pch/warn-1.c (test for excess errors)
FAIL: gcc.dg/pch/warn-1.c (test for excess errors)
FAIL: gcc.dg/pch/warn-1.c (test for excess errors)
FAIL: gcc.dg/pch/warn-1.c (test for excess errors)
FAIL: gcc.dg/pch/warn-1.c (test for excess errors)
Running /gcc/dje/src/gcc/testsuite/gcc.dg/special/mips-abi.exp ...
Running /gcc/dje/src/gcc/testsuite/gcc.dg/special/special.exp ...
FAIL: gcc.dg/special/alias-1.c (test for excess errors)
Running /gcc/dje/src/gcc/testsuite/gcc.dg/tls/tls.exp ...
Running /gcc/dje/src/gcc/testsuite/gcc.dg/torture/dg-torture.exp ...
FAIL: gcc.dg/torture/builtin-noret-1.c (test for excess errors)
FAIL: gcc.dg/torture/builtin-noret-1.c (test for excess errors)
FAIL: gcc.dg/torture/builtin-noret-1.c (test for excess errors)
FAIL: gcc.dg/torture/builtin-noret-1.c (test for excess errors)
FAIL: gcc.dg/torture/builtin-noret-1.c (test for excess errors)
FAIL: gcc.dg/torture/builtin-noret-1.c (test for excess errors)
FAIL: gcc.dg/torture/builtin-noret-2.c (test for excess errors)
FAIL: gcc.dg/torture/builtin-noret-2.c (test for excess errors)
FAIL: gcc.dg/torture/builtin-noret-2.c (test for excess errors)
FAIL: gcc.dg/torture/builtin-noret-2.c (test for excess errors)
FAIL: gcc.dg/torture/builtin-noret-2.c (test for excess errors)
FAIL: gcc.dg/torture/builtin-noret-2.c (test for excess errors)
Running /gcc/dje/src/gcc/testsuite/gcc.dg/weak/weak.exp ...
Running /gcc/dje/src/gcc/testsuite/gcc.misc-tests/acker1.exp ...
Running /gcc/dje/src/gcc/testsuite/gcc.misc-tests/arm-isr.exp ...
Running /gcc/dje/src/gcc/testsuite/gcc.misc-tests/bprob.exp ...
Running /gcc/dje/src/gcc/testsuite/gcc.misc-tests/dg-test.exp ...
Running /gcc/dje/src/gcc/testsuite/gcc.misc-tests/dhry.exp ...
Running /gcc/dje/src/gcc/testsuite/gcc.misc-tests/gcov.exp ...
Running /gcc/dje/src/gcc/testsuite/gcc.misc-tests/i386-prefetch.exp ...
Running /gcc/dje/src/gcc/testsuite/gcc.misc-tests/linkage.exp ...
Running /gcc/dje/src/gcc/testsuite/gcc.misc-tests/matrix1.exp ...
Running /gcc/dje/src/gcc/testsuite/gcc.misc-tests/mg.exp ...
Running /gcc/dje/src/gcc/testsuite/gcc.misc-tests/sieve.exp ...
Running /gcc/dje/src/gcc/testsuite/gcc.misc-tests/sort2.exp ...
=== gcc Summary ===
# of expected passes 22169
# of unexpected failures 52
# of unexpected successes 2
# of expected failures 77
# of unresolved testcases 6
# of untested testcases 7
# of unsupported tests 263
/gcc/dje/build/powerpc-ibm-aix4.3.3.0-20030825/gcc/xgcc version 3.4 20030826 (experimental)
make[1]: [check-gcc] Error 1 (ignored)
(rootme=`${PWDCMD-pwd}`; export rootme; \
srcdir=`cd /gcc/dje/src/gcc; ${PWDCMD-pwd}` ; export srcdir ; \
cd testsuite; \
EXPECT=expect ; export EXPECT ; \
if [ -f ${rootme}/../expect/expect ] ; then \
TCL_LIBRARY=`cd .. ; cd /gcc/dje/src/gcc/../tcl/library ; ${PWDCMD-pwd}` ; \
export TCL_LIBRARY ; fi ; \
runtest --tool g++ )
WARNING: Couldn't find the global config file.
Test Run By dje on Tue Aug 26 05:04:24 2003
Native configuration is powerpc-ibm-aix4.3.3.0
=== g++ tests ===
Schedule of variations:
unix
Running target unix
Using /u/risc/share/dejagnu/baseboards/unix.exp as board description file for target.
Using /u/risc/share/dejagnu/config/unix.exp as generic interface file for target.
Using /gcc/dje/src/gcc/testsuite/config/default.exp as tool-and-target-specific interface file.
Running /gcc/dje/src/gcc/testsuite/g++.dg/bprob/bprob.exp ...
Running /gcc/dje/src/gcc/testsuite/g++.dg/compat/compat.exp ...
Running /gcc/dje/src/gcc/testsuite/g++.dg/debug/debug.exp ...
Running /gcc/dje/src/gcc/testsuite/g++.dg/dg.exp ...
FAIL: g++.dg/ext/altivec-1.C (test for excess errors)
FAIL: g++.dg/ext/pretty1.C scan-assembler top level
FAIL: g++.dg/ext/pretty2.C (test for excess errors)
WARNING: g++.dg/ext/pretty2.C compilation failed to produce executable
FAIL: g++.dg/init/array10.C (test for excess errors)
FAIL: g++.dg/init/init-ref4.C (test for excess errors)
WARNING: g++.dg/init/init-ref4.C compilation failed to produce executable
XPASS: g++.dg/other/packed1.C execution test
FAIL: g++.dg/parse/constant4.C (test for excess errors)
FAIL: g++.dg/template/explicit-instantiation2.C scan-assembler _Z1fIiET_S0_
FAIL: g++.dg/template/non-dependent2.C (test for excess errors)
FAIL: g++.dg/template/non-dependent3.C (test for excess errors)
Running /gcc/dje/src/gcc/testsuite/g++.dg/gcov/gcov.exp ...
Running /gcc/dje/src/gcc/testsuite/g++.dg/pch/pch.exp ...
FAIL: g++.dg/pch/system-1.C -g assembly comparison
FAIL: g++.dg/pch/system-1.C -O2 -g assembly comparison
FAIL: g++.dg/pch/system-2.C -g assembly comparison
FAIL: g++.dg/pch/system-2.C -O2 -g assembly comparison
FAIL: g++.dg/pch/uninst.C -g assembly comparison
FAIL: g++.dg/pch/uninst.C -O2 -g assembly comparison
Running /gcc/dje/src/gcc/testsuite/g++.dg/special/ecos.exp ...
Running /gcc/dje/src/gcc/testsuite/g++.dg/tls/tls.exp ...
Running /gcc/dje/src/gcc/testsuite/g++.old-deja/old-deja.exp ...
FAIL: g++.old-deja/g++.abi/cxa_vec.C execution test
FAIL: g++.old-deja/g++.brendan/new3.C execution test
FAIL: g++.old-deja/g++.ext/attrib5.C (test for excess errors)
WARNING: g++.old-deja/g++.ext/attrib5.C compilation failed to produce executable
WARNING: g++.old-deja/g++.mike/p10769a.C compilation failed to produce executable
FAIL: g++.old-deja/g++.other/comdat3.C (test for excess errors)
WARNING: g++.old-deja/g++.other/comdat3.C compilation failed to produce executable
WARNING: g++.old-deja/g++.other/enum5.C compilation failed to produce executable
FAIL: g++.old-deja/g++.other/mangle3.C (test for excess errors)
FAIL: g++.old-deja/g++.pt/const2.C (test for errors, line )
WARNING: g++.old-deja/g++.pt/friend44.C compilation failed to produce executable
XPASS: g++.old-deja/g++.pt/overload8.C (test for bogus messages, line 10)
FAIL: g++.old-deja/g++.pt/static3.C (test for excess errors)
WARNING: g++.old-deja/g++.pt/static3.C compilation failed to produce executable
FAIL: g++.old-deja/g++.pt/static6.C (test for excess errors)
=== g++ Summary ===
# of expected passes 8698
# of unexpected failures 23
# of unexpected successes 2
# of expected failures 64
# of unsupported tests 59
/gcc/dje/build/powerpc-ibm-aix4.3.3.0-20030825/gcc/testsuite/../g++ version 3.4 20030826 (experimental)
make[1]: [check-g++] Error 1 (ignored)
(rootme=`${PWDCMD-pwd}`; export rootme; \
srcdir=`cd /gcc/dje/src/gcc; ${PWDCMD-pwd}` ; export srcdir ; \
cd testsuite; \
EXPECT=expect ; export EXPECT ; \
if [ -f ${rootme}/../expect/expect ] ; then \
TCL_LIBRARY=`cd .. ; cd /gcc/dje/src/gcc/../tcl/library ; ${PWDCMD-pwd}` ; \
export TCL_LIBRARY ; fi ; \
runtest --tool g77 )
WARNING: Couldn't find the global config file.
Test Run By dje on Tue Aug 26 06:06:30 2003
Native configuration is powerpc-ibm-aix4.3.3.0
=== g77 tests ===
Schedule of variations:
unix
Running target unix
Using /u/risc/share/dejagnu/baseboards/unix.exp as board description file for target.
Using /u/risc/share/dejagnu/config/unix.exp as generic interface file for target.
Using /gcc/dje/src/gcc/testsuite/config/default.exp as tool-and-target-specific interface file.
Running /gcc/dje/src/gcc/testsuite/g77.dg/bprob/bprob.exp ...
Running /gcc/dje/src/gcc/testsuite/g77.dg/dg.exp ...
Running /gcc/dje/src/gcc/testsuite/g77.dg/gcov/gcov.exp ...
Running /gcc/dje/src/gcc/testsuite/g77.f-torture/compile/compile.exp ...
Running /gcc/dje/src/gcc/testsuite/g77.f-torture/execute/execute.exp ...
FAIL: g77.f-torture/execute/19990325-0.f execution, -O0
FAIL: g77.f-torture/execute/980520-1.f compilation, -O0
=== g77 Summary ===
# of expected passes 1745
# of unexpected failures 2
# of untested testcases 1
# of unsupported tests 6
More information about the Gcc-testresults
mailing list