Results for 3.3.2 20030825 (prerelease) testsuite on hppa2.0w-hp-hpux11.00
Joe Buck
jbuck@haphazrd.synopsys.com
Tue Aug 26 00:23:00 GMT 2003
LAST_UPDATED: Mon Aug 25 17:40:22 UTC 2003
Native configuration is hppa2.0w-hp-hpux11.00
=== g++ tests ===
Running target unix
FAIL: g++.dg/compat/break/bitfield7 x_tst.o compile
UNRESOLVED: g++.dg/compat/break/bitfield7 x_tst.o-y_tst.o link
UNRESOLVED: g++.dg/compat/break/bitfield7 x_tst.o-y_tst.o execute
FAIL: g++.dg/opt/inline4.C scan-assembler-not _Z1g
XPASS: g++.pt/static3.C (test for excess errors)
XPASS: g++.pt/static3.C Execution test
XPASS: g++.pt/static6.C (test for excess errors)
=== g++ Summary ===
# of expected passes 7910
# of unexpected failures 2
# of unexpected successes 3
# of expected failures 98
# of unresolved testcases 2
# of untested testcases 23
# of unsupported tests 28
/remote/atg2/jbuck/build/gcc/testsuite/../g++ version 3.3.2 20030825 (prerelease)
=== g77 tests ===
Running target unix
=== g77 Summary ===
# of expected passes 1686
# of unsupported tests 8
/remote/atg2/jbuck/build/gcc/testsuite/../g77 version 3.3.2 20030825 (prerelease)
=== gcc tests ===
Running target unix
FAIL: gcc.dg/duff-2.c (test for excess errors)
FAIL: gcc.dg/noncompile/20030818-1.c (test for excess errors)
FAIL: gcc.dg/noncompile/20030818-1.c (test for excess errors)
FAIL: gcc.dg/noncompile/20030818-1.c (test for excess errors)
FAIL: gcc.dg/noncompile/20030818-1.c (test for excess errors)
FAIL: gcc.dg/noncompile/20030818-1.c (test for excess errors)
FAIL: gcc.dg/noncompile/20030818-1.c (test for excess errors)
UNRESOLVED: weak-1.c
UNRESOLVED: weak-2.c
UNRESOLVED: wkali-1.c
UNRESOLVED: wkali-2.c
UNRESOLVED: gcc.dg/weak
=== gcc Summary ===
# of expected passes 20620
# of unexpected failures 7
# of expected failures 67
# of unresolved testcases 5
# of unsupported tests 182
/remote/atg2/jbuck/build/gcc/xgcc version 3.3.2 20030825 (prerelease)
=== objc tests ===
Running target unix
=== objc Summary ===
# of expected passes 1153
/remote/atg2/jbuck/build/gcc/xgcc version 3.3.2 20030825 (prerelease)
=== libstdc++-v3 tests ===
Running target unix
FAIL: 26_numerics/c99_classification_macros_c.cc (test for excess errors)
=== libstdc++-v3 Summary ===
# of expected passes 417
# of unexpected failures 1
# of expected failures 17
# of unsupported tests 6
Compiler version: 3.3.2 20030825 (prerelease)
Platform: hppa2.0w-hp-hpux11.00
configure flags: --host=hppa2.0w-hp-hpux11.00 --prefix=/u/jbuck/cvs.hp/3_3_branch --with-gnu-as --with-as=/u/jbuck/gnu.hp/bin/as --enable-languages=c,c++,objc,f77
More information about the Gcc-testresults
mailing list