Results for 3.4 20030821 (experimental) testsuite on i686-pc-linux-gnu
Diego Novillo
dnovillo@redhat.com
Thu Aug 21 18:26:00 GMT 2003
LAST_UPDATED:
Native configuration is i686-pc-linux-gnu
=== g77 tests ===
Running target unix
FAIL: g77.f-torture/execute/980520-1.f compilation, -O0
=== g77 Summary ===
# of expected passes 1758
# of unexpected failures 1
# of untested testcases 1
/notnfs/dnovillo/sbox/gcc/bld.toribio/gcc/testsuite/../g77 version 3.4 20030821 (experimental)
=== gcc tests ===
Running target unix
UNRESOLVED: gcc.c-torture/execute/wchar_t-1.c execution, -O0
UNRESOLVED: gcc.c-torture/execute/wchar_t-1.c execution, -O1
UNRESOLVED: gcc.c-torture/execute/wchar_t-1.c execution, -O2
UNRESOLVED: gcc.c-torture/execute/wchar_t-1.c execution, -O3 -fomit-frame-pointer
UNRESOLVED: gcc.c-torture/execute/wchar_t-1.c execution, -O3 -g
UNRESOLVED: gcc.c-torture/execute/wchar_t-1.c execution, -Os
FAIL: gcc.dg/compat/vector-1 c_compat_x_tst.o compile
FAIL: gcc.dg/compat/vector-1 c_compat_y_tst.o compile
UNRESOLVED: gcc.dg/compat/vector-1 c_compat_x_tst.o-c_compat_y_tst.o link
UNRESOLVED: gcc.dg/compat/vector-1 c_compat_x_tst.o-c_compat_y_tst.o execute
FAIL: gcc.dg/compat/vector-2 c_compat_x_tst.o compile
FAIL: gcc.dg/compat/vector-2 c_compat_y_tst.o compile
UNRESOLVED: gcc.dg/compat/vector-2 c_compat_x_tst.o-c_compat_y_tst.o link
UNRESOLVED: gcc.dg/compat/vector-2 c_compat_x_tst.o-c_compat_y_tst.o execute
FAIL: gcc.dg/noncompile/20030818-1.c (test for excess errors)
FAIL: gcc.dg/noncompile/20030818-1.c (test for excess errors)
FAIL: gcc.dg/noncompile/20030818-1.c (test for excess errors)
FAIL: gcc.dg/noncompile/20030818-1.c (test for excess errors)
FAIL: gcc.dg/noncompile/20030818-1.c (test for excess errors)
FAIL: gcc.dg/noncompile/20030818-1.c (test for excess errors)
=== gcc Summary ===
# of expected passes 23433
# of unexpected failures 10
# of expected failures 80
# of unresolved testcases 10
# of untested testcases 7
# of unsupported tests 140
/notnfs/dnovillo/sbox/gcc/bld.toribio/gcc/xgcc version 3.4 20030821 (experimental)
=== g++ tests ===
Running target unix
FAIL: g++.dg/eh/simd-2.C (test for excess errors)
WARNING: g++.dg/eh/simd-2.C compilation failed to produce executable
FAIL: g++.dg/ext/pretty1.C scan-assembler top level
FAIL: g++.dg/ext/pretty2.C (test for excess errors)
WARNING: g++.dg/ext/pretty2.C compilation failed to produce executable
FAIL: g++.dg/init/array10.C (test for excess errors)
WARNING: g++.old-deja/g++.mike/p10769a.C compilation failed to produce executable
WARNING: g++.old-deja/g++.other/enum5.C compilation failed to produce executable
WARNING: g++.old-deja/g++.pt/friend44.C compilation failed to produce executable
XPASS: g++.old-deja/g++.pt/overload8.C (test for bogus messages, line 10)
=== g++ Summary ===
# of expected passes 8910
# of unexpected failures 4
# of unexpected successes 1
# of expected failures 64
# of unsupported tests 28
/notnfs/dnovillo/sbox/gcc/bld.toribio/gcc/testsuite/../g++ version 3.4 20030821 (experimental)
=== objc tests ===
Running target unix
=== objc Summary ===
# of expected passes 1156
/notnfs/dnovillo/sbox/gcc/bld.toribio/gcc/xgcc version 3.4 20030821 (experimental)
=== libjava tests ===
Running target unix
XPASS: pr8823 compilation from bytecode
XPASS: pr8823 -O compilation from bytecode
=== libjava Summary ===
# of expected passes 3090
# of unexpected successes 2
# of expected failures 10
# of untested testcases 8
=== libstdc++ tests ===
Running target unix
=== libstdc++ Summary ===
# of expected passes 2087
# of expected failures 10
Compiler version: 3.4 20030821 (experimental)
Platform: i686-pc-linux-gnu
configure flags: --prefix=/home/dnovillo/perf/sbox/gcc/local.i686/inst.toribio --srcdir=/home/dnovillo/perf/sbox/gcc/local.i686/src --disable-multilib --disable-checking --enable-threads
More information about the Gcc-testresults
mailing list