Results for 3.4 20030722 (experimental) testsuite on i686-pc-linux-gnu
Kai Henningsen
kai@khms.westfalen.de
Mon Aug 11 13:24:00 GMT 2003
LAST_UPDATED: Mon Aug 11 11:34:30 UTC 2003
Native configuration is i686-pc-linux-gnu
=== gcc tests ===
Running target unix
WARNING: program timed out.
FAIL: gcc.c-torture/compile/20001226-1.c (test for excess errors)
WARNING: program timed out.
FAIL: gcc.c-torture/compile/20001226-1.c (test for excess errors)
FAIL: gcc.c-torture/execute/builtin-bitops-1.c compilation, -O3 -fomit-frame-pointer -funroll-loops
UNRESOLVED: gcc.c-torture/execute/builtin-bitops-1.c execution, -O3 -fomit-frame-pointer -funroll-loops
FAIL: gcc.c-torture/execute/builtin-bitops-1.c compilation, -O3 -fomit-frame-pointer -funroll-all-loops -finline-functions
UNRESOLVED: gcc.c-torture/execute/builtin-bitops-1.c execution, -O3 -fomit-frame-pointer -funroll-all-loops -finline-functions
UNRESOLVED: gcc.c-torture/execute/wchar_t-1.c execution, -O0
UNRESOLVED: gcc.c-torture/execute/wchar_t-1.c execution, -O1
UNRESOLVED: gcc.c-torture/execute/wchar_t-1.c execution, -O2
UNRESOLVED: gcc.c-torture/execute/wchar_t-1.c execution, -O3 -fomit-frame-pointer
UNRESOLVED: gcc.c-torture/execute/wchar_t-1.c execution, -O3 -g
UNRESOLVED: gcc.c-torture/execute/wchar_t-1.c execution, -Os
FAIL: gcc.dg/compat/vector-1 c_compat_x_tst.o compile
FAIL: gcc.dg/compat/vector-1 c_compat_y_tst.o compile
UNRESOLVED: gcc.dg/compat/vector-1 c_compat_x_tst.o-c_compat_y_tst.o link
UNRESOLVED: gcc.dg/compat/vector-1 c_compat_x_tst.o-c_compat_y_tst.o execute
FAIL: gcc.dg/compat/vector-2 c_compat_x_tst.o compile
FAIL: gcc.dg/compat/vector-2 c_compat_y_tst.o compile
UNRESOLVED: gcc.dg/compat/vector-2 c_compat_x_tst.o-c_compat_y_tst.o link
UNRESOLVED: gcc.dg/compat/vector-2 c_compat_x_tst.o-c_compat_y_tst.o execute
FAIL: gcc.dg/warn-1.c (test for warnings, line 15)
=== gcc Summary ===
# of expected passes 23995
# of unexpected failures 9
# of expected failures 81
# of unresolved testcases 12
# of unsupported tests 138
gcc version 3.4 20030722 (experimental)
=== objc tests ===
Running target unix
=== objc Summary ===
# of expected passes 1289
# of unsupported tests 9
gcc version 3.4 20030722 (experimental)
Compiler version: 3.4 20030722 (experimental)
Platform: i686-pc-linux-gnu
configure flags: --prefix=/opt/gcc-objc-improvements-branch --enable-multilib --enable-checking --enable-c-mbchar --enable-threads --enable-nls --enable-version-specific-runtime-libs --enable-languages=objc
More information about the Gcc-testresults
mailing list