Results for 3.4 20030811 (experimental) testsuite on i686-suse8-linux-gnu
Manfred Hollstein
mh@suse.de
Mon Aug 11 10:43:00 GMT 2003
Compiler version: 3.4 20030811 (experimental)
Platform: i686-suse8-linux-gnu
Sources: HEAD as of 2003/08/11 09:45:24 +0200
LAST_UPDATED: Mon Aug 11 07:45:24 UTC 2003
Patches: [1] `PATCH: Fix to successfully build libjava as a shared library'
<http://gcc.gnu.org/ml/gcc-patches/2001-09/msg00714.html>
Environment: - autoconf-2.13 (FSF release)
- automake-1.7.2-32
- binutils-2.14 (FSF release)
- dejagnu-1.4.3-91
- expect-5.38-28
- SuSE Linux 8.2 + recommended updates as of today
- Linux version 2.4.20-4GB (root@Pentium.suse.de) (gcc version 3.3 20030226 (prerelease) (SuSE Linux)) #1 Wed Jun 18 07:45:45 UTC 2003
- glibc-2.3.2-6
Remarks: None.
configure flags: --host=i686-suse8-linux-gnu --target=i686-suse8-linux-gnu --build=i686-suse8-linux-gnu --srcdir=../gcc-20030811 --prefix=/opt/gnu --exec-prefix=/opt/gnu/H-ia32-linux --with-gnu-as --with-gnu-ld --enable-__cxa_atexit --disable-checking --enable-clocale=gnu --enable-interpreter --enable-shared --enable-threads=posix --with-system-zlib --with-local-prefix=/opt/gnu --enable-nls --verbose
BOOT_CC: gcc (GCC) 3.3.1
BOOT_CFLAGS: -O2 -g
CFLAGS: -O2 -g
CXXFLAGS: -O2 -g
GCJFLAGS: -O2 -g
Native configuration is i686-suse8-linux-gnu
=== g++ tests ===
Running target unix
FAIL: g++.dg/eh/simd-2.C (test for excess errors)
WARNING: g++.dg/eh/simd-2.C compilation failed to produce executable
FAIL: g++.dg/ext/pretty1.C scan-assembler top level
FAIL: g++.dg/ext/pretty2.C (test for excess errors)
WARNING: g++.dg/ext/pretty2.C compilation failed to produce executable
FAIL: g++.dg/init/array10.C (test for excess errors)
WARNING: g++.old-deja/g++.mike/p10769a.C compilation failed to produce executable
WARNING: g++.old-deja/g++.other/enum5.C compilation failed to produce executable
XPASS: g++.old-deja/g++.other/init5.C execution test
WARNING: g++.old-deja/g++.pt/friend44.C compilation failed to produce executable
=== g++ Summary ===
# of expected passes 8887
# of unexpected failures 4
# of unexpected successes 1
# of expected failures 64
# of unsupported tests 27
/home/gnu/work/GNU/gcc-20030811-i686-suse8-linux-gnu/gcc/testsuite/../g++ version 3.4 20030811 (experimental)
=== g77 tests ===
Running target unix
FAIL: g77.f-torture/execute/980520-1.f compilation, -O0
=== g77 Summary ===
# of expected passes 1758
# of unexpected failures 1
# of untested testcases 1
/home/gnu/work/GNU/gcc-20030811-i686-suse8-linux-gnu/gcc/testsuite/../g77 version 3.4 20030811 (experimental)
=== gcc tests ===
Running target unix
UNRESOLVED: gcc.c-torture/execute/wchar_t-1.c execution, -O0
UNRESOLVED: gcc.c-torture/execute/wchar_t-1.c execution, -O1
UNRESOLVED: gcc.c-torture/execute/wchar_t-1.c execution, -O2
UNRESOLVED: gcc.c-torture/execute/wchar_t-1.c execution, -O3 -fomit-frame-pointer
UNRESOLVED: gcc.c-torture/execute/wchar_t-1.c execution, -O3 -g
UNRESOLVED: gcc.c-torture/execute/wchar_t-1.c execution, -Os
FAIL: gcc.dg/compat/vector-1 c_compat_x_tst.o compile
FAIL: gcc.dg/compat/vector-1 c_compat_y_tst.o compile
UNRESOLVED: gcc.dg/compat/vector-1 c_compat_x_tst.o-c_compat_y_tst.o link
UNRESOLVED: gcc.dg/compat/vector-1 c_compat_x_tst.o-c_compat_y_tst.o execute
FAIL: gcc.dg/compat/vector-2 c_compat_x_tst.o compile
FAIL: gcc.dg/compat/vector-2 c_compat_y_tst.o compile
UNRESOLVED: gcc.dg/compat/vector-2 c_compat_x_tst.o-c_compat_y_tst.o link
UNRESOLVED: gcc.dg/compat/vector-2 c_compat_x_tst.o-c_compat_y_tst.o execute
=== gcc Summary ===
# of expected passes 24068
# of unexpected failures 4
# of expected failures 81
# of unresolved testcases 10
# of unsupported tests 139
/home/gnu/work/GNU/gcc-20030811-i686-suse8-linux-gnu/gcc/xgcc version 3.4 20030811 (experimental)
=== objc tests ===
Running target unix
=== objc Summary ===
# of expected passes 1156
/home/gnu/work/GNU/gcc-20030811-i686-suse8-linux-gnu/gcc/xgcc version 3.4 20030811 (experimental)
=== libjava tests ===
Running target unix
FAIL: cxxtest output
=== libjava Summary ===
# of expected passes 3076
# of unexpected failures 1
# of expected failures 16
# of untested testcases 12
=== libstdc++-v3 check-abi Summary ===
# of added symbols: 131
# of missing symbols: 192
# of incompatible symbols: 196
=== libstdc++ tests ===
Running target unix
=== libstdc++ Summary ===
# of expected passes 2087
# of expected failures 10
Counting all warnings,
there are 16 warnings in stage3 of this bootstrap.
Number of warnings per file:
4 insn-conditions.c
3 gcc/gcc.c
2 gcc/objc/lang-specs.h
2 gcc/f/sta.c
2 gcc/crtstuff.c
1 gcc/java/jvspec.c
1 gcc/config/i386/i386.md
1 gcc/ada/tracebak.c
Number of warning types:
10 string length `???' is greater than the length `???' ISO C89 compilers are required to support
2 passing arg ??? of `???' discards qualifiers from pointer target type
2 dereferencing type-punned pointer will break strict-aliasing rules
1 operand 1 missing mode?
1 comparison of unsigned expression < 0 is always false
More information about the Gcc-testresults
mailing list