Results for 3.3.1 20030803 (prerelease) testsuite on mips-sgi-irix6.2
Kaveh R. Ghazi
ghazi@caip.rutgers.edu
Tue Aug 5 14:46:00 GMT 2003
LAST_UPDATED:
Native configuration is mips-sgi-irix6.2
=== g++ tests ===
Running target unix/-mabi=64
FAIL: g++.dg/expr/anew1.C execution test
FAIL: g++.dg/expr/anew2.C execution test
FAIL: g++.dg/expr/anew3.C execution test
FAIL: g++.dg/expr/anew4.C execution test
=== g++ Summary for unix/-mabi=64 ===
# of expected passes 7782
# of unexpected failures 4
# of expected failures 104
# of untested testcases 23
# of unsupported tests 28
Running target unix/-mips4
FAIL: g++.dg/expr/anew1.C execution test
FAIL: g++.dg/expr/anew2.C execution test
FAIL: g++.dg/expr/anew3.C execution test
FAIL: g++.dg/expr/anew4.C execution test
=== g++ Summary for unix/-mips4 ===
# of expected passes 7782
# of unexpected failures 4
# of expected failures 104
# of untested testcases 23
# of unsupported tests 28
Running target unix
FAIL: g++.dg/expr/anew1.C execution test
FAIL: g++.dg/expr/anew2.C execution test
FAIL: g++.dg/expr/anew3.C execution test
FAIL: g++.dg/expr/anew4.C execution test
=== g++ Summary for unix ===
# of expected passes 7782
# of unexpected failures 4
# of expected failures 104
# of untested testcases 23
# of unsupported tests 28
=== g++ Summary ===
# of expected passes 23346
# of unexpected failures 12
# of expected failures 312
# of untested testcases 69
# of unsupported tests 84
/a/teal/tmpdisk/ghazi/gcc-testing-irix62/branch/build/gcc/testsuite/../g++ version 3.3.1 20030803 (prerelease)
=== g77 tests ===
Running target unix/-mabi=64
=== g77 Summary for unix/-mabi=64 ===
# of expected passes 1686
# of unsupported tests 8
Running target unix/-mips4
=== g77 Summary for unix/-mips4 ===
# of expected passes 1686
# of unsupported tests 8
Running target unix
=== g77 Summary for unix ===
# of expected passes 1686
# of unsupported tests 8
=== g77 Summary ===
# of expected passes 5058
# of unsupported tests 24
/a/teal/tmpdisk/ghazi/gcc-testing-irix62/branch/build/gcc/testsuite/../g77 version 3.3.1 20030803 (prerelease)
=== gcc tests ===
Running target unix/-mabi=64
FAIL: gcc.c-torture/execute/20020412-1.c execution, -O0
FAIL: gcc.c-torture/execute/20020412-1.c execution, -O1
FAIL: gcc.c-torture/execute/20020412-1.c execution, -O2
FAIL: gcc.c-torture/execute/20020412-1.c execution, -O3 -fomit-frame-pointer
FAIL: gcc.c-torture/execute/20020412-1.c execution, -O3 -fomit-frame-pointer -funroll-loops
FAIL: gcc.c-torture/execute/20020412-1.c execution, -O3 -fomit-frame-pointer -funroll-all-loops -finline-functions
FAIL: gcc.c-torture/execute/20020412-1.c execution, -O3 -g
FAIL: gcc.c-torture/execute/20020412-1.c execution, -Os
WARNING: gcc.dg/20021014-1.c compilation failed to produce executable
FAIL: gcc.dg/duff-2.c (test for excess errors)
WARNING: gcc.dg/nest.c compilation failed to produce executable
=== gcc Summary for unix/-mabi=64 ===
# of expected passes 20505
# of unexpected failures 9
# of expected failures 100
# of unsupported tests 181
Running target unix/-mips4
FAIL: gcc.c-torture/execute/20020412-1.c execution, -O0
FAIL: gcc.c-torture/execute/20020412-1.c execution, -O1
FAIL: gcc.c-torture/execute/20020412-1.c execution, -O2
FAIL: gcc.c-torture/execute/20020412-1.c execution, -O3 -fomit-frame-pointer
FAIL: gcc.c-torture/execute/20020412-1.c execution, -O3 -fomit-frame-pointer -funroll-loops
FAIL: gcc.c-torture/execute/20020412-1.c execution, -O3 -fomit-frame-pointer -funroll-all-loops -finline-functions
FAIL: gcc.c-torture/execute/20020412-1.c execution, -O3 -g
FAIL: gcc.c-torture/execute/20020412-1.c execution, -Os
WARNING: gcc.dg/20021014-1.c compilation failed to produce executable
FAIL: gcc.dg/duff-2.c (test for excess errors)
WARNING: gcc.dg/nest.c compilation failed to produce executable
=== gcc Summary for unix/-mips4 ===
# of expected passes 20505
# of unexpected failures 9
# of expected failures 100
# of unsupported tests 181
Running target unix
FAIL: gcc.c-torture/execute/20020412-1.c execution, -O0
FAIL: gcc.c-torture/execute/20020412-1.c execution, -O1
FAIL: gcc.c-torture/execute/20020412-1.c execution, -O2
FAIL: gcc.c-torture/execute/20020412-1.c execution, -O3 -fomit-frame-pointer
FAIL: gcc.c-torture/execute/20020412-1.c execution, -O3 -fomit-frame-pointer -funroll-loops
FAIL: gcc.c-torture/execute/20020412-1.c execution, -O3 -fomit-frame-pointer -funroll-all-loops -finline-functions
FAIL: gcc.c-torture/execute/20020412-1.c execution, -O3 -g
FAIL: gcc.c-torture/execute/20020412-1.c execution, -Os
WARNING: gcc.dg/20021014-1.c compilation failed to produce executable
FAIL: gcc.dg/duff-2.c (test for excess errors)
WARNING: gcc.dg/nest.c compilation failed to produce executable
=== gcc Summary for unix ===
# of expected passes 20505
# of unexpected failures 9
# of expected failures 100
# of unsupported tests 181
=== gcc Summary ===
# of expected passes 61515
# of unexpected failures 27
# of expected failures 300
# of unsupported tests 543
/a/teal/tmpdisk/ghazi/gcc-testing-irix62/branch/build/gcc/xgcc version 3.3.1 20030803 (prerelease)
=== objc tests ===
Running target unix/-mabi=64
=== objc Summary for unix/-mabi=64 ===
# of expected passes 1153
Running target unix/-mips4
=== objc Summary for unix/-mips4 ===
# of expected passes 1153
Running target unix
=== objc Summary for unix ===
# of expected passes 1153
=== objc Summary ===
# of expected passes 3459
/a/teal/tmpdisk/ghazi/gcc-testing-irix62/branch/build/gcc/xgcc version 3.3.1 20030803 (prerelease)
=== libstdc++-v3 tests ===
Running target unix/-mabi=64
FAIL: 27_io/istream_unformatted.cc execution test
=== libstdc++-v3 Summary for unix/-mabi=64 ===
# of expected passes 417
# of unexpected failures 1
# of expected failures 17
# of unsupported tests 6
Running target unix/-mips4
FAIL: 27_io/istream_unformatted.cc execution test
=== libstdc++-v3 Summary for unix/-mips4 ===
# of expected passes 417
# of unexpected failures 1
# of expected failures 17
# of unsupported tests 6
Running target unix
FAIL: 27_io/istream_unformatted.cc execution test
=== libstdc++-v3 Summary for unix ===
# of expected passes 417
# of unexpected failures 1
# of expected failures 17
# of unsupported tests 6
=== libstdc++-v3 Summary ===
# of expected passes 1251
# of unexpected failures 3
# of expected failures 51
# of unsupported tests 18
Compiler version: 3.3.1 20030803 (prerelease)
Platform: mips-sgi-irix6.2
configure flags: --host=mips-sgi-irix6.2 --verbose --enable-languages=c,objc,c++,f77,java
More information about the Gcc-testresults
mailing list