Results for 3.420030805(experimental) [post-libstdc++-autotools-switchover] testsuite on i686-pc-linux-gnu
pme@devphil.com
pme@devphil.com
Tue Aug 5 05:19:00 GMT 2003
LAST_UPDATED: Mon Sep 16 18:18:04 UTC 2002
Native configuration is i686-pc-linux-gnu
=== g++ tests ===
Running target unix
FAIL: g++.dg/eh/simd-2.C (test for excess errors)
WARNING: g++.dg/eh/simd-2.C compilation failed to produce executable
FAIL: g++.dg/ext/pretty1.C scan-assembler top level
FAIL: g++.dg/ext/pretty2.C (test for excess errors)
WARNING: g++.dg/ext/pretty2.C compilation failed to produce executable
FAIL: g++.dg/init/array10.C (test for excess errors)
WARNING: g++.old-deja/g++.mike/p10769a.C compilation failed to produce executable
WARNING: g++.old-deja/g++.other/enum5.C compilation failed to produce executable
XPASS: g++.old-deja/g++.other/init5.C execution test
WARNING: g++.old-deja/g++.pt/friend44.C compilation failed to produce executable
=== g++ Summary ===
# of expected passes 8882
# of unexpected failures 4
# of unexpected successes 1
# of expected failures 64
# of unsupported tests 25
/mnt/build/build-2003-08-04-java/gcc/testsuite/../g++ version 3.4 20030805 (experimental)
=== gcc tests ===
Running target unix
UNRESOLVED: gcc.c-torture/execute/wchar_t-1.c execution, -O0
UNRESOLVED: gcc.c-torture/execute/wchar_t-1.c execution, -O1
UNRESOLVED: gcc.c-torture/execute/wchar_t-1.c execution, -O2
UNRESOLVED: gcc.c-torture/execute/wchar_t-1.c execution, -O3 -fomit-frame-pointer
UNRESOLVED: gcc.c-torture/execute/wchar_t-1.c execution, -O3 -g
UNRESOLVED: gcc.c-torture/execute/wchar_t-1.c execution, -Os
XPASS: gcc.dg/cpp/cmdlne-dI-M.c scan-file (^|\\n)cmdlne-dI-M.*:[^\\n]*cmdlne-dI-M.c
XPASS: gcc.dg/cpp/cmdlne-dM-M.c scan-file (^|\\n)cmdlne-dM-M[^\\n]*:[^\\n]*cmdlne-dM-M.c
FAIL: gcc.dg/cpp/spacing1.c scan-file g "1 2" bam baz
=== gcc Summary ===
# of expected passes 23612
# of unexpected failures 1
# of unexpected successes 2
# of expected failures 79
# of unresolved testcases 6
# of unsupported tests 132
/mnt/build/build-2003-08-04-java/gcc/xgcc version 3.4 20030805 (experimental)
=== libjava tests ===
Running target unix
FAIL: SyncTest execution - gij test
FAIL: SyncTest execution - gij test
=== libjava Summary ===
# of expected passes 3069
# of unexpected failures 2
# of expected failures 16
# of untested testcases 14
=== libstdc++-v3 check-abi Summary ===
# of added symbols: 131
# of missing symbols: 192
# of incompatible symbols: 196
=== libstdc++ tests ===
Running target unix
=== libstdc++ Summary ===
# of expected passes 2087
# of expected failures 10
Compiler version: 3.420030805(experimental)
Platform: i686-pc-linux-gnu
configure flags: --prefix=/mnt/build/install-2003-08-04-java --enable-threads=posix --enable-__cxa_atexit --with-dwarf2 --enable-languages=c++,java
More information about the Gcc-testresults
mailing list