Results for 3.3 20030430 (prerelease) testsuite on i686-pc-cygwin
Christian Joensson
c.christian.joensson@telia.com
Wed Apr 30 14:41:00 GMT 2003
Windows XP/Pro SP1 cygwin P4 system with these packages:
binutils 2.13.90 20030308
bison 1.875-1
cygwin 1.3.22-1
dejagnu 1.4.2.x (cygwin ver. 20021217-2)
gcc 3.2 20020927 (prerelease)
w32api 2.3-1
LAST_UPDATED: Wed Apr 30 08:03:38 GMT 2003
Native configuration is i686-pc-cygwin
=== g++ tests ===
Running target unix
FAIL: g++.dg/abi/bitfield3.C execution test
FAIL: g++.dg/eh/forced1.C (test for excess errors)
WARNING: g++.dg/eh/forced1.C compilation failed to produce executable
FAIL: g++.dg/eh/forced2.C (test for excess errors)
WARNING: g++.dg/eh/forced2.C compilation failed to produce executable
FAIL: g++.dg/ext/dllimport1.C (test for excess errors)
FAIL: g++.dg/ext/instantiate3.C scan-assembler-not
FAIL: g++.dg/opt/vt1.C scan-assembler-not section[^
FAIL: g++.dg/parse/crash2.C (test for errors, line 5)
FAIL: g++.dg/parse/crash2.C (test for excess errors)
FAIL: g++.dg/special/initp1.C execution test
FAIL: g++.eh/badalloc1.C Execution test
XPASS: g++.ext/attrib5.C Execution test
XPASS: g++.jason/template18.C Execution test
FAIL: g++.law/profile1.C (test for excess errors)
=== g++ Summary ===
# of expected passes 7947
# of unexpected failures 11
# of unexpected successes 2
# of expected failures 98
# of untested testcases 15
# of unsupported tests 3
/usr/local/src/gcc-binutils/branch/objdir/gcc/testsuite/../g++ version 3.3 20030430 (prerelease)
=== g77 tests ===
Running target unix
=== g77 Summary ===
# of expected passes 1702
/usr/local/src/gcc-binutils/branch/objdir/gcc/testsuite/../g77 version 3.3 20030430 (prerelease)
=== gcc tests ===
Running target unix
FAIL: gcc.c-torture/execute/20010904-1.c execution, -O0
FAIL: gcc.c-torture/execute/20010904-1.c execution, -O1
FAIL: gcc.c-torture/execute/20010904-1.c execution, -O2
FAIL: gcc.c-torture/execute/20010904-1.c execution, -O3 -fomit-frame-pointer
FAIL: gcc.c-torture/execute/20010904-1.c execution, -O3 -g
FAIL: gcc.c-torture/execute/20010904-1.c execution, -Os
FAIL: gcc.c-torture/execute/20010904-2.c execution, -O0
FAIL: gcc.c-torture/execute/20010904-2.c execution, -O1
FAIL: gcc.c-torture/execute/20010904-2.c execution, -O2
FAIL: gcc.c-torture/execute/20010904-2.c execution, -O3 -fomit-frame-pointer
FAIL: gcc.c-torture/execute/20010904-2.c execution, -O3 -g
FAIL: gcc.c-torture/execute/20010904-2.c execution, -Os
FAIL: gcc.dg/20021014-1.c (test for excess errors)
WARNING: gcc.dg/20021014-1.c compilation failed to produce executable
FAIL: gcc.dg/duff-2.c (test for excess errors)
FAIL: gcc.dg/i386-bitfield1.c execution test
FAIL: gcc.dg/nest.c (test for excess errors)
WARNING: gcc.dg/nest.c compilation failed to produce executable
FAIL: gcc.dg/uninit-C.c (test for excess errors)
=== gcc Summary ===
# of expected passes 21332
# of unexpected failures 17
# of expected failures 68
# of unsupported tests 89
/usr/local/src/gcc-binutils/branch/objdir/gcc/xgcc version 3.3 20030430 (prerelease)
=== objc tests ===
Running target unix
FAIL: objc.dg/naming-1.m (test for errors, line 20)
FAIL: objc.dg/naming-1.m (test for excess errors)
FAIL: objc.dg/naming-2.m (test for errors, line 7)
FAIL: objc.dg/naming-2.m (test for excess errors)
=== objc Summary ===
# of expected passes 1149
# of unexpected failures 4
/usr/local/src/gcc-binutils/branch/objdir/gcc/xgcc version 3.3 20030430 (prerelease)
=== libstdc++-v3 tests ===
Running target unix
FAIL: 26_numerics/c99_classification_macros_c.cc (test for excess errors)
FAIL: 27_io/filebuf_members.cc execution test
FAIL: 27_io/filebuf_virtuals.cc execution test
FAIL: 27_io/istream_extractor_arith/12.cc execution test
=== libstdc++-v3 Summary ===
# of expected passes 426
# of unexpected failures 4
# of expected failures 17
Compiler version: 3.3 20030430 (prerelease)
Platform: i686-pc-cygwin
configure flags: --host=i686-pc-cygwin --prefix=/usr/local/gcc-binutils --enable-shared --enable-threads=posix
Counting all warnings,
there are 889 warnings in stage0 of this bootstrap.
Number of warnings per file:
179 include/bits/basic_string.h
103 include/bits/char_traits.h
102 include/bits/streambuf_iterator.h
70 include/bits/basic_string.tcc
60 cc1plus
56 include/sstream
55 include/fstream
30 include/bits/stl_iterator.h
28 include/streambuf
27 include/i686-pc-cygwin/bits/gthr-default.h
26 include/bits/locale_facets.h
20 include/bits/stl_alloc.h
18 include/bits/locale_facets.tcc
16 include/ostream
16 include/bits/ostream.tcc
15 include/complex
10 libiberty/regex.c
8 include/bits/streambuf.tcc
7 include/memory
6 include/bits/fstream.tcc
6 fastjar/jartool.c
4 libiberty/getopt.c
3 libf2c/libI77/rsne.c
3 libf2c/libI77/inquire.c
3 include/xregex2.h
2 libtool
2 libobjc/linking.m
2 libiberty/strsignal.c
2 libf2c/libI77/open.c
2 include/bits/sstream.tcc
1 runtime-info.h
1 libstdc++-v3/src/fstream.cc
1 libobjc/encoding.c
1 libobjc/Protocol.m
1 libobjc/Object.m
1 libiberty/sigsetmask.c
1 include/bits/stl_construct.h
1 include/bits/stl_algobase.h
Number of warning types:
380 inlining
380 called
60 -ffunction-sections may affect debugging on some targets
27 ignoring
8 signed and unsigned type in conditional expression
6 unused parameter \`???'
4 pointer targets in passing arg ??? of \`???' differ in signedness
4 dereferencing type-punned pointer will break strict-aliasing rules
4 comparison between signed and unsigned
4 \`???' might be used uninitialized in this function
2 undefined symbols not allowed in i686-pc-cygwin shared libraries
2 string length \`???' is greater than the length \`???' ISO C89 compilers are required to support
2 \`???' defined but not used
2 ISO C89 does not support \`static' or type qualifiers in parameter array declarators
1 unused variable \`???'
1 traditional C rejects ISO C style function definitions
1 implicit declaration of function \`???'
1 ISO C90 does not support \`static' or type qualifiers in parameter array declarators
Counting all warnings,
there are 43 warnings in stage3 of this bootstrap.
Number of warnings per file:
9 gcc/gcc.c
5 op3884.c
5 c-p1244.c
4 gengtype-yacc.c
3 gcc/unwind-sjlj.c
2 insn-conditions.c
2 gcc/reload.c
2 gcc/f/sta.c
2 gcc/cp/lang-specs.h
1 gcc/varasm.c
1 gcc/unwind-pe.h
1 gcc/sdbout.c
1 gcc/rtlanal.c
1 gcc/objc/lang-specs.h
1 gcc/java/jvspec.c
1 gcc/function.c
1 gcc/emit-rtl.c
1 gcc/cp/typeck.c
Number of warning types:
14 traditional C rejects ISO C style function definitions
9 string length \`???' is greater than the length \`???' ISO C89 compilers are required to support
4 traditional C rejects string concatenation
3 unused parameter \`???'
2 dereferencing type-punned pointer will break strict-aliasing rules
2 assignment of read-only location
1 unused variable \`???'
1 signed and unsigned type in conditional expression
1 return makes integer from pointer without a cast
1 implicit declaration of function \`???'
1 function declaration isn't a prototype
1 function \`???' was previously declared within a block
1 comparison between signed and unsigned
1 assignment discards qualifiers from pointer target type
1 \`???' defined but not used
More information about the Gcc-testresults
mailing list