Results for 3.4 20030427 (experimental) testsuite on i686-pc-linux-gnu
Andrew Pinski
pinskia@physics.uc.edu
Sun Apr 27 13:52:00 GMT 2003
LAST_UPDATED: Sun Apr 27 04:01:35 UTC 2003
Native configuration is i686-pc-linux-gnu
=== g77 tests ===
Running target unix
FAIL: g77.f-torture/execute/980520-1.f compilation, -O0
=== g77 Summary ===
# of expected passes 1706
# of unexpected failures 1
# of untested testcases 1
/home/gates/pinskia/src/gnu/gcc/src/objdir.linux/gcc/testsuite/../g77 version 3.4 20030427 (experimental)
=== gcc tests ===
Running target unix
FAIL: gcc.dg/20010912-1.c execution test
FAIL: gcc.dg/duff-2.c (test for excess errors)
FAIL: gcc.dg/uninit-C.c (test for excess errors)
=== gcc Summary ===
# of expected passes 22560
# of unexpected failures 3
# of expected failures 75
# of unsupported tests 96
/home/gates/pinskia/src/gnu/gcc/src/objdir.linux/gcc/xgcc version 3.4 20030427 (experimental)
=== g++ tests ===
Running target unix
FAIL: g++.dg/eh/simd-2.C (test for excess errors)
WARNING: g++.dg/eh/simd-2.C compilation failed to produce executable
XPASS: g++.other/init5.C Execution test
=== g++ Summary ===
# of expected passes 8520
# of unexpected failures 1
# of unexpected successes 1
# of expected failures 68
# of untested testcases 9
# of unsupported tests 4
/home/gates/pinskia/src/gnu/gcc/src/objdir.linux/gcc/testsuite/../g++ version 3.4 20030427 (experimental)
=== objc tests ===
Running target unix
=== objc Summary ===
# of expected passes 1156
/home/gates/pinskia/src/gnu/gcc/src/objdir.linux/gcc/xgcc version 3.4 20030427 (experimental)
=== libjava tests ===
Running target unix
WARNING: program timed out.
FAIL: SyncTest execution - gij test
WARNING: program timed out.
FAIL: SyncTest execution - gij test
FAIL: /home/gates/pinskia/src/gnu/gcc/src/objdir.linux/i686-pc-linux-gnu/libjava/testsuite/TestLeak.exe execution - /home/gates/pinskia/src/gnu/gcc/src/objdir.linux/i686-pc-linux-gnu/libjava/testsuite/TestLeak.exe
FAIL: Compile DejaGNUTestHarness.o
=== libjava Summary ===
# of expected passes 2973
# of unexpected failures 4
# of expected failures 16
# of untested testcases 15
=== libstdc++-v3 tests ===
Running target unix
XPASS: 26_numerics/c99_classification_macros_c.cc (test for excess errors)
=== libstdc++-v3 Summary ===
# of expected passes 1768
# of unexpected successes 1
# of expected failures 1
Compiler version: 3.4 20030427 (experimental)
Platform: i686-pc-linux-gnu
configure flags: --target=i686-pc-linux-gnu --enable-__cxa_atexit --prefix=/home/gates/pinskia/linux --enable-threads=posix --enable-shared
More information about the Gcc-testresults
mailing list