Results for 3.4 20030425 (experimental) testsuite on i686-pc-linux-gnu
H. J. Lu
hjl@lucon.org
Sat Apr 26 04:49:00 GMT 2003
LAST_UPDATED: Fri Apr 25 22:55:40 UTC 2003
Native configuration is i686-pc-linux-gnu
=== g++ tests ===
Running target unix
FAIL: g++.dg/eh/simd-2.C (test for excess errors)
WARNING: g++.dg/eh/simd-2.C compilation failed to produce executable
FAIL: g++.oliva/template1.C instantiated from here (test for errors, line 15)
=== g++ Summary ===
# of expected passes 8522
# of unexpected failures 2
# of expected failures 68
# of untested testcases 9
# of unsupported tests 4
/export/build/gnu/gcc/build-i686-linux/gcc/testsuite/../g++ version 3.4 20030425 (experimental)
=== g77 tests ===
Running target unix
FAIL: g77.f-torture/execute/980520-1.f compilation, -O0
=== g77 Summary ===
# of expected passes 1706
# of unexpected failures 1
# of untested testcases 1
/export/build/gnu/gcc/build-i686-linux/gcc/testsuite/../g77 version 3.4 20030425 (experimental)
=== gcc tests ===
Running target unix
FAIL: gcc.dg/20010912-1.c execution test
FAIL: gcc.dg/duff-2.c (test for excess errors)
FAIL: gcc.dg/uninit-C.c (test for excess errors)
=== gcc Summary ===
# of expected passes 22081
# of unexpected failures 3
# of expected failures 75
# of unsupported tests 96
/export/build/gnu/gcc/build-i686-linux/gcc/xgcc version 3.4 20030425 (experimental)
=== objc tests ===
Running target unix
=== objc Summary ===
# of expected passes 1156
/export/build/gnu/gcc/build-i686-linux/gcc/xgcc version 3.4 20030425 (experimental)
=== libjava tests ===
Running target unix
WARNING: program timed out.
FAIL: SyncTest execution - gij test
WARNING: program timed out.
FAIL: SyncTest execution - gij test
FAIL: /export/build/gnu/gcc/build-i686-linux/i686-pc-linux-gnu/libjava/testsuite/TestEarlyGC.exe output - /export/build/gnu/gcc/build-i686-linux/i686-pc-linux-gnu/libjava/testsuite/TestEarlyGC.exe
FAIL: /export/build/gnu/gcc/build-i686-linux/i686-pc-linux-gnu/libjava/testsuite/TestLeak.exe execution - /export/build/gnu/gcc/build-i686-linux/i686-pc-linux-gnu/libjava/testsuite/TestLeak.exe
=== libjava Summary ===
# of expected passes 2964
# of unexpected failures 4
# of expected failures 16
# of untested testcases 15
=== libstdc++-v3 tests ===
Running target unix
XPASS: 26_numerics/c99_classification_macros_c.cc (test for excess errors)
WARNING: program timed out.
FAIL: thread/pthread4.cc execution test
=== libstdc++-v3 Summary ===
# of expected passes 1761
# of unexpected failures 1
# of unexpected successes 1
# of expected failures 1
Compiler version: 3.4 20030425 (experimental)
Platform: i686-pc-linux-gnu
configure flags: --enable-clocale=gnu --with-system-zlib --enable-shared --enable-threads=posix --enable-haifa --disable-checking --prefix=/usr/gcc-3.4 --with-local-prefix=/usr/local
More information about the Gcc-testresults
mailing list