Results for 3.4 20030424 (experimental) testsuite on i686-pc-linux-gnu
Theodore Papadopoulo
Theodore.Papadopoulo@sophia.inria.fr
Fri Apr 25 14:20:00 GMT 2003
LAST_UPDATED: Thu Apr 24 20:13:31 UTC 2003
Native configuration is i686-pc-linux-gnu
=== g++ tests ===
Running target unix
FAIL: g++.dg/eh/simd-2.C (test for excess errors)
WARNING: g++.dg/eh/simd-2.C compilation failed to produce executable
FAIL: g++.law/virtual3.C Execution test
XPASS: g++.other/init5.C Execution test
FAIL: g++.robertl/eb77.C Execution test
=== g++ Summary ===
# of expected passes 8518
# of unexpected failures 3
# of unexpected successes 1
# of expected failures 68
# of untested testcases 9
# of unsupported tests 4
/user/papadop/home/src/Compiles/gcc-linux/gcc/testsuite/../g++ version 3.4 20030424 (experimental)
=== g77 tests ===
Running target unix
FAIL: g77.f-torture/execute/10197.f execution, -O0
FAIL: g77.f-torture/execute/10197.f execution, -O1
FAIL: g77.f-torture/execute/10197.f execution, -O2
FAIL: g77.f-torture/execute/10197.f execution, -O3 -fomit-frame-pointer
FAIL: g77.f-torture/execute/10197.f execution, -O3 -g
FAIL: g77.f-torture/execute/10197.f execution, -Os
WARNING: program timed out.
FAIL: g77.f-torture/execute/1832.f execution, -O0
WARNING: program timed out.
FAIL: g77.f-torture/execute/1832.f execution, -O1
=== gcc tests ===
Running target unix
FAIL: gcc.dg/20010912-1.c execution test
FAIL: gcc.dg/duff-2.c (test for excess errors)
FAIL: gcc.dg/uninit-C.c (test for excess errors)
=== gcc Summary ===
# of expected passes 22081
# of unexpected failures 3
# of expected failures 75
# of unsupported tests 95
/user/papadop/home/src/Compiles/gcc-linux/gcc/xgcc version 3.4 20030424 (experimental)
Compiler version: 3.4 20030424 (experimental)
Platform: i686-pc-linux-gnu
configure flags: --with-gnu-as --with-gnu-ld --with-as=/proj/odyssee/home/gnu/binutils/bin/as --with-ld=/proj/odyssee/home/gnu/binutils/bin/ld --prefix=/proj/odyssee/home/gnu/gcc --enable-runpath --enable-__cxa_atexit
Counting all warnings,
there are 20 warnings in stage3 of this bootstrap.
Number of warnings per file:
6 gcc/gthr-gnat.c
4 insn-conditions.c
2 gcc/objc/lang-specs.h
2 gcc/gthr-gnat.h
2 gcc/gcc.c
2 gcc/f/sta.c
1 gcc/java/jvspec.c
1 gcc/config/i386/i386.md
Number of warning types:
9 string length \`???' is greater than the length \`???' ISO C89 compilers are required to support
6 function declaration isn't a prototype
2 no previous prototype for \`???'
2 dereferencing type-punned pointer will break strict-aliasing rules
1 operand 1 missing mode?
More information about the Gcc-testresults
mailing list