Results for 3.2.3 testsuite on alphaev68-dec-osf5.1

Lionel GIRAUDEAU lgiraude@mimosa.ceng.cea.fr
Fri Apr 25 13:15:00 GMT 2003


From: Lionel GIRAUDEAU - GRENOBLE <lgiraude@lunaire.ceng.cea.fr>
Message-Id: <200304251313.PAA0001003129@lunaire.ceng.cea.fr>
To: root@lunaire0.ceng.cea.fr
Subject: Results for 3.2.3 testsuite on alphaev68-dec-osf5.1
Status: RO

LAST_UPDATED:
Native configuration is alphaev68-dec-osf5.1

                === libstdc++-v3 tests ===


Running target unix
XPASS: 22_locale/collate_members_wchar_t.cc execution test
XPASS: 22_locale/ctype_is_wchar_t.cc execution test
XPASS: 22_locale/money_get_members_wchar_t.cc execution test
XPASS: 22_locale/money_put_members_wchar_t.cc execution test
XPASS: 22_locale/moneypunct_members_wchar_t.cc execution test
XPASS: 22_locale/num_get_members_wchar_t.cc execution test
XPASS: 22_locale/num_put_members_wchar_t.cc execution test
XPASS: 22_locale/numpunct_members_wchar_t.cc execution test
XPASS: 22_locale/time_get_members_wchar_t.cc execution test
XPASS: 22_locale/time_put_members_wchar_t.cc execution test
FAIL: 27_io/istream_extractor_arith/12.cc execution test

                === libstdc++-v3 Summary ===

# of expected passes            420
# of unexpected failures        1
# of unexpected successes       10
# of expected failures          16
# of unsupported tests          6
                === g++ tests ===


Running target unix

                === g++ Summary ===

# of expected passes            7355
# of expected failures          91
# of untested testcases         22
# of unsupported tests          5
/usr/local/objdir/gcc/testsuite/../g++ version 3.2.3

                === g77 tests ===


Running target unix

                === g77 Summary ===

# of expected passes            1458
# of unsupported tests          8
/usr/local/objdir/gcc/testsuite/../g77 version 3.2.3

                === gcc tests ===


Running target unix
FAIL: gcc.c-torture/compile/labels-3.c,  -O0
FAIL: gcc.c-torture/compile/labels-3.c,  -O1
FAIL: gcc.c-torture/compile/labels-3.c,  -O2
FAIL: gcc.c-torture/compile/labels-3.c,  -O3 -fomit-frame-pointer
FAIL: gcc.c-torture/compile/labels-3.c,  -O3 -g
FAIL: gcc.c-torture/compile/labels-3.c,  -Os
FAIL: gcc.dg/cpp/wchar-1.c execution test
XPASS: gcc.dg/c99-intconst-1.c (test for excess errors)
FAIL: gcc.dg/inline-2.c scan-assembler bsr

                === gcc Summary ===

# of expected passes            18832
# of unexpected failures        8
# of unexpected successes       1
# of expected failures          76
# of unsupported tests          128
/usr/local/objdir/gcc/xgcc version 3.2.3


Compiler version: 3.2.3
Platform: alphaev68-dec-osf5.1
configure flags: --host=alphaev68-dec-osf5.1 --enable-languages=c++,f77



More information about the Gcc-testresults mailing list