Results for 3.2.3 20030415 (Debian prerelease) testsuite on m68k-unknown-linux-gnu
Matthias Klose
doko@auric.debian.org
Wed Apr 23 05:19:00 GMT 2003
LAST_UPDATED: Tue Apr 15 22:26:25 UTC 2003
Native configuration is m68k-unknown-linux-gnu
=== g++ tests ===
Running target unix
FAIL: g++.eh/spec3.C Execution test
FAIL: g++.eh/spec4.C Execution test
XPASS: g++.other/init5.C Execution test
=== g++ Summary ===
# of expected passes 7347
# of unexpected failures 2
# of unexpected successes 1
# of expected failures 88
# of untested testcases 23
# of unsupported tests 6
/build/buildd/gcc-3.2-3.2.3ds8/build/gcc/testsuite/../g++ version 3.2.3 20030415 (Debian prerelease)
=== g77 tests ===
Running target unix
FAIL: g77.f-torture/execute/20010430.f execution, -O2
FAIL: g77.f-torture/execute/20010430.f execution, -O3 -fomit-frame-pointer
FAIL: g77.f-torture/execute/20010430.f execution, -O3 -fomit-frame-pointer -funroll-loops
FAIL: g77.f-torture/execute/20010430.f execution, -O3 -fomit-frame-pointer -funroll-all-loops -finline-functions
FAIL: g77.f-torture/execute/20010430.f execution, -O3 -g
=== g77 Summary ===
# of expected passes 1453
# of unexpected failures 5
# of unsupported tests 8
/build/buildd/gcc-3.2-3.2.3ds8/build/gcc/testsuite/../g77 version 3.2.3 20030415 (Debian prerelease)
=== gcc tests ===
Running target unix
FAIL: gcc.c-torture/execute/20010122-1.c execution, -O3 -fomit-frame-pointer
FAIL: gcc.c-torture/execute/20010122-1.c execution, -O3 -fomit-frame-pointer -funroll-loops
FAIL: gcc.c-torture/execute/20010122-1.c execution, -O3 -fomit-frame-pointer -funroll-all-loops -finline-functions
FAIL: gcc.c-torture/execute/20020418-1.c execution, -O2
FAIL: gcc.c-torture/execute/20020418-1.c execution, -O3 -fomit-frame-pointer
FAIL: gcc.c-torture/execute/20020418-1.c execution, -O3 -g
FAIL: gcc.c-torture/execute/20020418-1.c execution, -Os
FAIL: gcc.c-torture/execute/loop-2e.c execution, -O0
FAIL: gcc.c-torture/execute/loop-2e.c execution, -O1
FAIL: gcc.c-torture/execute/loop-2e.c execution, -O2
FAIL: gcc.c-torture/execute/loop-2e.c execution, -O3 -fomit-frame-pointer
FAIL: gcc.c-torture/execute/loop-2e.c execution, -O3 -fomit-frame-pointer -funroll-loops
FAIL: gcc.c-torture/execute/loop-2e.c execution, -O3 -fomit-frame-pointer -funroll-all-loops -finline-functions
FAIL: gcc.c-torture/execute/loop-2e.c execution, -O3 -g
FAIL: gcc.c-torture/execute/loop-2e.c execution, -Os
FAIL: gcc.c-torture/execute/loop-2f.c execution, -O0
FAIL: gcc.c-torture/execute/loop-2f.c execution, -O1
FAIL: gcc.c-torture/execute/loop-2f.c execution, -O2
FAIL: gcc.c-torture/execute/loop-2f.c execution, -O3 -fomit-frame-pointer
FAIL: gcc.c-torture/execute/loop-2f.c execution, -O3 -fomit-frame-pointer -funroll-loops
FAIL: gcc.c-torture/execute/loop-2f.c execution, -O3 -fomit-frame-pointer -funroll-all-loops -finline-functions
FAIL: gcc.c-torture/execute/loop-2f.c execution, -O3 -g
FAIL: gcc.c-torture/execute/loop-2f.c execution, -Os
FAIL: gcc.c-torture/execute/loop-2g.c execution, -O0
FAIL: gcc.c-torture/execute/loop-2g.c execution, -O1
FAIL: gcc.c-torture/execute/loop-2g.c execution, -O2
FAIL: gcc.c-torture/execute/loop-2g.c execution, -O3 -fomit-frame-pointer
FAIL: gcc.c-torture/execute/loop-2g.c execution, -O3 -fomit-frame-pointer -funroll-loops
FAIL: gcc.c-torture/execute/loop-2g.c execution, -O3 -fomit-frame-pointer -funroll-all-loops -finline-functions
FAIL: gcc.c-torture/execute/loop-2g.c execution, -O3 -g
FAIL: gcc.c-torture/execute/loop-2g.c execution, -Os
FAIL: gcc.c-torture/execute/string-opt-10.c execution, -O0
FAIL: gcc.c-torture/execute/string-opt-9.c execution, -O0
FAIL: gcc.dg/20020304-1.c (test for excess errors)
FAIL: gcc.dg/20020312-2.c (test for excess errors)
WARNING: gcc.dg/20020312-2.c compilation failed to produce executable
FAIL: gcc.dg/bitfld-3.c execution test
FAIL: gcc.dg/pack-test-1.c (test for excess errors)
FAIL: gcc.dg/typeof-2.c scan-assembler baz3.*baz3.*baz3.*baz3.*baz3.*baz3
=== gcc Summary ===
# of expected passes 18809
# of unexpected failures 38
# of expected failures 66
# of unsupported tests 128
/build/buildd/gcc-3.2-3.2.3ds8/build/gcc/xgcc version 3.2.3 20030415 (Debian prerelease)
=== objc tests ===
Running target unix
FAIL: objc.dg/naming-1.m (test for errors, line 20)
FAIL: objc.dg/naming-1.m (test for excess errors)
FAIL: objc.dg/naming-2.m (test for errors, line 7)
FAIL: objc.dg/naming-2.m (test for excess errors)
=== objc Summary ===
# of expected passes 1031
# of unexpected failures 4
# of expected failures 6
/build/buildd/gcc-3.2-3.2.3ds8/build/gcc/xgcc version 3.2.3 20030415 (Debian prerelease)
=== libjava tests ===
Running target unix
FAIL: StringBuffer_1 execution from source compiled test
FAIL: StringBuffer_1 execution from bytecode->native test
FAIL: StringBuffer_1 -O execution from source compiled test
FAIL: StringBuffer_1 -O execution from bytecode->native test
FAIL: instinit2 output from source compiled test
FAIL: instinit2 -O output from source compiled test
FAIL: invokethrow output from source compiled test
FAIL: invokethrow output from bytecode->native test
FAIL: invokethrow -O output from source compiled test
FAIL: invokethrow -O output from bytecode->native test
FAIL: KeepInline output from source compiled test
FAIL: KeepInline output from bytecode->native test
FAIL: KeepInline -O output from source compiled test
FAIL: KeepInline -O output from bytecode->native test
FAIL: SyncTest execution from source compiled test
WARNING: program timed out.
FAIL: SyncTest execution from bytecode->native test
FAIL: SyncTest -O execution from source compiled test
WARNING: program timed out.
FAIL: SyncTest -O execution from bytecode->native test
WARNING: program timed out.
FAIL: TLtest execution from source compiled test
WARNING: program timed out.
FAIL: TLtest execution from bytecode->native test
WARNING: program timed out.
FAIL: TLtest -O execution from source compiled test
WARNING: program timed out.
FAIL: TLtest -O execution from bytecode->native test
FAIL: Array_3 execution from source compiled test
FAIL: Array_3 execution from bytecode->native test
FAIL: Array_3 -O execution from source compiled test
FAIL: Array_3 -O execution from bytecode->native test
=== libjava Summary ===
# of expected passes 2019
# of unexpected failures 26
# of expected failures 18
# of untested testcases 30
=== libstdc++-v3 tests ===
Running target unix
XPASS: 22_locale/collate_byname.cc execution test
XPASS: 22_locale/collate_members_char.cc execution test
XPASS: 22_locale/collate_members_wchar_t.cc execution test
XPASS: 22_locale/ctype_is_char.cc execution test
XPASS: 22_locale/ctype_is_wchar_t.cc execution test
XPASS: 22_locale/members.cc execution test
XPASS: 22_locale/messages_byname.cc execution test
XPASS: 22_locale/messages_members_char.cc execution test
XPASS: 22_locale/moneypunct_byname.cc execution test
XPASS: 22_locale/moneypunct_members_char.cc execution test
XPASS: 22_locale/moneypunct_members_wchar_t.cc execution test
XPASS: 22_locale/numpunct_byname.cc execution test
XPASS: 22_locale/numpunct_members_char.cc execution test
XPASS: 22_locale/numpunct_members_wchar_t.cc execution test
FAIL: 26_numerics/c99_classification_macros_c.cc (test for excess errors)
WARNING: program timed out.
FAIL: thread/pthread4.cc execution test
WARNING: program timed out.
FAIL: thread/pthread5.cc execution test
WARNING: program timed out.
FAIL: thread/pthread6.cc execution test
=== libstdc++-v3 Summary ===
# of expected passes 429
# of unexpected failures 4
# of unexpected successes 14
# of expected failures 12
Compiler version: 3.2.3 20030415 (Debian prerelease)
Platform: m68k-unknown-linux-gnu
configure flags: --host=m68k-linux -v --enable-languages=c,c++,java,f77,objc --prefix=/usr --mandir=/usr/share/man --infodir=/usr/share/info --with-gxx-include-dir=/usr/include/c++/3.2 --enable-shared --with-system-zlib --enable-nls --without-included-gettext --enable-__cxa_atexit --enable-clocale=gnu --enable-java-gc=boehm --enable-objc-gc
BOOT_CFLAGS=-O2
Patches that Debian applied in this version:
gcc-names:
versioned gcc names
gcc-version:
Add "(Debian)" to the gcc version string
fastjar-doc:
Add fastjar(1) and grepjar(1) documentation
libstdc++-incdir:
Propagate gxx_include_dir to the libstdc++ subdirectory.
libstdc++-pic:
Build and install libstdc++_pic.a library.
libstdc++-doclink:
link local libstdc++ documentation to local source-level documentation
gcc-line-numbers:
Richard Henderson <rth at redhat dot com>
* integrate.c (output_inline_function): Reset input_filename
and lineno from the decl before rest_of_compilation.
gccbug:
Use sensible-editor instead of vi as fallback editor
arm-update:
2002-09-21 Richard Earnshaw (rearnsha@arm.com)
PR opt/7930
* cse.c (fold_rtx): Calculate old_cost before we fold each
operand.
hppa-fptr:
Handle function pointer comparisions on hppa properly
Backported from gcc-3.3 branch
http://gcc.gnu.org/ml/gcc-cvs/2002-12/msg00157.html
http://gcc.gnu.org/ml/gcc-cvs/2002-12/msg00195.html
gcj-debian-policy:
add /usr/share/java/repository to the classpath.
gcj-names:
versioned gcj info names
gcj-without-rpath:
don't define runtime link path for java binaries and libraries
gcj-manpage:
Fix typo in gcj documentation.
gij-classpath:
Add -cp and -classpath options for gij(1).
backport-java-6865:
2002-06-09 Tom Tromey <tromey@redhat.com>
* parse.y (method_header): Give error message in all cases.
Fixes PR java/6865.
libobjc:
Find header file for Boehm garbage collector.
g77-names:
versioned g77 names
m68k-java-build:
jcf-parse.o needs -save-temps on m68k-linux, else it segfaults on bootstrap
m68k-loop:
Add workaround for wrong code generation on m68k (leading to
miscompilation of bash and coreutils at -O1 or -O2).
reporting:
<compiler> --help gives hint to /usr/share/doc/debian/bug-reporting.txt
autoreconf:
autoreconf several directories for proper mipsen libtool support
Counting all warnings,
there are 78 warnings in stage3 of this bootstrap.
Number of warnings per file:
24 gcc/combine.c
10 gcc/regclass.c
6 gcc/config/m68k/m68k.md
4 ./intdoc.texi
3 gcc/reload1.c
3 gcc/libgcc2.c
3 gcc/config/m68k/m68k.c
2 gcc/reload.c
2 gcc/gcc.c
2 gcc/fold-const.c
2 gcc/emit-rtl.c
2 gcc/crtstuff.c
1 gcc/unwind-pe.h
1 gcc/sched-deps.c
1 gcc/regmove.c
1 gcc/profile.c
1 gcc/objc/lang-specs.h
1 gcc/loop.c
1 gcc/java/jvspec.c
1 gcc/function.c
1 gcc/f/data.c
1 gcc/expr.c
1 gcc/expmed.c
1 gcc/cp/lang-specs.h
1 gcc/cp/init.c
1 gcc/cp/class.c
1 gcc/calls.c
Number of warning types:
42 comparison between signed and unsigned
5 string length `???' is greater than the length `???' ISO C89 compilers are required to support
5 `???' might be used uninitialized in this function
5 `???' defined but not used
4 source missing a mode?
4 signed and unsigned type in conditional expression
3 unused variable `???'
2 unlikely character ) in @var.
2 unlikely character ( in @var.
2 operand 1 missing mode?
2 function declaration isn't a prototype
1 unused parameter `???'
1 pointer targets in passing arg ??? of `???' differ in signedness
More information about the Gcc-testresults
mailing list