Results for 3.3 20030419 (prerelease) testsuite on i686-pc-cygwin
Christian Joensson
c.christian.joensson@telia.com
Sat Apr 19 16:22:00 GMT 2003
This was on a Windows XP SP1/cygwin P4 system with these packages:
binutils 2.13.90 20030412
bison 1.75-1
cygwin 1.3.21-1
dejagnu 1.4.3 (cygwin ver. 20010117-1 with 1.4.3 on top)
gcc 3.4 20030412 (experimental)
LAST_UPDATED: Sat Apr 19 09:27:43 GMT 2003
Native configuration is i686-pc-cygwin
=== g++ tests ===
Running target unix
FAIL: g++.dg/abi/bitfield3.C execution test
FAIL: g++.dg/eh/forced1.C (test for excess errors)
WARNING: g++.dg/eh/forced1.C compilation failed to produce executable
FAIL: g++.dg/eh/forced2.C (test for excess errors)
WARNING: g++.dg/eh/forced2.C compilation failed to produce executable
FAIL: g++.dg/ext/instantiate3.C scan-assembler-not
FAIL: g++.dg/opt/vt1.C scan-assembler-not section[^
FAIL: g++.dg/parse/crash2.C (test for errors, line 5)
FAIL: g++.dg/parse/crash2.C (test for excess errors)
FAIL: g++.dg/special/initp1.C execution test
FAIL: g++.eh/badalloc1.C Execution test
XPASS: g++.ext/attrib5.C Execution test
XPASS: g++.jason/template18.C Execution test
FAIL: g++.law/profile1.C (test for excess errors)
=== g++ Summary ===
# of expected passes 7928
# of unexpected failures 10
# of unexpected successes 2
# of expected failures 98
# of untested testcases 15
# of unsupported tests 3
/usr/local/src/gcc-binutils/branch/objdir/gcc/testsuite/../g++ version 3.3 20030419 (prerelease)
=== g77 tests ===
Running target unix
FAIL: g77.dg/f77-edit-t-in.f execution test
FAIL: g77.dg/f77-edit-t-in.f execution test
FAIL: g77.dg/f77-edit-t-in.f execution test
FAIL: g77.dg/f77-edit-t-in.f execution test
FAIL: g77.dg/f77-edit-t-in.f execution test
FAIL: g77.dg/f77-edit-t-in.f execution test
FAIL: g77.f-torture/execute/20001201.f execution, -O0
FAIL: g77.f-torture/execute/20001201.f execution, -O1
FAIL: g77.f-torture/execute/20001201.f execution, -O2
FAIL: g77.f-torture/execute/20001201.f execution, -O3 -fomit-frame-pointer
FAIL: g77.f-torture/execute/20001201.f execution, -O3 -g
FAIL: g77.f-torture/execute/20001201.f execution, -Os
FAIL: g77.f-torture/execute/6367.f execution, -O0
FAIL: g77.f-torture/execute/6367.f execution, -O1
FAIL: g77.f-torture/execute/6367.f execution, -O2
FAIL: g77.f-torture/execute/6367.f execution, -O3 -fomit-frame-pointer
FAIL: g77.f-torture/execute/6367.f execution, -O3 -fomit-frame-pointer -funroll-loops
FAIL: g77.f-torture/execute/6367.f execution, -O3 -fomit-frame-pointer -funroll-all-loops -finline-functions
FAIL: g77.f-torture/execute/6367.f execution, -O3 -g
FAIL: g77.f-torture/execute/6367.f execution, -Os
FAIL: g77.f-torture/execute/io0.f execution, -O0
FAIL: g77.f-torture/execute/io0.f execution, -O1
FAIL: g77.f-torture/execute/io0.f execution, -O2
FAIL: g77.f-torture/execute/io0.f execution, -O3 -fomit-frame-pointer
FAIL: g77.f-torture/execute/io0.f execution, -O3 -g
FAIL: g77.f-torture/execute/io0.f execution, -Os
FAIL: g77.f-torture/execute/io1.f execution, -O0
FAIL: g77.f-torture/execute/io1.f execution, -O1
FAIL: g77.f-torture/execute/io1.f execution, -O2
FAIL: g77.f-torture/execute/io1.f execution, -O3 -fomit-frame-pointer
FAIL: g77.f-torture/execute/io1.f execution, -O3 -g
FAIL: g77.f-torture/execute/io1.f execution, -Os
=== g77 Summary ===
# of expected passes 1670
# of unexpected failures 32
/usr/local/src/gcc-binutils/branch/objdir/gcc/testsuite/../g77 version 3.3 20030419 (prerelease)
=== gcc tests ===
Running target unix
FAIL: gcc.c-torture/execute/20010904-1.c execution, -O0
FAIL: gcc.c-torture/execute/20010904-1.c execution, -O1
FAIL: gcc.c-torture/execute/20010904-1.c execution, -O2
FAIL: gcc.c-torture/execute/20010904-1.c execution, -O3 -fomit-frame-pointer
FAIL: gcc.c-torture/execute/20010904-1.c execution, -O3 -g
FAIL: gcc.c-torture/execute/20010904-1.c execution, -Os
FAIL: gcc.c-torture/execute/20010904-2.c execution, -O0
FAIL: gcc.c-torture/execute/20010904-2.c execution, -O1
FAIL: gcc.c-torture/execute/20010904-2.c execution, -O2
FAIL: gcc.c-torture/execute/20010904-2.c execution, -O3 -fomit-frame-pointer
FAIL: gcc.c-torture/execute/20010904-2.c execution, -O3 -g
FAIL: gcc.c-torture/execute/20010904-2.c execution, -Os
FAIL: gcc.c-torture/execute/ieee/hugeval.c execution, -O0
FAIL: gcc.c-torture/execute/ieee/hugeval.c execution, -O1
FAIL: gcc.c-torture/execute/ieee/hugeval.c execution, -O2
FAIL: gcc.c-torture/execute/ieee/hugeval.c execution, -O3 -fomit-frame-pointer
FAIL: gcc.c-torture/execute/ieee/hugeval.c execution, -O3 -g
FAIL: gcc.c-torture/execute/ieee/hugeval.c execution, -Os
FAIL: gcc.c-torture/execute/ieee/hugeval.c execution, -O0
FAIL: gcc.c-torture/execute/ieee/hugeval.c execution, -O1
FAIL: gcc.c-torture/execute/ieee/hugeval.c execution, -O2
FAIL: gcc.c-torture/execute/ieee/hugeval.c execution, -O3 -fomit-frame-pointer
FAIL: gcc.c-torture/execute/ieee/hugeval.c execution, -O3 -g
FAIL: gcc.c-torture/execute/ieee/hugeval.c execution, -Os
FAIL: gcc.dg/20021014-1.c (test for excess errors)
WARNING: gcc.dg/20021014-1.c compilation failed to produce executable
FAIL: gcc.dg/duff-2.c (test for excess errors)
FAIL: gcc.dg/i386-bitfield1.c execution test
FAIL: gcc.dg/nest.c (test for excess errors)
WARNING: gcc.dg/nest.c compilation failed to produce executable
FAIL: gcc.dg/uninit-C.c (test for excess errors)
=== gcc Summary ===
# of expected passes 21318
# of unexpected failures 29
# of expected failures 68
# of unsupported tests 89
/usr/local/src/gcc-binutils/branch/objdir/gcc/xgcc version 3.3 20030419 (prerelease)
=== objc tests ===
Running target unix
FAIL: objc/execute/bf-1.m execution, -O0
FAIL: objc/execute/bf-1.m execution, -O1
FAIL: objc/execute/bf-1.m execution, -O2
FAIL: objc/execute/bf-1.m execution, -O3 -fomit-frame-pointer
FAIL: objc/execute/bf-1.m execution, -O3 -g
FAIL: objc/execute/bf-1.m execution, -Os
FAIL: objc/execute/bf-10.m execution, -O0
FAIL: objc/execute/bf-10.m execution, -O1
FAIL: objc/execute/bf-10.m execution, -O2
FAIL: objc/execute/bf-10.m execution, -O3 -fomit-frame-pointer
FAIL: objc/execute/bf-10.m execution, -O3 -g
FAIL: objc/execute/bf-10.m execution, -Os
FAIL: objc/execute/bf-11.m execution, -O0
FAIL: objc/execute/bf-11.m execution, -O1
FAIL: objc/execute/bf-11.m execution, -O2
FAIL: objc/execute/bf-11.m execution, -O3 -fomit-frame-pointer
FAIL: objc/execute/bf-11.m execution, -O3 -g
FAIL: objc/execute/bf-11.m execution, -Os
FAIL: objc/execute/bf-12.m execution, -O0
FAIL: objc/execute/bf-12.m execution, -O1
FAIL: objc/execute/bf-12.m execution, -O2
FAIL: objc/execute/bf-12.m execution, -O3 -fomit-frame-pointer
FAIL: objc/execute/bf-12.m execution, -O3 -g
FAIL: objc/execute/bf-12.m execution, -Os
FAIL: objc/execute/bf-13.m execution, -O0
FAIL: objc/execute/bf-13.m execution, -O1
FAIL: objc/execute/bf-13.m execution, -O2
FAIL: objc/execute/bf-13.m execution, -O3 -fomit-frame-pointer
FAIL: objc/execute/bf-13.m execution, -O3 -g
FAIL: objc/execute/bf-13.m execution, -Os
FAIL: objc/execute/bf-14.m execution, -O0
FAIL: objc/execute/bf-14.m execution, -O1
FAIL: objc/execute/bf-14.m execution, -O2
FAIL: objc/execute/bf-14.m execution, -O3 -fomit-frame-pointer
FAIL: objc/execute/bf-14.m execution, -O3 -g
FAIL: objc/execute/bf-14.m execution, -Os
FAIL: objc/execute/bf-15.m execution, -O0
FAIL: objc/execute/bf-15.m execution, -O1
FAIL: objc/execute/bf-15.m execution, -O2
FAIL: objc/execute/bf-15.m execution, -O3 -fomit-frame-pointer
FAIL: objc/execute/bf-15.m execution, -O3 -g
FAIL: objc/execute/bf-15.m execution, -Os
FAIL: objc/execute/bf-16.m execution, -O0
FAIL: objc/execute/bf-16.m execution, -O1
FAIL: objc/execute/bf-16.m execution, -O2
FAIL: objc/execute/bf-16.m execution, -O3 -fomit-frame-pointer
FAIL: objc/execute/bf-16.m execution, -O3 -g
FAIL: objc/execute/bf-16.m execution, -Os
FAIL: objc/execute/bf-17.m execution, -O0
FAIL: objc/execute/bf-17.m execution, -O1
FAIL: objc/execute/bf-17.m execution, -O2
FAIL: objc/execute/bf-17.m execution, -O3 -fomit-frame-pointer
FAIL: objc/execute/bf-17.m execution, -O3 -g
FAIL: objc/execute/bf-17.m execution, -Os
FAIL: objc/execute/bf-18.m execution, -O0
FAIL: objc/execute/bf-18.m execution, -O1
FAIL: objc/execute/bf-18.m execution, -O2
FAIL: objc/execute/bf-18.m execution, -O3 -fomit-frame-pointer
FAIL: objc/execute/bf-18.m execution, -O3 -g
FAIL: objc/execute/bf-18.m execution, -Os
FAIL: objc/execute/bf-2.m execution, -O0
FAIL: objc/execute/bf-2.m execution, -O1
FAIL: objc/execute/bf-2.m execution, -O2
FAIL: objc/execute/bf-2.m execution, -O3 -fomit-frame-pointer
FAIL: objc/execute/bf-2.m execution, -O3 -g
FAIL: objc/execute/bf-2.m execution, -Os
FAIL: objc/execute/bf-21.m execution, -O0
FAIL: objc/execute/bf-21.m execution, -O1
FAIL: objc/execute/bf-21.m execution, -O2
FAIL: objc/execute/bf-21.m execution, -O3 -fomit-frame-pointer
FAIL: objc/execute/bf-21.m execution, -O3 -g
FAIL: objc/execute/bf-21.m execution, -Os
FAIL: objc/execute/bf-3.m execution, -O0
FAIL: objc/execute/bf-3.m execution, -O1
FAIL: objc/execute/bf-3.m execution, -O2
FAIL: objc/execute/bf-3.m execution, -O3 -fomit-frame-pointer
FAIL: objc/execute/bf-3.m execution, -O3 -g
FAIL: objc/execute/bf-3.m execution, -Os
FAIL: objc/execute/bf-4.m execution, -O0
FAIL: objc/execute/bf-4.m execution, -O1
FAIL: objc/execute/bf-4.m execution, -O2
FAIL: objc/execute/bf-4.m execution, -O3 -fomit-frame-pointer
FAIL: objc/execute/bf-4.m execution, -O3 -g
FAIL: objc/execute/bf-4.m execution, -Os
FAIL: objc/execute/bf-5.m execution, -O0
FAIL: objc/execute/bf-5.m execution, -O1
FAIL: objc/execute/bf-5.m execution, -O2
FAIL: objc/execute/bf-5.m execution, -O3 -fomit-frame-pointer
FAIL: objc/execute/bf-5.m execution, -O3 -g
FAIL: objc/execute/bf-5.m execution, -Os
FAIL: objc/execute/bf-6.m execution, -O0
FAIL: objc/execute/bf-6.m execution, -O1
FAIL: objc/execute/bf-6.m execution, -O2
FAIL: objc/execute/bf-6.m execution, -O3 -fomit-frame-pointer
FAIL: objc/execute/bf-6.m execution, -O3 -g
FAIL: objc/execute/bf-6.m execution, -Os
FAIL: objc/execute/bf-7.m execution, -O0
FAIL: objc/execute/bf-7.m execution, -O1
FAIL: objc/execute/bf-7.m execution, -O2
FAIL: objc/execute/bf-7.m execution, -O3 -fomit-frame-pointer
FAIL: objc/execute/bf-7.m execution, -O3 -g
FAIL: objc/execute/bf-7.m execution, -Os
FAIL: objc/execute/bf-8.m execution, -O0
FAIL: objc/execute/bf-8.m execution, -O1
FAIL: objc/execute/bf-8.m execution, -O2
FAIL: objc/execute/bf-8.m execution, -O3 -fomit-frame-pointer
FAIL: objc/execute/bf-8.m execution, -O3 -g
FAIL: objc/execute/bf-8.m execution, -Os
FAIL: objc/execute/bf-9.m execution, -O0
FAIL: objc/execute/bf-9.m execution, -O1
FAIL: objc/execute/bf-9.m execution, -O2
FAIL: objc/execute/bf-9.m execution, -O3 -fomit-frame-pointer
FAIL: objc/execute/bf-9.m execution, -O3 -g
FAIL: objc/execute/bf-9.m execution, -Os
FAIL: objc.dg/naming-1.m (test for errors, line 20)
FAIL: objc.dg/naming-1.m (test for excess errors)
FAIL: objc.dg/naming-2.m (test for errors, line 7)
FAIL: objc.dg/naming-2.m (test for excess errors)
=== objc Summary ===
# of expected passes 1035
# of unexpected failures 118
/usr/local/src/gcc-binutils/branch/objdir/gcc/xgcc version 3.3 20030419 (prerelease)
=== libstdc++-v3 tests ===
Running target unix
FAIL: 21_strings/inserters_extractors.cc execution test
FAIL: 22_locale/ctype_scan_char.cc execution test
FAIL: 22_locale/ctype_to_char.cc execution test
FAIL: 23_containers/bitset_members.cc execution test
FAIL: 23_containers/deque_ctor.cc execution test
FAIL: 26_numerics/c99_classification_macros_c.cc (test for excess errors)
FAIL: 26_numerics/complex_inserters_extractors.cc execution test
FAIL: 27_io/filebuf_members.cc execution test
FAIL: 27_io/filebuf_virtuals.cc execution test
FAIL: 27_io/istream_extractor_arith/01.cc execution test
FAIL: 27_io/istream_extractor_arith/03.cc execution test
FAIL: 27_io/istream_extractor_arith/06.cc execution test
FAIL: 27_io/istream_extractor_arith/07.cc execution test
FAIL: 27_io/istream_extractor_arith/08.cc execution test
FAIL: 27_io/istream_extractor_arith/09.cc execution test
FAIL: 27_io/istream_extractor_arith/10.cc execution test
FAIL: 27_io/istream_extractor_arith/12.cc execution test
FAIL: 27_io/istream_extractor_arith/13.cc execution test
FAIL: 27_io/istream_extractor_char.cc execution test
FAIL: 27_io/istream_extractor_other.cc execution test
FAIL: 27_io/istream_manip.cc execution test
FAIL: 27_io/istream_seeks.cc execution test
FAIL: 27_io/istream_sentry.cc execution test
FAIL: 27_io/istream_unformatted.cc execution test
FAIL: 27_io/istringstream_members.cc execution test
FAIL: 27_io/stringstream_members.cc execution test
=== libstdc++-v3 Summary ===
# of expected passes 404
# of unexpected failures 26
# of expected failures 17
Compiler version: 3.3 20030419 (prerelease)
Platform: i686-pc-cygwin
configure flags: --host=i686-pc-cygwin --prefix=/usr/local/gcc-binutils --enable-shared --enable-threads=posix
Counting all warnings,
there are 150 warnings in stage0 of this bootstrap.
Number of warnings per file:
60 cc1plus
27 include/i686-pc-cygwin/bits/gthr-default.h
20 libiberty/regex.c
6 include/i686-pc-cygwin/bits/c++locale.h
6 fastjar/jartool.c
4 libiberty/getopt.c
3 libf2c/libI77/rsne.c
3 libf2c/libI77/inquire.c
3 include/xregex2.h
2 libtool
2 libobjc/linking.m
2 libiberty/strsignal.c
2 libiberty/sigsetmask.c
2 libf2c/libI77/open.c
1 runtime-info.h
1 libobjc/encoding.c
1 libobjc/Protocol.m
1 libobjc/Object.m
1 libiberty/md5.c
1 libf2c/libU77/srand_.c
1 libf2c/libU77/chmod_.c
1 libf2c/libI77/uio.c
Number of warning types:
60 -ffunction-sections may affect debugging on some targets
27 ignoring
8 signed and unsigned type in conditional expression
8 function \`???' was previously declared within a block
7 implicit declaration of function \`???'
6 unused parameter \`???'
6 unused
4 pointer targets in passing arg ??? of \`???' differ in signedness
4 dereferencing type-punned pointer will break strict-aliasing rules
4 comparison between signed and unsigned
4 \`???' might be used uninitialized in this function
3 ISO C90 does not support \`static' or type qualifiers in parameter array declarators
2 undefined symbols not allowed in i686-pc-cygwin shared libraries
2 traditional C rejects ISO C style function definitions
2 string length \`???' is greater than the length \`???' ISO C89 compilers are required to support
2 \`???' defined but not used
1 unused variable \`???'
Counting all warnings,
there are 42 warnings in stage3 of this bootstrap.
Number of warnings per file:
9 gcc/gcc.c
5 op3884.c
5 c-p1244.c
4 gengtype-yacc.c
3 gcc/unwind-sjlj.c
3 gcc/cfgrtl.c
2 insn-conditions.c
2 gcc/f/sta.c
2 gcc/cp/lang-specs.h
1 gcc/varasm.c
1 gcc/unwind-pe.h
1 gcc/sdbout.c
1 gcc/objc/lang-specs.h
1 gcc/java/jvspec.c
1 gcc/function.c
1 gcc/emit-rtl.c
Number of warning types:
14 traditional C rejects ISO C style function definitions
9 string length \`???' is greater than the length \`???' ISO C89 compilers are required to support
4 unused variable \`???'
4 traditional C rejects string concatenation
2 unused parameter \`???'
2 dereferencing type-punned pointer will break strict-aliasing rules
2 assignment of read-only location
1 signed and unsigned type in conditional expression
1 return makes integer from pointer without a cast
1 comparison between signed and unsigned
1 assignment discards qualifiers from pointer target type
1 \`???' defined but not used
More information about the Gcc-testresults
mailing list