Results for 3.4 20030419 (experimental) testsuite on i686-pc-linux-gnu
Autocrasher
autocrasher@devphil.com
Sat Apr 19 13:45:00 GMT 2003
The configure/build/test log and libstdc++-v3 regression plots can be
found at http://www.devphil.com/build/
Host was specified as athlon_mp-pc-linux-gnu.
This particular run used a unified gcc+binutils tree.
- The Autocrasher (Phil's Builder Bot, version 1.1)
LAST_UPDATED: Mon Feb 3 08:33:41 UTC 2003
Native configuration is i686-pc-linux-gnu
=== libstdc++-v3 tests ===
Running target unix
FAIL: 23_containers/map_operators.cc -DDEBUG_ASSERT (test for excess errors)
WARNING: 23_containers/map_operators.cc -DDEBUG_ASSERT compilation failed to produce executable
XPASS: 26_numerics/c99_classification_macros_c.cc -DDEBUG_ASSERT (test for excess errors)
FAIL: backward/header_deque_h.cc -Wno-deprecated (test for excess errors)
WARNING: backward/header_deque_h.cc -Wno-deprecated compilation failed to produce executable
FAIL: backward/header_hashtable_h.cc -Wno-deprecated (test for excess errors)
WARNING: backward/header_hashtable_h.cc -Wno-deprecated compilation failed to produce executable
FAIL: backward/header_rope_h.cc -Wno-deprecated (test for excess errors)
WARNING: backward/header_rope_h.cc -Wno-deprecated compilation failed to produce executable
FAIL: ext/allocators.cc -DDEBUG_ASSERT (test for excess errors)
WARNING: ext/allocators.cc -DDEBUG_ASSERT compilation failed to produce executable
FAIL: ext/rope.cc -DDEBUG_ASSERT (test for excess errors)
WARNING: ext/rope.cc -DDEBUG_ASSERT compilation failed to produce executable
=== libstdc++-v3 Summary ===
# of expected passes 1746
# of unexpected failures 6
# of unexpected successes 1
# of expected failures 1
=== g++ tests ===
Running target unix
FAIL: g++.dg/eh/simd-2.C -O (test for excess errors)
WARNING: g++.dg/eh/simd-2.C -O compilation failed to produce executable
FAIL: 14:is 2:should be 1
FAIL: g++.dg/gcov/gcov-3.C gcov: 1 failures in line counts, 0 in branch percentages, 0 in return percentages
FAIL: g++.dg/pch/system-1.C -g assembly comparison
FAIL: g++.dg/pch/system-1.C -O2 -g assembly comparison
FAIL: g++.dg/pch/system-2.C -g assembly comparison
FAIL: g++.dg/pch/system-2.C -O2 -g assembly comparison
XPASS: g++.other/init5.C Execution test
=== g++ Summary ===
# of expected passes 8484
# of unexpected failures 7
# of unexpected successes 1
# of expected failures 68
# of untested testcases 9
# of unsupported tests 4
/home/pme/build/build-2003-04-19/gcc/testsuite/../g++ version 3.4 20030419 (experimental)
Compiler version: 3.4 20030419 (experimental)
Platform: i686-pc-linux-gnu
configure flags: --prefix=/home/pme/build/install-2003-04-19 --enable-shared --disable-werror --host=athlon_mp-pc-linux-gnu --enable-threads=posix --enable-__cxa_atexit --enable-languages=c++ --with-dwarf2 --enable-cxx-flags=-march=athlon-mp --enable-install-libiberty --enable-concept-checks --enable-gdbtk --enable-debug
More information about the Gcc-testresults
mailing list