Results for 3.3 20030418 (prerelease) testsuite on i686-pc-linux-gnu
spstarr@coredump.sh0n.net
spstarr@coredump.sh0n.net
Sat Apr 19 00:30:00 GMT 2003
Custom Linux (Pure LFS) Pentium III (Katmai) 450Mhz (IBM 300PL 6892-N2U)
Kernel headers from 2.5.66
GNU ld version 2.13.90.0.20 20030319
GNU glibc 2.3.2 w/ linuxthreads
bison 1.35
dejagnu 1.4.2
expect 5.38
gcc 3.3
tcl 8.4.1
LAST_UPDATED: Fri Apr 18 23:13:12 UTC 2003
Native configuration is i686-pc-linux-gnu
=== g++ tests ===
Running target unix
FAIL: g++.dg/tls/init-2.C (test for excess errors)
XPASS: g++.other/init5.C Execution test
=== g++ Summary ===
# of expected passes 7971
# of unexpected failures 1
# of unexpected successes 1
# of expected failures 96
# of untested testcases 9
# of unsupported tests 4
/lfs-cvs/gcc-build/gcc/testsuite/../g++ version 3.3 20030418 (prerelease)
=== gcc tests ===
Running target unix
FAIL: gcc.c-torture/execute/20011219-1.c compilation, -O1
UNRESOLVED: gcc.c-torture/execute/20011219-1.c execution, -O1
FAIL: gcc.c-torture/execute/20011219-1.c compilation, -O2
UNRESOLVED: gcc.c-torture/execute/20011219-1.c execution, -O2
FAIL: gcc.c-torture/execute/20011219-1.c compilation, -O3 -g
UNRESOLVED: gcc.c-torture/execute/20011219-1.c execution, -O3 -g
FAIL: gcc.c-torture/execute/20011219-1.c compilation, -Os
UNRESOLVED: gcc.c-torture/execute/20011219-1.c execution, -Os
FAIL: gcc.dg/20030309-1.c (test for excess errors)
FAIL: gcc.dg/duff-2.c (test for excess errors)
FAIL: gcc.dg/uninit-C.c (test for excess errors)
=== gcc Summary ===
# of expected passes 21451
# of unexpected failures 7
# of expected failures 65
# of unresolved testcases 4
# of unsupported tests 83
/lfs-cvs/gcc-build/gcc/xgcc version 3.3 20030418 (prerelease)
=== libstdc++-v3 tests ===
Running target unix
XPASS: 22_locale/collate_byname.cc execution test
XPASS: 22_locale/collate_members_char.cc execution test
XPASS: 22_locale/collate_members_wchar_t.cc execution test
XPASS: 22_locale/ctype_is_char.cc execution test
XPASS: 22_locale/ctype_is_wchar_t.cc execution test
XPASS: 22_locale/members.cc execution test
XPASS: 22_locale/messages_byname.cc execution test
XPASS: 22_locale/messages_members_char.cc execution test
XPASS: 22_locale/money_get_members_char.cc execution test
XPASS: 22_locale/money_get_members_wchar_t.cc execution test
XPASS: 22_locale/money_put_members_char.cc execution test
XPASS: 22_locale/money_put_members_wchar_t.cc execution test
XPASS: 22_locale/moneypunct_byname.cc execution test
XPASS: 22_locale/moneypunct_members_char.cc execution test
XPASS: 22_locale/moneypunct_members_wchar_t.cc execution test
XPASS: 22_locale/num_get_members_char.cc execution test
XPASS: 22_locale/num_get_members_wchar_t.cc execution test
XPASS: 22_locale/num_put_members_char.cc execution test
XPASS: 22_locale/num_put_members_wchar_t.cc execution test
XPASS: 22_locale/numpunct_byname.cc execution test
XPASS: 22_locale/numpunct_members_char.cc execution test
XPASS: 22_locale/numpunct_members_wchar_t.cc execution test
XPASS: 22_locale/time_get_members_char.cc execution test
XPASS: 22_locale/time_get_members_wchar_t.cc execution test
XPASS: 22_locale/time_put_members_char.cc execution test
XPASS: 22_locale/time_put_members_wchar_t.cc execution test
=== libstdc++-v3 Summary ===
# of expected passes 453
# of unexpected successes 26
# of expected failures 2
Compiler version: 3.3 20030418 (prerelease)
Platform: i686-pc-linux-gnu
configure flags: --host=i686-pc-linux-gnu --prefix=/stage1 --with-local-prefix=/stage1 --enable-languages=c,c++ --enable-shared --enable-threads=posix --enable-__cxa_atexit --enable-clocale=gnu
More information about the Gcc-testresults
mailing list