Results for 3.4 20030416 (experimental) testsuite on sparc64-unknown-linux-gnu

Christian Joensson c.christian.joensson@telia.com
Fri Apr 18 23:41:00 GMT 2003


Aurora SPARC Linux 1.0 (Ansel) Ultra1 single UltraSparc I sun4u:

binutils 2.13.90 20030413 sparc64-linux
bison-1.35-1
dejagnu-1.4.2-10 (ftp://ftp.redhat.com/pub/redhat/linux/rawhide/SRPMS/SRPMS)
expect-5.32.2-67
gcc 3.4 20030413 (experimental)
glibc-2.2.5-42
glibc-kernheaders-2.4-7.16sparc
glibc64-2.2.5-42
kernel-2.4.20-3.0sparc (experimental Aurora kernel)
tcl-8.3.3-67

LAST_UPDATED: Wed Apr 16 07:49:05 UTC 2003

Native configuration is sparc64-unknown-linux-gnu

		=== binutils tests ===


Running target unix/-m32

		=== binutils Summary for unix/-m32 ===

# of expected passes		31
# of expected failures		1

Running target unix/-fPIC

		=== binutils Summary for unix/-fPIC ===

# of expected passes		31
# of expected failures		1

Running target unix/-fpic

		=== binutils Summary for unix/-fpic ===

# of expected passes		31
# of expected failures		1

Running target unix

		=== binutils Summary for unix ===

# of expected passes		31
# of expected failures		1

		=== binutils Summary ===

# of expected passes		124
# of expected failures		4
		=== gas tests ===


Running target unix/-m32

		=== gas Summary for unix/-m32 ===

# of expected passes		49
# of expected failures		2

Running target unix/-fPIC
ERROR: tcl error sourcing /usr/local/src/gcc-binutils/trunk/gcc-binutils/gas/testsuite/gas/mips/mips.exp.
ERROR: mips_arch_create: arch "mips1" already exists

		=== gas Summary for unix/-fPIC ===

# of expected passes		49
# of expected failures		2

Running target unix/-fpic
ERROR: tcl error sourcing /usr/local/src/gcc-binutils/trunk/gcc-binutils/gas/testsuite/gas/mips/mips.exp.
ERROR: mips_arch_create: arch "mips1" already exists

		=== gas Summary for unix/-fpic ===

# of expected passes		49
# of expected failures		2

Running target unix
ERROR: tcl error sourcing /usr/local/src/gcc-binutils/trunk/gcc-binutils/gas/testsuite/gas/mips/mips.exp.
ERROR: mips_arch_create: arch "mips1" already exists

		=== gas Summary for unix ===

# of expected passes		49
# of expected failures		2

		=== gas Summary ===

# of expected passes		196
# of expected failures		8
		=== g77 tests ===


Running target unix/-m32
FAIL: g77.f-torture/execute/980520-1.f compilation,  -O0 

		=== g77 Summary for unix/-m32 ===

# of expected passes		1690
# of unexpected failures	1
# of untested testcases		1
# of unsupported tests		8

Running target unix/-fPIC
FAIL: g77.f-torture/execute/980520-1.f compilation,  -O0 
FAIL: g77.f-torture/execute/f90-intrinsic-bit.f execution,  -O3 -fomit-frame-pointer -funroll-all-loops -finline-functions 

		=== g77 Summary for unix/-fPIC ===

# of expected passes		1689
# of unexpected failures	2
# of untested testcases		1
# of unsupported tests		8

Running target unix/-fpic
FAIL: g77.f-torture/execute/980520-1.f compilation,  -O0 
FAIL: g77.f-torture/execute/f90-intrinsic-bit.f execution,  -O3 -fomit-frame-pointer -funroll-all-loops -finline-functions 

		=== g77 Summary for unix/-fpic ===

# of expected passes		1689
# of unexpected failures	2
# of untested testcases		1
# of unsupported tests		8

Running target unix
FAIL: g77.f-torture/execute/980520-1.f compilation,  -O0 
FAIL: g77.f-torture/execute/f90-intrinsic-bit.f execution,  -O3 -fomit-frame-pointer -funroll-all-loops -finline-functions 

		=== g77 Summary for unix ===

# of expected passes		1689
# of unexpected failures	2
# of untested testcases		1
# of unsupported tests		8

		=== g77 Summary ===

# of expected passes		6757
# of unexpected failures	7
# of untested testcases		4
# of unsupported tests		32
/usr/local/src/gcc-binutils/trunk/objdir/gcc/testsuite/../g77 version 3.4 20030416 (experimental)

		=== gcc tests ===


Running target unix/-m32
FAIL: gcc.c-torture/execute/20010119-1.c compilation,  -O2 
UNRESOLVED: gcc.c-torture/execute/20010119-1.c execution,  -O2 
FAIL: gcc.c-torture/execute/20010119-1.c compilation,  -O3 -fomit-frame-pointer 
UNRESOLVED: gcc.c-torture/execute/20010119-1.c execution,  -O3 -fomit-frame-pointer 
FAIL: gcc.c-torture/execute/20010119-1.c compilation,  -O3 -fomit-frame-pointer -funroll-loops 
UNRESOLVED: gcc.c-torture/execute/20010119-1.c execution,  -O3 -fomit-frame-pointer -funroll-loops 
FAIL: gcc.c-torture/execute/20010119-1.c compilation,  -O3 -fomit-frame-pointer -funroll-all-loops -finline-functions 
UNRESOLVED: gcc.c-torture/execute/20010119-1.c execution,  -O3 -fomit-frame-pointer -funroll-all-loops -finline-functions 
FAIL: gcc.c-torture/execute/20010119-1.c compilation,  -O3 -g 
UNRESOLVED: gcc.c-torture/execute/20010119-1.c execution,  -O3 -g 
FAIL: gcc.c-torture/execute/20010119-1.c compilation,  -Os 
UNRESOLVED: gcc.c-torture/execute/20010119-1.c execution,  -Os 
FAIL: gcc.c-torture/execute/20030125-1.c execution,  -O1 
FAIL: gcc.c-torture/execute/20030125-1.c execution,  -O2 
FAIL: gcc.c-torture/execute/20030125-1.c execution,  -O3 -fomit-frame-pointer 
FAIL: gcc.c-torture/execute/20030125-1.c execution,  -O3 -g 
FAIL: gcc.c-torture/execute/20030125-1.c execution,  -Os 
UNRESOLVED: gcc.c-torture/execute/builtin-noret-2.c execution,  -O1 
UNRESOLVED: gcc.c-torture/execute/builtin-noret-2.c execution,  -O2 
UNRESOLVED: gcc.c-torture/execute/builtin-noret-2.c execution,  -O3 -fomit-frame-pointer 
UNRESOLVED: gcc.c-torture/execute/builtin-noret-2.c execution,  -O3 -g 
UNRESOLVED: gcc.c-torture/execute/builtin-noret-2.c execution,  -Os 
FAIL: gcc.c-torture/execute/strncmp-1.c execution,  -O0 
FAIL: gcc.c-torture/execute/strncmp-1.c execution,  -O1 
FAIL: gcc.c-torture/execute/strncmp-1.c execution,  -O2 
FAIL: gcc.c-torture/execute/strncmp-1.c execution,  -O3 -fomit-frame-pointer 
FAIL: gcc.c-torture/execute/strncmp-1.c execution,  -O3 -fomit-frame-pointer -funroll-loops 
FAIL: gcc.c-torture/execute/strncmp-1.c execution,  -O3 -fomit-frame-pointer -funroll-all-loops -finline-functions 
FAIL: gcc.c-torture/execute/strncmp-1.c execution,  -O3 -g 
FAIL: gcc.c-torture/execute/strncmp-1.c execution,  -Os 
FAIL: gcc.dg/duff-2.c (test for excess errors)
FAIL: gcc.dg/ultrasp2.c (test for excess errors)
FAIL: gcc.dg/ultrasp4.c (test for excess errors)
FAIL: gcc.dg/ultrasp8.c (test for excess errors)
XPASS: gcc.dg/uninit-4.c uninitialized variable warning (test for bogus messages, line 26)
FAIL: gcc.dg/warn-1.c  (test for warnings, line 8)
FAIL: gcc.dg/warn-1.c  (test for warnings, line 15)
FAIL: gcc.dg/pch/static-1.c -O0 -g assembly comparison
FAIL: gcc.dg/pch/static-2.c -O0 -g assembly comparison
FAIL: gcc.dg/pch/static-3.c -O0 -g assembly comparison

		=== gcc Summary for unix/-m32 ===

# of expected passes		21705
# of unexpected failures	28
# of unexpected successes	1
# of expected failures		77
# of unresolved testcases	11
# of unsupported tests		194

Running target unix/-fPIC
FAIL: gcc.c-torture/compile/simd-5.c,  -O0  
FAIL: gcc.c-torture/compile/simd-5.c,  -O1  
FAIL: gcc.c-torture/compile/simd-5.c,  -O2  
FAIL: gcc.c-torture/compile/simd-5.c,  -O3 -fomit-frame-pointer  
FAIL: gcc.c-torture/compile/simd-5.c,  -O3 -g  
FAIL: gcc.c-torture/compile/simd-5.c,  -Os  
FAIL: gcc.c-torture/execute/20010119-1.c compilation,  -O2 
UNRESOLVED: gcc.c-torture/execute/20010119-1.c execution,  -O2 
FAIL: gcc.c-torture/execute/20010119-1.c compilation,  -O3 -fomit-frame-pointer 
UNRESOLVED: gcc.c-torture/execute/20010119-1.c execution,  -O3 -fomit-frame-pointer 
FAIL: gcc.c-torture/execute/20010119-1.c compilation,  -O3 -fomit-frame-pointer -funroll-loops 
UNRESOLVED: gcc.c-torture/execute/20010119-1.c execution,  -O3 -fomit-frame-pointer -funroll-loops 
FAIL: gcc.c-torture/execute/20010119-1.c compilation,  -O3 -fomit-frame-pointer -funroll-all-loops -finline-functions 
UNRESOLVED: gcc.c-torture/execute/20010119-1.c execution,  -O3 -fomit-frame-pointer -funroll-all-loops -finline-functions 
FAIL: gcc.c-torture/execute/20010119-1.c compilation,  -O3 -g 
UNRESOLVED: gcc.c-torture/execute/20010119-1.c execution,  -O3 -g 
FAIL: gcc.c-torture/execute/20010119-1.c compilation,  -Os 
UNRESOLVED: gcc.c-torture/execute/20010119-1.c execution,  -Os 
FAIL: gcc.c-torture/execute/20030125-1.c execution,  -O1 
FAIL: gcc.c-torture/execute/20030125-1.c execution,  -O2 
FAIL: gcc.c-torture/execute/20030125-1.c execution,  -O3 -fomit-frame-pointer 
FAIL: gcc.c-torture/execute/20030125-1.c execution,  -O3 -g 
FAIL: gcc.c-torture/execute/20030125-1.c execution,  -Os 
UNRESOLVED: gcc.c-torture/execute/builtin-noret-2.c execution,  -O1 
UNRESOLVED: gcc.c-torture/execute/builtin-noret-2.c execution,  -O2 
UNRESOLVED: gcc.c-torture/execute/builtin-noret-2.c execution,  -O3 -fomit-frame-pointer 
UNRESOLVED: gcc.c-torture/execute/builtin-noret-2.c execution,  -O3 -g 
UNRESOLVED: gcc.c-torture/execute/builtin-noret-2.c execution,  -Os 
FAIL: gcc.c-torture/execute/conversion.c execution,  -O0 
FAIL: gcc.c-torture/execute/conversion.c execution,  -O1 
FAIL: gcc.c-torture/execute/conversion.c execution,  -O2 
FAIL: gcc.c-torture/execute/conversion.c execution,  -O3 -fomit-frame-pointer 
FAIL: gcc.c-torture/execute/conversion.c execution,  -O3 -g 
FAIL: gcc.c-torture/execute/conversion.c execution,  -Os 
FAIL: gcc.c-torture/execute/strncmp-1.c execution,  -O0 
FAIL: gcc.c-torture/execute/strncmp-1.c execution,  -O1 
FAIL: gcc.c-torture/execute/strncmp-1.c execution,  -O2 
FAIL: gcc.c-torture/execute/strncmp-1.c execution,  -O3 -fomit-frame-pointer 
FAIL: gcc.c-torture/execute/strncmp-1.c execution,  -O3 -fomit-frame-pointer -funroll-loops 
FAIL: gcc.c-torture/execute/strncmp-1.c execution,  -O3 -fomit-frame-pointer -funroll-all-loops -finline-functions 
FAIL: gcc.c-torture/execute/strncmp-1.c execution,  -O3 -g 
FAIL: gcc.c-torture/execute/strncmp-1.c execution,  -Os 
FAIL: gcc.dg/20021014-1.c execution test
FAIL: gcc.dg/builtins-10.c (test for excess errors)
FAIL: gcc.dg/duff-2.c (test for excess errors)
FAIL: gcc.dg/nest.c execution test
XPASS: gcc.dg/uninit-4.c uninitialized variable warning (test for bogus messages, line 26)
FAIL: gcc.dg/warn-1.c  (test for warnings, line 8)
FAIL: gcc.dg/warn-1.c  (test for warnings, line 15)
FAIL: gcc.dg/pch/static-1.c -O0 -g assembly comparison
FAIL: gcc.dg/pch/static-1.c  -O0  assembly comparison
FAIL: gcc.dg/pch/static-1.c  -O1  assembly comparison
FAIL: gcc.dg/pch/static-1.c  -O2  assembly comparison
FAIL: gcc.dg/pch/static-1.c  -Os  assembly comparison
FAIL: gcc.dg/pch/static-2.c -O0 -g assembly comparison
FAIL: gcc.dg/pch/static-2.c  -O0  assembly comparison
FAIL: gcc.dg/pch/static-2.c  -O1  assembly comparison
FAIL: gcc.dg/pch/static-2.c  -O2  assembly comparison
FAIL: gcc.dg/pch/static-2.c  -Os  assembly comparison
FAIL: gcc.dg/pch/static-3.c -O0 -g assembly comparison
FAIL: gcc.dg/pch/static-3.c  -O0  assembly comparison
FAIL: gcc.dg/pch/static-3.c  -O1  assembly comparison
FAIL: gcc.dg/pch/static-3.c  -O2  assembly comparison
FAIL: gcc.dg/pch/static-3.c  -Os  assembly comparison
FAIL: linkage.c

		=== gcc Summary for unix/-fPIC ===

# of expected passes		21676
# of unexpected failures	53
# of unexpected successes	1
# of expected failures		81
# of unresolved testcases	11
# of unsupported tests		194

Running target unix/-fpic
FAIL: gcc.c-torture/compile/simd-5.c,  -O0  
FAIL: gcc.c-torture/compile/simd-5.c,  -O1  
FAIL: gcc.c-torture/compile/simd-5.c,  -O2  
FAIL: gcc.c-torture/compile/simd-5.c,  -O3 -fomit-frame-pointer  
FAIL: gcc.c-torture/compile/simd-5.c,  -O3 -g  
FAIL: gcc.c-torture/compile/simd-5.c,  -Os  
FAIL: gcc.c-torture/execute/20010119-1.c compilation,  -O2 
UNRESOLVED: gcc.c-torture/execute/20010119-1.c execution,  -O2 
FAIL: gcc.c-torture/execute/20010119-1.c compilation,  -O3 -fomit-frame-pointer 
UNRESOLVED: gcc.c-torture/execute/20010119-1.c execution,  -O3 -fomit-frame-pointer 
FAIL: gcc.c-torture/execute/20010119-1.c compilation,  -O3 -fomit-frame-pointer -funroll-loops 
UNRESOLVED: gcc.c-torture/execute/20010119-1.c execution,  -O3 -fomit-frame-pointer -funroll-loops 
FAIL: gcc.c-torture/execute/20010119-1.c compilation,  -O3 -fomit-frame-pointer -funroll-all-loops -finline-functions 
UNRESOLVED: gcc.c-torture/execute/20010119-1.c execution,  -O3 -fomit-frame-pointer -funroll-all-loops -finline-functions 
FAIL: gcc.c-torture/execute/20010119-1.c compilation,  -O3 -g 
UNRESOLVED: gcc.c-torture/execute/20010119-1.c execution,  -O3 -g 
FAIL: gcc.c-torture/execute/20010119-1.c compilation,  -Os 
UNRESOLVED: gcc.c-torture/execute/20010119-1.c execution,  -Os 
FAIL: gcc.c-torture/execute/20030125-1.c execution,  -O1 
FAIL: gcc.c-torture/execute/20030125-1.c execution,  -O2 
FAIL: gcc.c-torture/execute/20030125-1.c execution,  -O3 -fomit-frame-pointer 
FAIL: gcc.c-torture/execute/20030125-1.c execution,  -O3 -g 
FAIL: gcc.c-torture/execute/20030125-1.c execution,  -Os 
UNRESOLVED: gcc.c-torture/execute/builtin-noret-2.c execution,  -O1 
UNRESOLVED: gcc.c-torture/execute/builtin-noret-2.c execution,  -O2 
UNRESOLVED: gcc.c-torture/execute/builtin-noret-2.c execution,  -O3 -fomit-frame-pointer 
UNRESOLVED: gcc.c-torture/execute/builtin-noret-2.c execution,  -O3 -g 
UNRESOLVED: gcc.c-torture/execute/builtin-noret-2.c execution,  -Os 
FAIL: gcc.c-torture/execute/conversion.c execution,  -O0 
FAIL: gcc.c-torture/execute/conversion.c execution,  -O1 
FAIL: gcc.c-torture/execute/conversion.c execution,  -O2 
FAIL: gcc.c-torture/execute/conversion.c execution,  -O3 -fomit-frame-pointer 
FAIL: gcc.c-torture/execute/conversion.c execution,  -O3 -g 
FAIL: gcc.c-torture/execute/conversion.c execution,  -Os 
FAIL: gcc.c-torture/execute/strncmp-1.c execution,  -O0 
FAIL: gcc.c-torture/execute/strncmp-1.c execution,  -O1 
FAIL: gcc.c-torture/execute/strncmp-1.c execution,  -O2 
FAIL: gcc.c-torture/execute/strncmp-1.c execution,  -O3 -fomit-frame-pointer 
FAIL: gcc.c-torture/execute/strncmp-1.c execution,  -O3 -fomit-frame-pointer -funroll-loops 
FAIL: gcc.c-torture/execute/strncmp-1.c execution,  -O3 -fomit-frame-pointer -funroll-all-loops -finline-functions 
FAIL: gcc.c-torture/execute/strncmp-1.c execution,  -O3 -g 
FAIL: gcc.c-torture/execute/strncmp-1.c execution,  -Os 
FAIL: gcc.dg/20021014-1.c execution test
FAIL: gcc.dg/builtins-10.c (test for excess errors)
FAIL: gcc.dg/duff-2.c (test for excess errors)
FAIL: gcc.dg/nest.c execution test
XPASS: gcc.dg/uninit-4.c uninitialized variable warning (test for bogus messages, line 26)
FAIL: gcc.dg/warn-1.c  (test for warnings, line 8)
FAIL: gcc.dg/warn-1.c  (test for warnings, line 15)
FAIL: gcc.dg/pch/static-1.c -O0 -g assembly comparison
FAIL: gcc.dg/pch/static-1.c  -O0  assembly comparison
FAIL: gcc.dg/pch/static-1.c  -O1  assembly comparison
FAIL: gcc.dg/pch/static-1.c  -O2  assembly comparison
FAIL: gcc.dg/pch/static-1.c  -Os  assembly comparison
FAIL: gcc.dg/pch/static-2.c -O0 -g assembly comparison
FAIL: gcc.dg/pch/static-2.c  -O0  assembly comparison
FAIL: gcc.dg/pch/static-2.c  -O1  assembly comparison
FAIL: gcc.dg/pch/static-2.c  -O2  assembly comparison
FAIL: gcc.dg/pch/static-2.c  -Os  assembly comparison
FAIL: gcc.dg/pch/static-3.c -O0 -g assembly comparison
FAIL: gcc.dg/pch/static-3.c  -O0  assembly comparison
FAIL: gcc.dg/pch/static-3.c  -O1  assembly comparison
FAIL: gcc.dg/pch/static-3.c  -O2  assembly comparison
FAIL: gcc.dg/pch/static-3.c  -Os  assembly comparison
FAIL: linkage.c

		=== gcc Summary for unix/-fpic ===

# of expected passes		21676
# of unexpected failures	53
# of unexpected successes	1
# of expected failures		81
# of unresolved testcases	11
# of unsupported tests		194

Running target unix
FAIL: gcc.c-torture/compile/simd-5.c,  -O0  
FAIL: gcc.c-torture/compile/simd-5.c,  -O1  
FAIL: gcc.c-torture/compile/simd-5.c,  -O2  
FAIL: gcc.c-torture/compile/simd-5.c,  -O3 -fomit-frame-pointer  
FAIL: gcc.c-torture/compile/simd-5.c,  -O3 -g  
FAIL: gcc.c-torture/compile/simd-5.c,  -Os  
FAIL: gcc.c-torture/execute/20010119-1.c compilation,  -O2 
UNRESOLVED: gcc.c-torture/execute/20010119-1.c execution,  -O2 
FAIL: gcc.c-torture/execute/20010119-1.c compilation,  -O3 -fomit-frame-pointer 
UNRESOLVED: gcc.c-torture/execute/20010119-1.c execution,  -O3 -fomit-frame-pointer 
FAIL: gcc.c-torture/execute/20010119-1.c compilation,  -O3 -fomit-frame-pointer -funroll-loops 
UNRESOLVED: gcc.c-torture/execute/20010119-1.c execution,  -O3 -fomit-frame-pointer -funroll-loops 
FAIL: gcc.c-torture/execute/20010119-1.c compilation,  -O3 -fomit-frame-pointer -funroll-all-loops -finline-functions 
UNRESOLVED: gcc.c-torture/execute/20010119-1.c execution,  -O3 -fomit-frame-pointer -funroll-all-loops -finline-functions 
FAIL: gcc.c-torture/execute/20010119-1.c compilation,  -O3 -g 
UNRESOLVED: gcc.c-torture/execute/20010119-1.c execution,  -O3 -g 
FAIL: gcc.c-torture/execute/20010119-1.c compilation,  -Os 
UNRESOLVED: gcc.c-torture/execute/20010119-1.c execution,  -Os 
FAIL: gcc.c-torture/execute/20030125-1.c execution,  -O1 
FAIL: gcc.c-torture/execute/20030125-1.c execution,  -O2 
FAIL: gcc.c-torture/execute/20030125-1.c execution,  -O3 -fomit-frame-pointer 
FAIL: gcc.c-torture/execute/20030125-1.c execution,  -O3 -g 
FAIL: gcc.c-torture/execute/20030125-1.c execution,  -Os 
UNRESOLVED: gcc.c-torture/execute/builtin-noret-2.c execution,  -O1 
UNRESOLVED: gcc.c-torture/execute/builtin-noret-2.c execution,  -O2 
UNRESOLVED: gcc.c-torture/execute/builtin-noret-2.c execution,  -O3 -fomit-frame-pointer 
UNRESOLVED: gcc.c-torture/execute/builtin-noret-2.c execution,  -O3 -g 
UNRESOLVED: gcc.c-torture/execute/builtin-noret-2.c execution,  -Os 
FAIL: gcc.c-torture/execute/conversion.c execution,  -O0 
FAIL: gcc.c-torture/execute/conversion.c execution,  -O1 
FAIL: gcc.c-torture/execute/conversion.c execution,  -O2 
FAIL: gcc.c-torture/execute/conversion.c execution,  -Os 
FAIL: gcc.c-torture/execute/strncmp-1.c execution,  -O0 
FAIL: gcc.c-torture/execute/strncmp-1.c execution,  -O1 
FAIL: gcc.c-torture/execute/strncmp-1.c execution,  -O2 
FAIL: gcc.c-torture/execute/strncmp-1.c execution,  -O3 -fomit-frame-pointer 
FAIL: gcc.c-torture/execute/strncmp-1.c execution,  -O3 -fomit-frame-pointer -funroll-loops 
FAIL: gcc.c-torture/execute/strncmp-1.c execution,  -O3 -fomit-frame-pointer -funroll-all-loops -finline-functions 
FAIL: gcc.c-torture/execute/strncmp-1.c execution,  -O3 -g 
FAIL: gcc.c-torture/execute/strncmp-1.c execution,  -Os 
FAIL: gcc.dg/20021014-1.c execution test
FAIL: gcc.dg/builtins-10.c (test for excess errors)
FAIL: gcc.dg/duff-2.c (test for excess errors)
FAIL: gcc.dg/nest.c execution test
XPASS: gcc.dg/uninit-4.c uninitialized variable warning (test for bogus messages, line 26)
FAIL: gcc.dg/warn-1.c  (test for warnings, line 8)
FAIL: gcc.dg/warn-1.c  (test for warnings, line 15)
FAIL: gcc.dg/pch/static-1.c -O0 -g assembly comparison
FAIL: gcc.dg/pch/static-1.c  -O0  assembly comparison
FAIL: gcc.dg/pch/static-1.c  -O1  assembly comparison
FAIL: gcc.dg/pch/static-1.c  -O2  assembly comparison
FAIL: gcc.dg/pch/static-1.c  -Os  assembly comparison
FAIL: gcc.dg/pch/static-2.c -O0 -g assembly comparison
FAIL: gcc.dg/pch/static-2.c  -O0  assembly comparison
FAIL: gcc.dg/pch/static-2.c  -O1  assembly comparison
FAIL: gcc.dg/pch/static-2.c  -O2  assembly comparison
FAIL: gcc.dg/pch/static-2.c  -Os  assembly comparison
FAIL: gcc.dg/pch/static-3.c -O0 -g assembly comparison
FAIL: gcc.dg/pch/static-3.c  -O0  assembly comparison
FAIL: gcc.dg/pch/static-3.c  -O1  assembly comparison
FAIL: gcc.dg/pch/static-3.c  -O2  assembly comparison
FAIL: gcc.dg/pch/static-3.c  -Os  assembly comparison
FAIL: linkage.c

		=== gcc Summary for unix ===

# of expected passes		21678
# of unexpected failures	51
# of unexpected successes	1
# of expected failures		81
# of unresolved testcases	11
# of unsupported tests		194

		=== gcc Summary ===

# of expected passes		86735
# of unexpected failures	185
# of unexpected successes	4
# of expected failures		320
# of unresolved testcases	44
# of unsupported tests		776
/usr/local/src/gcc-binutils/trunk/objdir/gcc/xgcc version 3.4 20030416 (experimental)

		=== g++ tests ===


Running target unix/-m32
FAIL: g++.dg/compat/break/bitfield7 y_tst.o compile
UNRESOLVED: g++.dg/compat/break/bitfield7 x_tst.o-y_tst.o link 
UNRESOLVED: g++.dg/compat/break/bitfield7 x_tst.o-y_tst.o execute 
FAIL: g++.dg/eh/simd-1.C (test for excess errors)
WARNING: g++.dg/eh/simd-1.C compilation failed to produce executable
FAIL: g++.dg/eh/simd-2.C (test for excess errors)
WARNING: g++.dg/eh/simd-2.C compilation failed to produce executable
FAIL: g++.dg/parse/stack1.C (test for excess errors)
FAIL: g++.dg/pch/empty.C (test for excess errors)
FAIL: g++.dg/pch/empty.C (test for excess errors)
FAIL: g++.dg/pch/empty.C (test for excess errors)
FAIL: g++.dg/pch/system-1.C (test for excess errors)
FAIL: g++.dg/pch/system-1.C (test for excess errors)
FAIL: g++.dg/pch/system-1.C (test for excess errors)
FAIL: g++.dg/pch/system-2.C (test for excess errors)
FAIL: g++.dg/pch/system-2.C (test for excess errors)
FAIL: g++.dg/pch/system-2.C (test for excess errors)
FAIL: g++.dg/pch/uninst.C (test for excess errors)
FAIL: g++.dg/pch/uninst.C (test for excess errors)

		=== g++ Summary for unix/-m32 ===

# of expected passes		8395
# of unexpected failures	15
# of expected failures		69
# of unresolved testcases	2
# of untested testcases		34
# of unsupported tests		19

Running target unix/-fPIC
FAIL: g++.dg/eh/simd-1.C (test for excess errors)
WARNING: g++.dg/eh/simd-1.C compilation failed to produce executable
FAIL: g++.dg/eh/simd-2.C (test for excess errors)
WARNING: g++.dg/eh/simd-2.C compilation failed to produce executable
FAIL: g++.dg/parse/stack1.C (test for excess errors)
FAIL: g++.dg/pch/empty.C (test for excess errors)
FAIL: g++.dg/pch/empty.C (test for excess errors)
FAIL: g++.dg/pch/empty.C (test for excess errors)
FAIL: g++.dg/pch/system-1.C (test for excess errors)
FAIL: g++.dg/pch/system-1.C (test for excess errors)
FAIL: g++.dg/pch/system-1.C (test for excess errors)
FAIL: g++.dg/pch/system-2.C (test for excess errors)
FAIL: g++.dg/pch/system-2.C (test for excess errors)
FAIL: g++.dg/pch/system-2.C (test for excess errors)
FAIL: g++.dg/pch/uninst.C (test for excess errors)
FAIL: g++.dg/pch/uninst.C (test for excess errors)
FAIL: g++.law/profile1.C  Execution test

		=== g++ Summary for unix/-fPIC ===

# of expected passes		8396
# of unexpected failures	15
# of expected failures		70
# of untested testcases		34
# of unsupported tests		19

Running target unix/-fpic
FAIL: g++.dg/eh/simd-1.C (test for excess errors)
WARNING: g++.dg/eh/simd-1.C compilation failed to produce executable
FAIL: g++.dg/eh/simd-2.C (test for excess errors)
WARNING: g++.dg/eh/simd-2.C compilation failed to produce executable
FAIL: g++.dg/parse/stack1.C (test for excess errors)
FAIL: g++.dg/pch/empty.C (test for excess errors)
FAIL: g++.dg/pch/empty.C (test for excess errors)
FAIL: g++.dg/pch/empty.C (test for excess errors)
FAIL: g++.dg/pch/system-1.C (test for excess errors)
FAIL: g++.dg/pch/system-1.C (test for excess errors)
FAIL: g++.dg/pch/system-1.C (test for excess errors)
FAIL: g++.dg/pch/system-2.C (test for excess errors)
FAIL: g++.dg/pch/system-2.C (test for excess errors)
FAIL: g++.dg/pch/system-2.C (test for excess errors)
FAIL: g++.dg/pch/uninst.C (test for excess errors)
FAIL: g++.dg/pch/uninst.C (test for excess errors)
FAIL: g++.law/profile1.C  Execution test

		=== g++ Summary for unix/-fpic ===

# of expected passes		8396
# of unexpected failures	15
# of expected failures		70
# of untested testcases		34
# of unsupported tests		19

Running target unix
FAIL: g++.dg/eh/simd-1.C (test for excess errors)
WARNING: g++.dg/eh/simd-1.C compilation failed to produce executable
FAIL: g++.dg/eh/simd-2.C (test for excess errors)
WARNING: g++.dg/eh/simd-2.C compilation failed to produce executable
FAIL: g++.dg/parse/stack1.C (test for excess errors)
FAIL: g++.dg/pch/empty.C (test for excess errors)
FAIL: g++.dg/pch/empty.C (test for excess errors)
FAIL: g++.dg/pch/empty.C (test for excess errors)
FAIL: g++.dg/pch/system-1.C (test for excess errors)
FAIL: g++.dg/pch/system-1.C (test for excess errors)
FAIL: g++.dg/pch/system-1.C (test for excess errors)
FAIL: g++.dg/pch/system-2.C (test for excess errors)
FAIL: g++.dg/pch/system-2.C (test for excess errors)
FAIL: g++.dg/pch/system-2.C (test for excess errors)
FAIL: g++.dg/pch/uninst.C (test for excess errors)
FAIL: g++.dg/pch/uninst.C (test for excess errors)
FAIL: g++.law/profile1.C  Execution test

		=== g++ Summary for unix ===

# of expected passes		8396
# of unexpected failures	15
# of expected failures		70
# of untested testcases		34
# of unsupported tests		19

		=== g++ Summary ===

# of expected passes		33583
# of unexpected failures	60
# of expected failures		279
# of unresolved testcases	2
# of untested testcases		136
# of unsupported tests		76
/usr/local/src/gcc-binutils/trunk/objdir/gcc/testsuite/../g++ version 3.4 20030416 (experimental)

		=== objc tests ===


Running target unix/-m32

		=== objc Summary for unix/-m32 ===

# of expected passes		1156

Running target unix/-fPIC

		=== objc Summary for unix/-fPIC ===

# of expected passes		1156

Running target unix/-fpic

		=== objc Summary for unix/-fpic ===

# of expected passes		1156

Running target unix

		=== objc Summary for unix ===

# of expected passes		1156

		=== objc Summary ===

# of expected passes		4624
/usr/local/src/gcc-binutils/trunk/objdir/gcc/xgcc version 3.4 20030416 (experimental)

		=== ld tests ===


Running target unix/-m32
FAIL: cdtest
FAIL: cdtest with -Ur
FAIL: size/aligment change of commom symbols (warning 1)
FAIL: size/aligment change of commom symbols (change 1)
FAIL: size/aligment change of commom symbols (warning 2)
FAIL: size/aligment change of commom symbols (change 2)
FAIL: visibility (hidden) (non PIC)
FAIL: visibility (hidden) (non PIC, load offset)
FAIL: visibility (hidden)
FAIL: visibility (hidden) (PIC main, non PIC so)
FAIL: visibility (hidden) (PIC main)
FAIL: visibility (hidden_normal) (non PIC)
FAIL: visibility (hidden_normal) (non PIC, load offset)
FAIL: visibility (hidden_normal)
FAIL: visibility (hidden_normal) (PIC main, non PIC so)
FAIL: visibility (hidden_normal) (PIC main)
FAIL: visibility (hidden_undef_def) (non PIC)
FAIL: visibility (hidden_undef_def) (non PIC, load offset)
FAIL: visibility (hidden_undef_def)
FAIL: visibility (hidden_undef_def) (PIC main, non PIC so)
FAIL: visibility (hidden_undef_def) (PIC main)
FAIL: visibility (hidden_weak) (non PIC)
FAIL: visibility (hidden_weak) (non PIC, load offset)
FAIL: visibility (hidden_weak)
FAIL: visibility (hidden_weak) (PIC main, non PIC so)
FAIL: visibility (hidden_weak) (PIC main)
FAIL: visibility (protected_weak) (non PIC)
FAIL: visibility (protected_weak) (non PIC, load offset)
FAIL: visibility (protected_weak)
FAIL: visibility (protected_weak) (PIC main, non PIC so)
FAIL: visibility (protected_weak) (PIC main)
FAIL: visibility (normal) (non PIC)
FAIL: visibility (normal) (non PIC, load offset)
FAIL: visibility (normal)
FAIL: visibility (normal) (PIC main, non PIC so)
FAIL: visibility (normal) (PIC main)
FAIL: ELF weak
FAIL: NOCROSSREFS 1
FAIL: NOCROSSREFS 2
FAIL: selective1
FAIL: selective2
FAIL: selective3
FAIL: selective4
FAIL: selective5
FAIL: shared (non PIC)
FAIL: shared (non PIC, load offset)
FAIL: shared
FAIL: shared -Bsymbolic
FAIL: shared (PIC main, non PIC so)
FAIL: shared (PIC main)
FAIL: TLS -fpic -shared transitions
FAIL: TLS -fpic and -fno-pic exec transitions
FAIL: TLS -fno-pic -shared
FAIL: S-records
FAIL: S-records with constructors

		=== ld Summary for unix/-m32 ===

# of expected passes		83
# of unexpected failures	55
# of expected failures		12

Running target unix/-fPIC
FAIL: size/aligment change of commom symbols (warning 1)
FAIL: size/aligment change of commom symbols (change 1)
FAIL: size/aligment change of commom symbols (warning 2)
FAIL: size/aligment change of commom symbols (change 2)
FAIL: selective1
FAIL: selective2
ERROR: /usr/local/src/gcc-binutils/trunk/gcc-binutils/ld/testsuite/ld-selective/3.cc: compilation failed
UNRESOLVED: selective4
ERROR: /usr/local/src/gcc-binutils/trunk/gcc-binutils/ld/testsuite/ld-selective/4.cc: compilation failed
UNRESOLVED: selective5
ERROR: /usr/local/src/gcc-binutils/trunk/gcc-binutils/ld/testsuite/ld-selective/5.cc: compilation failed
UNRESOLVED: selective6
FAIL: TLS -fpic -shared transitions
FAIL: TLS -fpic and -fno-pic exec transitions
FAIL: TLS -fno-pic -shared
FAIL: S-records
FAIL: S-records with constructors

		=== ld Summary for unix/-fPIC ===

# of expected passes		144
# of unexpected failures	11
# of expected failures		13
# of unresolved testcases	3

Running target unix/-fpic
FAIL: size/aligment change of commom symbols (warning 1)
FAIL: size/aligment change of commom symbols (change 1)
FAIL: size/aligment change of commom symbols (warning 2)
FAIL: size/aligment change of commom symbols (change 2)
FAIL: vers3
FAIL: vers4
FAIL: vers4a
FAIL: vers6
FAIL: vers15
FAIL: vers19
FAIL: selective1
FAIL: selective2
ERROR: /usr/local/src/gcc-binutils/trunk/gcc-binutils/ld/testsuite/ld-selective/3.cc: compilation failed
UNRESOLVED: selective4
ERROR: /usr/local/src/gcc-binutils/trunk/gcc-binutils/ld/testsuite/ld-selective/4.cc: compilation failed
UNRESOLVED: selective5
ERROR: /usr/local/src/gcc-binutils/trunk/gcc-binutils/ld/testsuite/ld-selective/5.cc: compilation failed
UNRESOLVED: selective6
FAIL: TLS -fpic -shared transitions
FAIL: TLS -fpic and -fno-pic exec transitions
FAIL: TLS -fno-pic -shared
FAIL: S-records
FAIL: S-records with constructors

		=== ld Summary for unix/-fpic ===

# of expected passes		138
# of unexpected failures	17
# of expected failures		13
# of unresolved testcases	3

Running target unix
FAIL: size/aligment change of commom symbols (warning 1)
FAIL: size/aligment change of commom symbols (change 1)
FAIL: size/aligment change of commom symbols (warning 2)
FAIL: size/aligment change of commom symbols (change 2)
FAIL: visibility (hidden_normal) (non PIC)
FAIL: visibility (hidden_normal) (non PIC, load offset)
FAIL: visibility (hidden_normal) (PIC main, non PIC so)
FAIL: visibility (hidden_weak) (non PIC)
FAIL: visibility (hidden_weak) (non PIC, load offset)
FAIL: visibility (hidden_weak) (PIC main, non PIC so)
FAIL: visibility (protected) (non PIC)
FAIL: visibility (protected) (non PIC, load offset)
FAIL: visibility (protected) (PIC main, non PIC so)
FAIL: visibility (protected_undef_def) (non PIC)
FAIL: visibility (protected_undef_def) (non PIC, load offset)
FAIL: visibility (protected_undef_def) (PIC main, non PIC so)
FAIL: visibility (protected_weak) (non PIC)
FAIL: visibility (protected_weak) (non PIC, load offset)
FAIL: visibility (protected_weak) (PIC main, non PIC so)
FAIL: visibility (normal) (non PIC)
FAIL: visibility (normal) (non PIC, load offset)
FAIL: visibility (normal) (PIC main, non PIC so)
FAIL: selective1
FAIL: selective2
ERROR: /usr/local/src/gcc-binutils/trunk/gcc-binutils/ld/testsuite/ld-selective/3.cc: compilation failed
UNRESOLVED: selective4
ERROR: /usr/local/src/gcc-binutils/trunk/gcc-binutils/ld/testsuite/ld-selective/4.cc: compilation failed
UNRESOLVED: selective5
ERROR: /usr/local/src/gcc-binutils/trunk/gcc-binutils/ld/testsuite/ld-selective/5.cc: compilation failed
UNRESOLVED: selective6
FAIL: shared (non PIC)
FAIL: shared (non PIC, load offset)
FAIL: shared (PIC main, non PIC so)
FAIL: TLS -fpic -shared transitions
FAIL: TLS -fpic and -fno-pic exec transitions
FAIL: TLS -fno-pic -shared

		=== ld Summary for unix ===

# of expected passes		125
# of unexpected failures	30
# of expected failures		13
# of unresolved testcases	3

		=== ld Summary ===

# of expected passes		490
# of unexpected failures	113
# of expected failures		51
# of unresolved testcases	9
		=== libjava tests ===


Running target unix/-m32
FAIL: SyncTest execution - gij test
FAIL: SyncTest execution - bytecode->native test
WARNING: program timed out.
FAIL: SyncTest execution - gij test
FAIL: SyncTest -O execution - bytecode->native test

		=== libjava Summary for unix/-m32 ===

# of expected passes		2963
# of unexpected failures	4
# of expected failures		16
# of untested testcases		16

Running target unix/-fPIC
WARNING: program timed out.
FAIL: SyncTest execution - gij test
FAIL: SyncTest execution - bytecode->native test
WARNING: program timed out.
FAIL: SyncTest execution - gij test
FAIL: SyncTest -O execution - bytecode->native test

		=== libjava Summary for unix/-fPIC ===

# of expected passes		2963
# of unexpected failures	4
# of expected failures		16
# of untested testcases		16

Running target unix/-fpic
FAIL: SyncTest execution - gij test
FAIL: SyncTest execution - bytecode->native test
FAIL: SyncTest execution - gij test
FAIL: SyncTest -O execution - bytecode->native test

		=== libjava Summary for unix/-fpic ===

# of expected passes		2963
# of unexpected failures	4
# of expected failures		16
# of untested testcases		16

Running target unix
FAIL: SyncTest execution - gij test
WARNING: program timed out.
FAIL: SyncTest execution - bytecode->native test
WARNING: program timed out.
FAIL: SyncTest execution - gij test
FAIL: SyncTest -O execution - bytecode->native test

		=== libjava Summary for unix ===

# of expected passes		2963
# of unexpected failures	4
# of expected failures		16
# of untested testcases		16

		=== libjava Summary ===

# of expected passes		11852
# of unexpected failures	16
# of expected failures		64
# of untested testcases		64
		=== libstdc++-v3 tests ===


Running target unix/-m32
FAIL: 22_locale/codecvt/encoding/wchar_t/wrapped_locale.cc execution test
FAIL: 22_locale/codecvt/max_length/wchar_t/wrapped_locale.cc execution test
FAIL: 22_locale/ctype/widen/wchar_t/2.cc execution test
FAIL: 22_locale/messages/members/char/1.cc execution test
FAIL: 22_locale/messages/members/char/2.cc execution test
FAIL: 22_locale/messages/members/char/wrapped_env.cc execution test
FAIL: 22_locale/messages/members/char/wrapped_locale.cc execution test
FAIL: 22_locale/messages_byname/1.cc execution test

		=== libstdc++-v3 Summary for unix/-m32 ===

# of expected passes		1738
# of unexpected failures	8
# of expected failures		2

Running target unix/-fPIC
FAIL: 22_locale/codecvt/encoding/wchar_t/wrapped_locale.cc execution test
FAIL: 22_locale/codecvt/max_length/wchar_t/wrapped_locale.cc execution test
FAIL: 22_locale/ctype/widen/wchar_t/2.cc execution test
WARNING: program timed out.
FAIL: thread/pthread4.cc execution test

		=== libstdc++-v3 Summary for unix/-fPIC ===

# of expected passes		1742
# of unexpected failures	4
# of expected failures		2

Running target unix/-fpic
FAIL: 22_locale/codecvt/encoding/wchar_t/wrapped_locale.cc execution test
FAIL: 22_locale/codecvt/max_length/wchar_t/wrapped_locale.cc execution test
FAIL: 22_locale/ctype/widen/wchar_t/2.cc execution test
WARNING: program timed out.
FAIL: thread/pthread4.cc execution test

		=== libstdc++-v3 Summary for unix/-fpic ===

# of expected passes		1742
# of unexpected failures	4
# of expected failures		2

Running target unix
FAIL: 22_locale/codecvt/encoding/wchar_t/wrapped_locale.cc execution test
FAIL: 22_locale/codecvt/max_length/wchar_t/wrapped_locale.cc execution test
FAIL: 22_locale/ctype/widen/wchar_t/2.cc execution test
WARNING: program timed out.
FAIL: thread/pthread4.cc execution test

		=== libstdc++-v3 Summary for unix ===

# of expected passes		1742
# of unexpected failures	4
# of expected failures		2

		=== libstdc++-v3 Summary ===

# of expected passes		6964
# of unexpected failures	20
# of expected failures		8

Compiler version: 3.4 20030416 (experimental) 
Platform: sparc64-unknown-linux-gnu
configure flags: sparc64-linux --prefix=/usr/local/gcc-binutils --enable-shared --enable-threads=posix --enable-checking
Counting all warnings,
there are 181 warnings in stage0 of this bootstrap.

Number of warnings per file:
     30	libiberty/regex.c
     19	libjava/java/lang/mprec.c
     12	libjava/gnu/java/nio/natSocketChannelImpl.cc
     12	libjava/gnu/java/nio/natFileChannelImpl.cc
      9	java/lang/Integer.h
      8	libjava/java/lang/strtod.c
      8	libjava/java/lang/dtoa.c
      7	include/xregex2.h
      6	libjava/java/lang/natClassLoader.cc
      6	libjava/java/lang/e_exp.c
      6	libf2c/libI77/rsne.c
      6	fastjar/jartool.c
      4	libobjc/linking.m
      4	libjava/java/lang/w_exp.c
      4	libffi/src/sparc/v8.S
      2	/usr/local/src/gcc-binutils/trunk/gcc-binutils/boehm-gc/mark_rts.c
      2	runtime-info.h
      2	libobjc/Protocol.m
      2	libobjc/Object.m
      2	libobjc/encoding.c
      2	libjava/verify.cc
      2	libjava/prims.cc
      2	libjava/jni.cc
      2	libjava/java/lang/e_rem_pio2.c
      2	libjava/java/lang/e_asin.c
      2	libjava/gnu/gcj/runtime/natSharedLibLoader.cc
      2	libjava/gnu/gcj/io/shs.cc
      2	libffi/src/sparc/v9.S
      2	libf2c/libI77/open.c
      2	libf2c/libI77/inquire.c
      2	java/net/natNetworkInterface.cc
      2	include/java-signal.h
      1	/usr/local/src/gcc-binutils/trunk/gcc-binutils/ld/ldfile.c
      1	/usr/local/src/gcc-binutils/trunk/gcc-binutils/boehm-gc/dyn_load.c
      1	/usr/local/src/gcc-binutils/trunk/gcc-binutils/binutils/objdump.c
      1	/usr/local/src/gcc-binutils/trunk/gcc-binutils/bfd/elf.c
      1	lex.yy.c
      1	configure

Number of warning types:
     34	\`???' might be used uninitialized in this function
     30	unused
     24	signed and unsigned type in conditional expression
     12	suggest parentheses around + or - inside shift
      9	this decimal constant is unsigned only in ISO 
      9	\`???' defined but not used
      8	dereferencing type-punned pointer will break strict-aliasing rules
      7	ISO C90 does not support \`static' or type qualifiers in parameter array declarators
      6	unused parameter \`???'
      4	suggest parentheses around assignment used as truth value
      4	pointer targets in passing arg ??? of \`???' differ in signedness
      4	comparison
      3	this is the location of the previous definition
      3	suggest parentheses around arithmetic in operand of |
      3	\`STACKFRAME' redefined
      3	comparison between signed and unsigned
      2	string length \`???' is greater than the length \`???' ISO C89 compilers are required to support
      2	statement
      2	function returns address of local variable
      2	\`???' defined but 
      2	comparison between signed and 
      2	cast
      2	\`
      1	unused variable \`???'
      1	comparison is always false due to limited range of data type
      1	cast to pointer from integer of different size
      1	
Counting all warnings,
there are 15 warnings in stage3 of this bootstrap.

Number of warnings per file:
      4	gcc/crtstuff.c
      2	/usr/share/bison/bison.simple
      2	gcc/unwind-dw2.c
      2	gcc/objc/lang-specs.h
      2	gcc/gcc.c
      2	gcc/f/sta.c
      1	gcc/java/jvspec.c

Number of warning types:
      5	string length \`???' is greater than the length \`???' ISO C89 compilers are required to support
      4	passing arg ??? of \`???' discards qualifiers from pointer target type
      2	return makes integer from pointer without a cast
      2	label \`???' defined but not used
      2	dereferencing type-punned pointer will break strict-aliasing rules



More information about the Gcc-testresults mailing list