Results for 3.2.3 20030417 (prerelease) testsuite on sparc-sun-solaris2.8
Eric Botcazou
eric@localhost.localdomain
Fri Apr 18 12:43:00 GMT 2003
LAST_UPDATED: Thu Apr 17 06:55:47 GMT 2003
Native configuration is sparc-sun-solaris2.8
=== g++ tests ===
Running target unix
=== g++ Summary ===
# of expected passes 7353
# of expected failures 91
# of untested testcases 21
# of unsupported tests 4
/opt/build/eric/gcc-3_2-branch/gcc/testsuite/../g++ version 3.2.3 20030417 (prerelease)
=== g77 tests ===
Running target unix
=== g77 Summary ===
# of expected passes 1458
# of unsupported tests 8
/opt/build/eric/gcc-3_2-branch/gcc/testsuite/../g77 version 3.2.3 20030417 (prerelease)
=== gcc tests ===
Running target unix
WARNING: gcc.dg/20021014-1.c compilation failed to produce executable
=== gcc Summary ===
# of expected passes 18601
# of expected failures 66
# of unsupported tests 120
/opt/build/eric/gcc-3_2-branch/gcc/xgcc version 3.2.3 20030417 (prerelease)
=== objc tests ===
Running target unix
=== objc Summary ===
# of expected passes 1035
# of expected failures 6
/opt/build/eric/gcc-3_2-branch/gcc/xgcc version 3.2.3 20030417 (prerelease)
=== libjava tests ===
Running target unix
FAIL: FileHandleGcTest execution from source compiled test
FAIL: FileHandleGcTest execution from bytecode->native test
FAIL: FileHandleGcTest -O execution from source compiled test
FAIL: FileHandleGcTest -O execution from bytecode->native test
FAIL: Thread_Interrupt -O output from source compiled test
FAIL: Throw_2 execution from source compiled test
FAIL: Throw_2 execution from bytecode->native test
FAIL: Throw_2 -O execution from source compiled test
FAIL: Throw_2 -O execution from bytecode->native test
=== libjava Summary ===
# of expected passes 2044
# of unexpected failures 9
# of expected failures 18
# of untested testcases 22
=== libstdc++-v3 tests ===
Running target unix
XPASS: 22_locale/collate_members_wchar_t.cc execution test
XPASS: 22_locale/ctype_is_wchar_t.cc execution test
XPASS: 22_locale/money_get_members_wchar_t.cc execution test
XPASS: 22_locale/money_put_members_wchar_t.cc execution test
XPASS: 22_locale/moneypunct_members_wchar_t.cc execution test
XPASS: 22_locale/num_get_members_wchar_t.cc execution test
XPASS: 22_locale/num_put_members_wchar_t.cc execution test
XPASS: 22_locale/numpunct_members_wchar_t.cc execution test
XPASS: 22_locale/time_get_members_wchar_t.cc execution test
XPASS: 22_locale/time_put_members_wchar_t.cc execution test
WARNING: program timed out.
FAIL: thread/pthread4.cc execution test
=== libstdc++-v3 Summary ===
# of expected passes 431
# of unexpected failures 1
# of unexpected successes 10
# of expected failures 17
Compiler version: 3.2.3 20030417 (prerelease)
Platform: sparc-sun-solaris2.8
configure flags: --host=sparc-sun-solaris2.8 --prefix=/opt/TWWfsw/gcc323 --with-local-prefix=/opt/TWWfsw/gcc323 --enable-languages=c,c++,objc,f77,java --enable-shared --enable-threads --disable-nls
More information about the Gcc-testresults
mailing list