Results for 3.3 20030417 (prerelease) testsuite on sparc-suse-linux-gnu
Robert Schiele
schiele@pi3.informatik.uni-mannheim.de
Fri Apr 18 03:20:00 GMT 2003
LAST_UPDATED: Thu Apr 17 22:38:59 UTC 2003
Native configuration is sparc-suse-linux-gnu
=== g++ tests ===
Running target unix
FAIL: g++.dg/compat/break/bitfield7 y_tst.o compile
UNRESOLVED: g++.dg/compat/break/bitfield7 x_tst.o-y_tst.o link
UNRESOLVED: g++.dg/compat/break/bitfield7 x_tst.o-y_tst.o execute
XPASS: g++.other/init5.C Execution test
=== g++ Summary ===
# of expected passes 7899
# of unexpected failures 1
# of unexpected successes 1
# of expected failures 96
# of unresolved testcases 2
# of untested testcases 22
# of unsupported tests 17
/local/gccbuild/gcc/testsuite/../g++ version 3.3 20030417 (prerelease)
=== g77 tests ===
Running target unix
=== g77 Summary ===
# of expected passes 1686
# of unsupported tests 8
/local/gccbuild/gcc/testsuite/../g77 version 3.3 20030417 (prerelease)
=== gcc tests ===
Running target unix
FAIL: gcc.dg/duff-2.c (test for excess errors)
FAIL: gcc.dg/typespec-1.c (test for excess errors)
FAIL: gcc.dg/uninit-C.c (test for excess errors)
=== gcc Summary ===
# of expected passes 20770
# of unexpected failures 3
# of expected failures 67
# of unsupported tests 159
/local/gccbuild/gcc/xgcc version 3.3 20030417 (prerelease)
=== objc tests ===
Running target unix
=== objc Summary ===
# of expected passes 1153
/local/gccbuild/gcc/xgcc version 3.3 20030417 (prerelease)
=== libstdc++-v3 tests ===
Running target unix
XPASS: 22_locale/ctype_is_wchar_t.cc execution test
XPASS: 22_locale/members.cc execution test
XPASS: 22_locale/messages_byname.cc execution test
XPASS: 22_locale/messages_members_char.cc execution test
XPASS: 22_locale/money_get_members_wchar_t.cc execution test
XPASS: 22_locale/money_put_members_wchar_t.cc execution test
XPASS: 22_locale/moneypunct_byname.cc execution test
XPASS: 22_locale/moneypunct_members_char.cc execution test
XPASS: 22_locale/moneypunct_members_wchar_t.cc execution test
XPASS: 22_locale/num_get_members_char.cc execution test
XPASS: 22_locale/num_get_members_wchar_t.cc execution test
XPASS: 22_locale/num_put_members_char.cc execution test
XPASS: 22_locale/num_put_members_wchar_t.cc execution test
XPASS: 22_locale/numpunct_byname.cc execution test
XPASS: 22_locale/numpunct_members_char.cc execution test
XPASS: 22_locale/numpunct_members_wchar_t.cc execution test
FAIL: 22_locale/operators.cc execution test
XPASS: 22_locale/time_get_members_wchar_t.cc execution test
XPASS: 22_locale/time_put_members_char.cc execution test
XPASS: 22_locale/time_put_members_wchar_t.cc execution test
=== libstdc++-v3 Summary ===
# of expected passes 452
# of unexpected failures 1
# of unexpected successes 19
# of expected failures 9
Compiler version: 3.3 20030417 (prerelease)
Platform: sparc-suse-linux-gnu
configure flags: --host=sparc-suse-linux --enable-threads=posix --prefix=/opt/Pkg/Linux/sparc64/gcc33 --enable-languages=c,c++,f77,objc --disable-libgcj --with-gxx-include-dir=/opt/Pkg/Linux/sparc64/gcc33/include/g++ --with-system-zlib --enable-shared --enable-__cxa_atexit
More information about the Gcc-testresults
mailing list