Results for 3.4 20030409 (experimental) testsuite on ia64-unknown-linux-gnu

Richard Henderson rth@sherman.devel.redhat.com
Thu Apr 17 15:23:00 GMT 2003


LAST_UPDATED: Wed Apr  9 05:35:02 UTC 2003

Native configuration is ia64-unknown-linux-gnu

		=== g++ tests ===


Running target unix
FAIL: pch/system-1.C -g assembly comparison
FAIL: pch/system-1.C -O2 -g assembly comparison
FAIL: pch/system-2.C -g assembly comparison
FAIL: pch/system-2.C -O2 -g assembly comparison
FAIL: g++.pt/repo3.C (test for excess errors)

		=== g++ Summary ===

# of expected passes		8193
# of unexpected failures	5
# of expected failures		69
# of untested testcases		23
# of unsupported tests		18
/scratch/rth/build/ia64/gcc/testsuite/../g++ version 3.4 20030409 (experimental)

		=== g77 tests ===


Running target unix
FAIL: g77.f-torture/execute/980520-1.f compilation,  -O0 

		=== g77 Summary ===

# of expected passes		1678
# of unexpected failures	1
# of untested testcases		1
# of unsupported tests		8
/scratch/rth/build/ia64/gcc/testsuite/../g77 version 3.4 20030409 (experimental)

		=== gcc tests ===


Running target unix
XPASS: gcc.c-torture/compile/920625-1.c,  -O2  
XPASS: gcc.c-torture/compile/920625-1.c,  -O3 -fomit-frame-pointer  
XPASS: gcc.c-torture/compile/920625-1.c,  -O3 -fomit-frame-pointer -funroll-loops  
XPASS: gcc.c-torture/compile/920625-1.c,  -O3 -fomit-frame-pointer -funroll-all-loops -finline-functions  
XPASS: gcc.c-torture/compile/920625-1.c,  -O3 -g  
FAIL: gcc.c-torture/compile/930117-1.c,  -O1  
XPASS: gcc.c-torture/compile/981223-1.c,  -O2  
XPASS: gcc.c-torture/compile/981223-1.c,  -O3 -fomit-frame-pointer  
XPASS: gcc.c-torture/compile/981223-1.c,  -O3 -g  
XPASS: gcc.c-torture/compile/981223-1.c,  -Os  
FAIL: gcc.c-torture/compile/simd-5.c,  -O2  
FAIL: gcc.c-torture/compile/simd-5.c,  -O3 -fomit-frame-pointer  
FAIL: gcc.c-torture/compile/simd-5.c,  -O3 -g  
FAIL: gcc.c-torture/compile/simd-5.c,  -Os  
XPASS: gcc.c-torture/execute/990208-1.c execution,  -O3 -fomit-frame-pointer 
XPASS: gcc.c-torture/execute/990208-1.c execution,  -O3 -g 
FAIL: gcc.c-torture/execute/simd-1.c compilation,  -O1 
UNRESOLVED: gcc.c-torture/execute/simd-1.c execution,  -O1 
FAIL: gcc.c-torture/execute/simd-2.c compilation,  -O1 
UNRESOLVED: gcc.c-torture/execute/simd-2.c execution,  -O1 
FAIL: gcc.c-torture/execute/simd-2.c compilation,  -O2 
UNRESOLVED: gcc.c-torture/execute/simd-2.c execution,  -O2 
FAIL: gcc.c-torture/execute/simd-2.c compilation,  -O3 -fomit-frame-pointer 
UNRESOLVED: gcc.c-torture/execute/simd-2.c execution,  -O3 -fomit-frame-pointer 
FAIL: gcc.c-torture/execute/simd-2.c compilation,  -O3 -g 
UNRESOLVED: gcc.c-torture/execute/simd-2.c execution,  -O3 -g 
FAIL: gcc.c-torture/execute/simd-2.c compilation,  -Os 
UNRESOLVED: gcc.c-torture/execute/simd-2.c execution,  -Os 
FAIL: gcc.dg/builtins-10.c (test for excess errors)
FAIL: gcc.dg/duff-2.c (test for excess errors)
FAIL: gcc.dg/warn-1.c  (test for warnings, line 8)
FAIL: gcc.dg/warn-1.c  (test for warnings, line 15)
FAIL: gcc.dg/pch/inline-1.c (test for excess errors)
FAIL: pch/static-1.c -O0 -g assembly comparison
FAIL: pch/static-2.c -O0 -g assembly comparison
FAIL: pch/static-3.c -O0 -g assembly comparison

		=== gcc Summary ===

# of expected passes		21336
# of unexpected failures	19
# of unexpected successes	11
# of expected failures		78
# of unresolved testcases	6
# of untested testcases		1
# of unsupported tests		194
/scratch/rth/build/ia64/gcc/xgcc version 3.4 20030409 (experimental)

		=== objc tests ===


Running target unix

		=== objc Summary ===

# of expected passes		1155
/scratch/rth/build/ia64/gcc/xgcc version 3.4 20030409 (experimental)

		=== libjava tests ===


Running target unix
FAIL: /scratch/rth/build/ia64/ia64-unknown-linux-gnu/libjava/testsuite/TestEarlyGC.exe output - /scratch/rth/build/ia64/ia64-unknown-linux-gnu/libjava/testsuite/TestEarlyGC.exe
FAIL: /scratch/rth/build/ia64/ia64-unknown-linux-gnu/libjava/testsuite/TestLeak.exe execution - /scratch/rth/build/ia64/ia64-unknown-linux-gnu/libjava/testsuite/TestLeak.exe

		=== libjava Summary ===

# of expected passes		2968
# of unexpected failures	2
# of expected failures		16
# of untested testcases		13
		=== libstdc++-v3 tests ===


Running target unix
FAIL: 25_algorithms/min_max.cc (test for excess errors)
FAIL: 27_io/filebuf_virtuals.cc execution test

		=== libstdc++-v3 Summary ===

# of expected passes		1333
# of unexpected failures	2
# of expected failures		2

Compiler version: 3.4 20030409 (experimental) 
Platform: ia64-unknown-linux-gnu
configure flags: --prefix=/scratch/rth/run --enable-threads --enable-languages=c,c++,objc,java,f77



More information about the Gcc-testresults mailing list