Results for 3.4 20030417 (experimental) testsuite on i686-unknown-openbsd3.1

Andrew Thomas Pinski pinskia@physics.uc.edu
Thu Apr 17 07:23:00 GMT 2003


LAST_UPDATED: Thu Apr 17 04:02:14 UTC 2003

Native configuration is i686-unknown-openbsd3.1

		=== g++ tests ===


Running target unix
FAIL: g++.dg/eh/simd-2.C (test for excess errors)
WARNING: g++.dg/eh/simd-2.C compilation failed to produce executable
FAIL: g++.dg/parse/attr-ctor1.C (test for excess errors)
FAIL: g++.law/profile1.C (test for excess errors)

		=== g++ Summary ===

# of expected passes		8350
# of unexpected failures	3
# of expected failures		70
# of untested testcases		15
# of unsupported tests		4
/export/gates/pinskia/src/gnu/gcc/src/objdir.openbsd/gcc/testsuite/../g++ version 3.4 20030417 (experimental)

		=== g77 tests ===


Running target unix
FAIL: g77.f-torture/execute/980520-1.f compilation,  -O0 
FAIL: g77.f-torture/execute/f90-intrinsic-bit.f execution,  -O3 -fomit-frame-pointer -funroll-all-loops -finline-functions 

		=== g77 Summary ===

# of expected passes		1705
# of unexpected failures	2
# of untested testcases		1
/export/gates/pinskia/src/gnu/gcc/src/objdir.openbsd/gcc/testsuite/../g77 version 3.4 20030417 (experimental)

		=== gcc tests ===


Running target unix
FAIL: gcc.c-torture/execute/20011219-1.c compilation,  -O1 
UNRESOLVED: gcc.c-torture/execute/20011219-1.c execution,  -O1 
FAIL: gcc.c-torture/execute/20011219-1.c compilation,  -O2 
UNRESOLVED: gcc.c-torture/execute/20011219-1.c execution,  -O2 
FAIL: gcc.c-torture/execute/20011219-1.c compilation,  -O3 -g 
UNRESOLVED: gcc.c-torture/execute/20011219-1.c execution,  -O3 -g 
FAIL: gcc.c-torture/execute/20011219-1.c compilation,  -Os 
UNRESOLVED: gcc.c-torture/execute/20011219-1.c execution,  -Os 
UNRESOLVED: gcc.c-torture/execute/builtin-noret-2.c execution,  -O1 
UNRESOLVED: gcc.c-torture/execute/builtin-noret-2.c execution,  -O2 
UNRESOLVED: gcc.c-torture/execute/builtin-noret-2.c execution,  -O3 -fomit-frame-pointer 
UNRESOLVED: gcc.c-torture/execute/builtin-noret-2.c execution,  -O3 -g 
UNRESOLVED: gcc.c-torture/execute/builtin-noret-2.c execution,  -Os 
FAIL: gcc.c-torture/execute/conversion.c execution,  -O0 
FAIL: gcc.c-torture/execute/conversion.c execution,  -O1 
FAIL: gcc.c-torture/execute/conversion.c execution,  -O2 
FAIL: gcc.c-torture/execute/conversion.c execution,  -Os 
FAIL: gcc.c-torture/execute/ieee/rbug.c execution,  -O0 
FAIL: gcc.c-torture/execute/ieee/rbug.c execution,  -O1 
FAIL: gcc.c-torture/execute/ieee/rbug.c execution,  -O2 
FAIL: gcc.c-torture/execute/ieee/rbug.c execution,  -Os 
FAIL: gcc.dg/20010912-1.c execution test
FAIL: gcc.dg/20021014-1.c (test for excess errors)
WARNING: gcc.dg/20021014-1.c compilation failed to produce executable
FAIL: gcc.dg/duff-2.c (test for excess errors)
FAIL: gcc.dg/nest.c (test for excess errors)
WARNING: gcc.dg/nest.c compilation failed to produce executable
FAIL: gcc.dg/uninit-C.c (test for excess errors)
FAIL: gcc.dg/warn-1.c  (test for warnings, line 8)
FAIL: gcc.dg/warn-1.c  (test for warnings, line 15)
FAIL: gcc.dg/wchar_t-1.c (test for excess errors)
FAIL: gcc.dg/wint_t-1.c (test for excess errors)
FAIL: gcc.dg/format/c99-scanf-3.c vfscanf (test for warnings, line 21)
FAIL: gcc.dg/format/c99-scanf-3.c vfscanf (test for warnings, line 21)
FAIL: gcc.dg/format/ext-6.c vfscanf (test for warnings, line 42)
FAIL: gcc.dg/format/ext-6.c vfscanf (test for warnings, line 42)
FAIL: gcc.dg/special/weak-1.c execution test

		=== gcc Summary ===

# of expected passes		21802
# of unexpected failures	26
# of expected failures		79
# of unresolved testcases	9
# of unsupported tests		99
/export/gates/pinskia/src/gnu/gcc/src/objdir.openbsd/gcc/xgcc version 3.4 20030417 (experimental)

		=== objc tests ===


Running target unix

		=== objc Summary ===

# of expected passes		1156
/export/gates/pinskia/src/gnu/gcc/src/objdir.openbsd/gcc/xgcc version 3.4 20030417 (experimental)

		=== libstdc++-v3 tests ===


Running target unix
FAIL: 26_numerics/complex_value.cc (test for excess errors)

		=== libstdc++-v3 Summary ===

# of expected passes		1310
# of unexpected failures	1
# of expected failures		1
# of unsupported tests		6

Compiler version: 3.4 20030417 (experimental) 
Platform: i686-unknown-openbsd3.1
configure flags: --target=i686-unknown-openbsd3.1 --host=i686-unknown-openbsd3.1 --build=i686-unknown-openbsd3.1 --disable-nls --verbose --enable-cpp --prefix=/home/gates/pinskia/openbsd --enable-shared



More information about the Gcc-testresults mailing list