Results for 3.3 20030416 (prerelease) testsuite on i386-unknown-freebsd4.8
Loren James Rittle
ljrittle@FreeBSD.org
Thu Apr 17 00:31:00 GMT 2003
Using make with objdir configuration on ref4 (see key)
Bootstrap failed in libjava; thus partial report
LAST_UPDATED: Wed Apr 16 20:54:51 GMT 2003
Native configuration is i386-unknown-freebsd4.8
=== g++ tests ===
Running target unix/-pthread
FAIL: g++.eh/badalloc1.C Execution test
FAIL: g++.law/profile1.C (test for excess errors)
=== g++ Summary ===
# of expected passes 7944
# of unexpected failures 2
# of expected failures 98
# of untested testcases 12
# of unsupported tests 4
/local0/scratch/ljrittle/gcc-build-ref4-0416/gcc/testsuite/../g++ version 3.3 20030416 (prerelease)
=== g77 tests ===
Running target unix/-pthread
=== g77 Summary ===
# of expected passes 1686
# of unsupported tests 8
/local0/scratch/ljrittle/gcc-build-ref4-0416/gcc/testsuite/../g77 version 3.3 20030416 (prerelease)
=== gcc tests ===
Running target unix/-pthread
FAIL: gcc.c-torture/execute/20011219-1.c compilation, -O1
UNRESOLVED: gcc.c-torture/execute/20011219-1.c execution, -O1
FAIL: gcc.c-torture/execute/20011219-1.c compilation, -O2
UNRESOLVED: gcc.c-torture/execute/20011219-1.c execution, -O2
FAIL: gcc.c-torture/execute/20011219-1.c compilation, -O3 -g
UNRESOLVED: gcc.c-torture/execute/20011219-1.c execution, -O3 -g
FAIL: gcc.c-torture/execute/20011219-1.c compilation, -Os
UNRESOLVED: gcc.c-torture/execute/20011219-1.c execution, -Os
FAIL: gcc.c-torture/execute/conversion.c execution, -O0
FAIL: gcc.c-torture/execute/conversion.c execution, -O1
FAIL: gcc.c-torture/execute/conversion.c execution, -O2
FAIL: gcc.c-torture/execute/conversion.c execution, -Os
FAIL: gcc.dg/20030309-1.c (test for excess errors)
FAIL: gcc.dg/duff-2.c (test for excess errors)
FAIL: gcc.dg/nest.c (test for excess errors)
WARNING: gcc.dg/nest.c compilation failed to produce executable
FAIL: gcc.dg/uninit-C.c (test for excess errors)
FAIL: gcc.dg/format/c99-scanf-3.c vfscanf (test for warnings, line 21)
FAIL: gcc.dg/format/c99-scanf-3.c -DWIDE vfscanf (test for warnings, line 21)
FAIL: gcc.dg/format/ext-6.c vfscanf (test for warnings, line 42)
FAIL: gcc.dg/format/ext-6.c -DWIDE vfscanf (test for warnings, line 42)
=== gcc Summary ===
# of expected passes 20957
# of unexpected failures 16
# of expected failures 68
# of unresolved testcases 4
# of unsupported tests 84
/local0/scratch/ljrittle/gcc-build-ref4-0416/gcc/xgcc version 3.3 20030416 (prerelease)
=== objc tests ===
Running target unix/-pthread
=== objc Summary ===
# of expected passes 1153
/local0/scratch/ljrittle/gcc-build-ref4-0416/gcc/xgcc version 3.3 20030416 (prerelease)
=== libstdc++-v3 tests ===
Running target unix
WARNING: program timed out.
FAIL: thread/pthread2.cc execution test
WARNING: program timed out.
FAIL: thread/pthread3.cc execution test
=== libstdc++-v3 Summary ===
# of expected passes 428
# of unexpected failures 2
# of expected failures 17
Compiler version: 3.3 20030416 (prerelease)
Platform: i386-unknown-freebsd4.8
configure flags: --host=i386-unknown-freebsd4.8 --prefix=/home/ljrittle/tmp-ref4/install-ref4 --with-gnu-as --with-as=/usr/bin/as --with-gnu-ld --with-ld=/usr/bin/ld
BOOT_CFLAGS=-g -O2
Key: gmake is GNU make
make is BSD make as shipped on i386-unknown-freebsd4.8
srcdir means in-source configuration was done within the gcc source tree
objdir means out-source configuration was done within a fresh directory
ref4 (3.3) and ref5 (mainline) attempt to build gcc twice daily;
once for srcdir configuration and once for objdir configuration;
odd number days use GNU make; even days use BSD make; missing
reports infer breakage; partial reports are made when bootstap
completes in gcc but fails in a support library.
beast (3.3) builds gcc once daily using gmake with objdir conf.
See http://people.freebsd.org/~ljrittle/daily-gcc-bootstrap-reports
for all related transcript logs and log.sent files (not staged
until after all daily bootstraps for a machine complete).
More information about the Gcc-testresults
mailing list