Results for 3.2.3 20030414 (prerelease) testsuite on sparc-sun-solaris2.5.1
Eric Botcazou
eric@localhost.localdomain
Tue Apr 15 12:54:00 GMT 2003
LAST_UPDATED: Mon Apr 14 06:55:43 GMT 2003
Native configuration is sparc-sun-solaris2.5.1
=== g++ tests ===
Running target unix
=== g++ Summary ===
# of expected passes 7272
# of expected failures 91
# of untested testcases 21
# of unsupported tests 4
/opt/build/eric/gcc-3_2-branch/gcc/testsuite/../g++ version 3.2.3 20030414 (prerelease)
=== g77 tests ===
Running target unix
=== g77 Summary ===
# of expected passes 1458
# of unsupported tests 8
/opt/build/eric/gcc-3_2-branch/gcc/testsuite/../g77 version 3.2.3 20030414 (prerelease)
=== gcc tests ===
Running target unix
WARNING: gcc.dg/20021014-1.c compilation failed to produce executable
=== gcc Summary ===
# of expected passes 18429
# of expected failures 66
# of unsupported tests 120
/opt/build/eric/gcc-3_2-branch/gcc/xgcc version 3.2.3 20030414 (prerelease)
=== objc tests ===
Running target unix
=== objc Summary ===
# of expected passes 1035
# of expected failures 6
/opt/build/eric/gcc-3_2-branch/gcc/xgcc version 3.2.3 20030414 (prerelease)
=== libstdc++-v3 tests ===
Running target unix
XPASS: 22_locale/collate_members_wchar_t.cc execution test
XPASS: 22_locale/ctype_is_wchar_t.cc execution test
XPASS: 22_locale/money_get_members_wchar_t.cc execution test
XPASS: 22_locale/money_put_members_wchar_t.cc execution test
XPASS: 22_locale/moneypunct_members_wchar_t.cc execution test
XPASS: 22_locale/num_get_members_wchar_t.cc execution test
XPASS: 22_locale/num_put_members_wchar_t.cc execution test
XPASS: 22_locale/numpunct_members_wchar_t.cc execution test
XPASS: 22_locale/time_get_members_wchar_t.cc execution test
XPASS: 22_locale/time_put_members_wchar_t.cc execution test
FAIL: 23_containers/vector_resize.cc execution test
FAIL: 27_io/ios_base_storage.cc execution test
FAIL: thread/pthread1.cc (test for excess errors)
WARNING: thread/pthread1.cc compilation failed to produce executable
FAIL: thread/pthread2.cc (test for excess errors)
WARNING: thread/pthread2.cc compilation failed to produce executable
FAIL: thread/pthread3.cc (test for excess errors)
WARNING: thread/pthread3.cc compilation failed to produce executable
FAIL: thread/pthread4.cc (test for excess errors)
WARNING: thread/pthread4.cc compilation failed to produce executable
FAIL: thread/pthread5.cc (test for excess errors)
WARNING: thread/pthread5.cc compilation failed to produce executable
FAIL: thread/pthread6.cc (test for excess errors)
WARNING: thread/pthread6.cc compilation failed to produce executable
=== libstdc++-v3 Summary ===
# of expected passes 418
# of unexpected failures 8
# of unexpected successes 10
# of expected failures 17
Compiler version: 3.2.3 20030414 (prerelease)
Platform: sparc-sun-solaris2.5.1
configure flags: --host=sparc-sun-solaris2.5.1 --prefix=/opt/TWWfsw/gcc323 --with-local-prefix=/opt/TWWfsw/gcc323 --enable-languages=c,c++,objc,f77 --enable-checking=misc,tree --enable-shared --enable-threads --disable-nls
More information about the Gcc-testresults
mailing list