Results for 3.2.3 20030412 (prerelease) testsuite on s390x-ibm-linux-gnu

Ulrich Weigand weigand@immd1.informatik.uni-erlangen.de
Sun Apr 13 21:37:00 GMT 2003


LAST_UPDATED: 
Native configuration is s390x-ibm-linux-gnu

		=== g++ tests ===


Running target unix
XPASS: g++.other/init5.C  Execution test

		=== g++ Summary ===

# of expected passes		7349
# of unexpected successes	1
# of expected failures		88
# of untested testcases		23
# of unsupported tests		6
/mnt/dasdc1/weigand/fsf/gcc-3.2.3-build/gcc/testsuite/../g++ version 3.2.3 20030412 (prerelease)

		=== g77 tests ===


Running target unix

		=== g77 Summary ===

# of expected passes		1458
# of unsupported tests		8
/mnt/dasdc1/weigand/fsf/gcc-3.2.3-build/gcc/testsuite/../g77 version 3.2.3 20030412 (prerelease)

		=== gcc tests ===


Running target unix
XPASS: gcc.dg/c99-intconst-1.c (test for excess errors)

		=== gcc Summary ===

# of expected passes		18585
# of unexpected successes	1
# of expected failures		65
# of unsupported tests		129
/mnt/dasdc1/weigand/fsf/gcc-3.2.3-build/gcc/xgcc version 3.2.3 20030412 (prerelease)

		=== objc tests ===


Running target unix
FAIL: objc.dg/naming-1.m  (test for errors, line 20)
FAIL: objc.dg/naming-1.m (test for excess errors)
FAIL: objc.dg/naming-2.m  (test for errors, line 7)
FAIL: objc.dg/naming-2.m (test for excess errors)

		=== objc Summary ===

# of expected passes		1031
# of unexpected failures	4
# of expected failures		6
/mnt/dasdc1/weigand/fsf/gcc-3.2.3-build/gcc/xgcc version 3.2.3 20030412 (prerelease)

		=== libstdc++-v3 tests ===


Running target unix
XPASS: 22_locale/collate_byname.cc execution test
XPASS: 22_locale/collate_members_char.cc execution test
XPASS: 22_locale/collate_members_wchar_t.cc execution test
XPASS: 22_locale/ctype_is_char.cc execution test
XPASS: 22_locale/ctype_is_wchar_t.cc execution test
XPASS: 22_locale/members.cc execution test
XPASS: 22_locale/messages_byname.cc execution test
XPASS: 22_locale/messages_members_char.cc execution test
XPASS: 22_locale/money_get_members_char.cc execution test
XPASS: 22_locale/money_get_members_wchar_t.cc execution test
XPASS: 22_locale/money_put_members_char.cc execution test
XPASS: 22_locale/money_put_members_wchar_t.cc execution test
XPASS: 22_locale/moneypunct_byname.cc execution test
XPASS: 22_locale/moneypunct_members_char.cc execution test
XPASS: 22_locale/moneypunct_members_wchar_t.cc execution test
XPASS: 22_locale/num_get_members_char.cc execution test
XPASS: 22_locale/num_get_members_wchar_t.cc execution test
XPASS: 22_locale/num_put_members_char.cc execution test
XPASS: 22_locale/num_put_members_wchar_t.cc execution test
XPASS: 22_locale/numpunct_byname.cc execution test
XPASS: 22_locale/numpunct_members_char.cc execution test
XPASS: 22_locale/numpunct_members_wchar_t.cc execution test
XPASS: 22_locale/time_get_members_char.cc execution test
XPASS: 22_locale/time_get_members_wchar_t.cc execution test
XPASS: 22_locale/time_put_members_char.cc execution test
XPASS: 22_locale/time_put_members_wchar_t.cc execution test
FAIL: 26_numerics/c99_classification_macros_c.cc (test for excess errors)

		=== libstdc++-v3 Summary ===

# of expected passes		432
# of unexpected failures	1
# of unexpected successes	26

Compiler version: 3.2.3 20030412 (prerelease) 
Platform: s390x-ibm-linux-gnu
configure flags: --host=s390x-ibm-linux --enable-__cxa_atexit --prefix=/home/weigand/fsf/gcc-3.2.3-install --enable-languages=c,c++,objc,f77



More information about the Gcc-testresults mailing list