Results for 3.3 20030411 (prerelease) testsuite on hppa-unknown-linux-gnu
John David Anglin
dave@hiauly1.hia.nrc.ca
Fri Apr 11 15:15:00 GMT 2003
LAST_UPDATED: Fri Apr 11 03:16:42 UTC 2003
Native configuration is hppa-unknown-linux-gnu
=== g++ tests ===
Running target unix
FAIL: g++.dg/compat/break/bitfield7 y_tst.o compile
UNRESOLVED: g++.dg/compat/break/bitfield7 x_tst.o-y_tst.o link
UNRESOLVED: g++.dg/compat/break/bitfield7 x_tst.o-y_tst.o execute
=== g++ Summary ===
# of expected passes 7893
# of unexpected failures 1
# of expected failures 97
# of unresolved testcases 2
# of untested testcases 23
# of unsupported tests 17
/home/dave/gcc-3.3/objdir/gcc/testsuite/../g++ version 3.3 20030411 (prerelease)
=== g77 tests ===
Running target unix
=== g77 Summary ===
# of expected passes 1674
# of unsupported tests 8
/home/dave/gcc-3.3/objdir/gcc/testsuite/../g77 version 3.3 20030411 (prerelease)
=== gcc tests ===
Running target unix
FAIL: gcc.c-torture/compile/20030405-1.c, -O2
FAIL: gcc.c-torture/compile/20030405-1.c, -O3 -fomit-frame-pointer
FAIL: gcc.c-torture/compile/20030405-1.c, -O3 -g
FAIL: gcc.dg/duff-2.c (test for excess errors)
FAIL: gcc.dg/typespec-1.c unsigned long long int char (test for errors, line 929)
FAIL: gcc.dg/typespec-1.c unsigned long long int short (test for errors, line 930)
FAIL: gcc.dg/typespec-1.c unsigned long long int int (test for errors, line 931)
FAIL: gcc.dg/typespec-1.c unsigned long long int long (test for errors, line 932)
FAIL: gcc.dg/typespec-1.c unsigned long long int float (test for errors, line 933)
FAIL: gcc.dg/typespec-1.c unsigned long long int double (test for errors, line 934)
FAIL: gcc.dg/typespec-1.c unsigned long long int signed (test for errors, line 935)
FAIL: gcc.dg/typespec-1.c unsigned long long int unsigned (test for errors, line 936)
FAIL: gcc.dg/typespec-1.c unsigned long long int _Bool (test for errors, line 937)
FAIL: gcc.dg/uninit-C.c (test for excess errors)
FAIL: gcc.dg/format/ext-1.c printf_unlocked (test for warnings, line 125)
FAIL: gcc.dg/format/ext-1.c (test for excess errors)
=== gcc Summary ===
# of expected passes 20739
# of unexpected failures 16
# of expected failures 67
# of unsupported tests 170
/home/dave/gcc-3.3/objdir/gcc/xgcc version 3.3 20030411 (prerelease)
=== objc tests ===
Running target unix
=== objc Summary ===
# of expected passes 1153
/home/dave/gcc-3.3/objdir/gcc/xgcc version 3.3 20030411 (prerelease)
=== libstdc++-v3 tests ===
Running target unix
XPASS: 22_locale/collate_byname.cc execution test
XPASS: 22_locale/collate_members_char.cc execution test
XPASS: 22_locale/collate_members_wchar_t.cc execution test
XPASS: 22_locale/ctype_is_char.cc execution test
XPASS: 22_locale/members.cc execution test
XPASS: 22_locale/money_get_members_char.cc execution test
XPASS: 22_locale/money_get_members_wchar_t.cc execution test
XPASS: 22_locale/money_put_members_char.cc execution test
XPASS: 22_locale/money_put_members_wchar_t.cc execution test
XPASS: 22_locale/moneypunct_byname.cc execution test
XPASS: 22_locale/moneypunct_members_char.cc execution test
XPASS: 22_locale/moneypunct_members_wchar_t.cc execution test
XPASS: 22_locale/num_get_members_char.cc execution test
XPASS: 22_locale/num_get_members_wchar_t.cc execution test
XPASS: 22_locale/num_put_members_char.cc execution test
XPASS: 22_locale/num_put_members_wchar_t.cc execution test
XPASS: 22_locale/numpunct_byname.cc execution test
XPASS: 22_locale/numpunct_members_char.cc execution test
XPASS: 22_locale/numpunct_members_wchar_t.cc execution test
XPASS: 22_locale/time_get_members_char.cc execution test
XPASS: 22_locale/time_get_members_wchar_t.cc execution test
XPASS: 22_locale/time_put_members_char.cc execution test
XPASS: 22_locale/time_put_members_wchar_t.cc execution test
FAIL: 26_numerics/c99_classification_macros_c.cc (test for excess errors)
=== libstdc++-v3 Summary ===
# of expected passes 452
# of unexpected failures 1
# of unexpected successes 23
# of expected failures 4
Compiler version: 3.3 20030411 (prerelease)
Platform: hppa-unknown-linux-gnu
configure flags: --with-gnu-as --with-as=/home/dave/opt/gnu/bin/as --with-gnu-ld --with-ld=/home/dave/opt/gnu/bin/ld --enable-shared --disable-nls --prefix=/home/dave/opt/gnu/gcc/gcc-3.3 --with-local-prefix=/home/dave/opt/gnu --enable-threads=posix --host=hppa-linux
More information about the Gcc-testresults
mailing list