Results for 3.3 20030408 (prerelease) testsuite on sparc64-unknown-linux-gnu
c.christian.joensson@telia.com
c.christian.joensson@telia.com
Wed Apr 9 21:59:00 GMT 2003
Aurora SPARC Linux 1.0 (Ansel) Ultra1 single UltraSparc I sun4u:
binutils 2.13.90 20030408 sparc64-linux
bison-1.35-1
dejagnu-1.4.2-10 (ftp://ftp.redhat.com/pub/redhat/linux/rawhide/SRPMS/SRPMS)
expect-5.32.2-67
gcc 20030405 (prerelease)
glibc-2.2.5-42
glibc-kernheaders-2.4-7.16sparc
glibc64-2.2.5-42
kernel-2.4.20-3.0sparc (experimental Aurora kernel)
tcl-8.3.3-67
LAST_UPDATED: Tue Apr 8 18:48:07 UTC 2003
Native configuration is sparc64-unknown-linux-gnu
=== g77 tests ===
Running target unix/-m32
=== g77 Summary for unix/-m32 ===
# of expected passes 1674
# of unsupported tests 8
Running target unix/-fPIC
=== g77 Summary for unix/-fPIC ===
# of expected passes 1674
# of unsupported tests 8
Running target unix/-fpic
=== g77 Summary for unix/-fpic ===
# of expected passes 1674
# of unsupported tests 8
Running target unix
=== g77 Summary for unix ===
# of expected passes 1674
# of unsupported tests 8
=== g77 Summary ===
# of expected passes 6696
# of unsupported tests 32
/usr/local/src/gcc-binutils/branch/objdir/gcc/testsuite/../g77 version 3.3 20030408 (prerelease)
=== gcc tests ===
Running target unix/-m32
FAIL: gcc.c-torture/execute/strncmp-1.c execution, -O0
FAIL: gcc.c-torture/execute/strncmp-1.c execution, -O1
FAIL: gcc.c-torture/execute/strncmp-1.c execution, -O2
FAIL: gcc.c-torture/execute/strncmp-1.c execution, -O3 -fomit-frame-pointer
FAIL: gcc.c-torture/execute/strncmp-1.c execution, -O3 -fomit-frame-pointer -funroll-loops
FAIL: gcc.c-torture/execute/strncmp-1.c execution, -O3 -fomit-frame-pointer -funroll-all-loops -finline-functions
FAIL: gcc.c-torture/execute/strncmp-1.c execution, -O3 -g
FAIL: gcc.c-torture/execute/strncmp-1.c execution, -Os
FAIL: gcc.dg/duff-2.c (test for excess errors)
FAIL: gcc.dg/ultrasp2.c (test for excess errors)
FAIL: gcc.dg/ultrasp4.c (test for excess errors)
=== gcc Summary for unix/-m32 ===
# of expected passes 20760
# of unexpected failures 11
# of expected failures 67
# of unsupported tests 162
Running target unix/-fPIC
FAIL: gcc.c-torture/compile/simd-5.c, -O0
FAIL: gcc.c-torture/compile/simd-5.c, -O1
FAIL: gcc.c-torture/compile/simd-5.c, -O2
FAIL: gcc.c-torture/compile/simd-5.c, -O3 -fomit-frame-pointer
FAIL: gcc.c-torture/compile/simd-5.c, -O3 -g
FAIL: gcc.c-torture/compile/simd-5.c, -Os
FAIL: gcc.c-torture/execute/conversion.c execution, -O0
FAIL: gcc.c-torture/execute/conversion.c execution, -O1
FAIL: gcc.c-torture/execute/conversion.c execution, -O2
FAIL: gcc.c-torture/execute/conversion.c execution, -O3 -fomit-frame-pointer
FAIL: gcc.c-torture/execute/conversion.c execution, -O3 -g
FAIL: gcc.c-torture/execute/conversion.c execution, -Os
FAIL: gcc.c-torture/execute/strncmp-1.c execution, -O0
FAIL: gcc.c-torture/execute/strncmp-1.c execution, -O1
FAIL: gcc.c-torture/execute/strncmp-1.c execution, -O2
FAIL: gcc.c-torture/execute/strncmp-1.c execution, -O3 -fomit-frame-pointer
FAIL: gcc.c-torture/execute/strncmp-1.c execution, -O3 -fomit-frame-pointer -funroll-loops
FAIL: gcc.c-torture/execute/strncmp-1.c execution, -O3 -fomit-frame-pointer -funroll-all-loops -finline-functions
FAIL: gcc.c-torture/execute/strncmp-1.c execution, -O3 -g
FAIL: gcc.c-torture/execute/strncmp-1.c execution, -Os
FAIL: gcc.dg/20021014-1.c execution test
FAIL: gcc.dg/duff-2.c (test for excess errors)
FAIL: gcc.dg/nest.c execution test
FAIL: linkage.c
=== gcc Summary for unix/-fPIC ===
# of expected passes 20743
# of unexpected failures 24
# of expected failures 71
# of unsupported tests 162
Running target unix/-fpic
FAIL: gcc.c-torture/compile/simd-5.c, -O0
FAIL: gcc.c-torture/compile/simd-5.c, -O1
FAIL: gcc.c-torture/compile/simd-5.c, -O2
FAIL: gcc.c-torture/compile/simd-5.c, -O3 -fomit-frame-pointer
FAIL: gcc.c-torture/compile/simd-5.c, -O3 -g
FAIL: gcc.c-torture/compile/simd-5.c, -Os
FAIL: gcc.c-torture/execute/conversion.c execution, -O0
FAIL: gcc.c-torture/execute/conversion.c execution, -O1
FAIL: gcc.c-torture/execute/conversion.c execution, -O2
FAIL: gcc.c-torture/execute/conversion.c execution, -O3 -fomit-frame-pointer
FAIL: gcc.c-torture/execute/conversion.c execution, -O3 -g
FAIL: gcc.c-torture/execute/conversion.c execution, -Os
FAIL: gcc.c-torture/execute/strncmp-1.c execution, -O0
FAIL: gcc.c-torture/execute/strncmp-1.c execution, -O1
FAIL: gcc.c-torture/execute/strncmp-1.c execution, -O2
FAIL: gcc.c-torture/execute/strncmp-1.c execution, -O3 -fomit-frame-pointer
FAIL: gcc.c-torture/execute/strncmp-1.c execution, -O3 -fomit-frame-pointer -funroll-loops
FAIL: gcc.c-torture/execute/strncmp-1.c execution, -O3 -fomit-frame-pointer -funroll-all-loops -finline-functions
FAIL: gcc.c-torture/execute/strncmp-1.c execution, -O3 -g
FAIL: gcc.c-torture/execute/strncmp-1.c execution, -Os
FAIL: gcc.dg/20021014-1.c execution test
FAIL: gcc.dg/duff-2.c (test for excess errors)
FAIL: gcc.dg/nest.c execution test
FAIL: linkage.c
=== gcc Summary for unix/-fpic ===
# of expected passes 20743
# of unexpected failures 24
# of expected failures 71
# of unsupported tests 162
Running target unix
FAIL: gcc.c-torture/compile/simd-5.c, -O0
FAIL: gcc.c-torture/compile/simd-5.c, -O1
FAIL: gcc.c-torture/compile/simd-5.c, -O2
FAIL: gcc.c-torture/compile/simd-5.c, -O3 -fomit-frame-pointer
FAIL: gcc.c-torture/compile/simd-5.c, -O3 -g
FAIL: gcc.c-torture/compile/simd-5.c, -Os
FAIL: gcc.c-torture/execute/conversion.c execution, -O0
FAIL: gcc.c-torture/execute/conversion.c execution, -O1
FAIL: gcc.c-torture/execute/conversion.c execution, -O2
FAIL: gcc.c-torture/execute/conversion.c execution, -Os
FAIL: gcc.c-torture/execute/strncmp-1.c execution, -O0
FAIL: gcc.c-torture/execute/strncmp-1.c execution, -O1
FAIL: gcc.c-torture/execute/strncmp-1.c execution, -O2
FAIL: gcc.c-torture/execute/strncmp-1.c execution, -O3 -fomit-frame-pointer
FAIL: gcc.c-torture/execute/strncmp-1.c execution, -O3 -fomit-frame-pointer -funroll-loops
FAIL: gcc.c-torture/execute/strncmp-1.c execution, -O3 -fomit-frame-pointer -funroll-all-loops -finline-functions
FAIL: gcc.c-torture/execute/strncmp-1.c execution, -O3 -g
FAIL: gcc.c-torture/execute/strncmp-1.c execution, -Os
FAIL: gcc.dg/20021014-1.c execution test
FAIL: gcc.dg/duff-2.c (test for excess errors)
FAIL: gcc.dg/nest.c execution test
FAIL: linkage.c
=== gcc Summary for unix ===
# of expected passes 20745
# of unexpected failures 22
# of expected failures 71
# of unsupported tests 162
=== gcc Summary ===
# of expected passes 82991
# of unexpected failures 81
# of expected failures 280
# of unsupported tests 648
/usr/local/src/gcc-binutils/branch/objdir/gcc/xgcc version 3.3 20030408 (prerelease)
=== g++ tests ===
Running target unix/-m32
FAIL: g++.dg/compat/break/bitfield7 y_tst.o compile
UNRESOLVED: g++.dg/compat/break/bitfield7 x_tst.o-y_tst.o link
UNRESOLVED: g++.dg/compat/break/bitfield7 x_tst.o-y_tst.o execute
=== g++ Summary for unix/-m32 ===
# of expected passes 7895
# of unexpected failures 1
# of expected failures 97
# of unresolved testcases 2
# of untested testcases 23
# of unsupported tests 16
Running target unix/-fPIC
FAIL: g++.law/profile1.C Execution test
=== g++ Summary for unix/-fPIC ===
# of expected passes 7896
# of unexpected failures 1
# of expected failures 98
# of untested testcases 23
# of unsupported tests 16
Running target unix/-fpic
FAIL: g++.law/profile1.C Execution test
=== g++ Summary for unix/-fpic ===
# of expected passes 7896
# of unexpected failures 1
# of expected failures 98
# of untested testcases 23
# of unsupported tests 16
Running target unix
FAIL: g++.law/profile1.C Execution test
=== g++ Summary for unix ===
# of expected passes 7896
# of unexpected failures 1
# of expected failures 98
# of untested testcases 23
# of unsupported tests 16
=== g++ Summary ===
# of expected passes 31583
# of unexpected failures 4
# of expected failures 391
# of unresolved testcases 2
# of untested testcases 92
# of unsupported tests 64
/usr/local/src/gcc-binutils/branch/objdir/gcc/testsuite/../g++ version 3.3 20030408 (prerelease)
=== objc tests ===
Running target unix/-m32
=== objc Summary for unix/-m32 ===
# of expected passes 1153
Running target unix/-fPIC
=== objc Summary for unix/-fPIC ===
# of expected passes 1153
Running target unix/-fpic
=== objc Summary for unix/-fpic ===
# of expected passes 1153
Running target unix
=== objc Summary for unix ===
# of expected passes 1153
=== objc Summary ===
# of expected passes 4612
/usr/local/src/gcc-binutils/branch/objdir/gcc/xgcc version 3.3 20030408 (prerelease)
=== libstdc++-v3 tests ===
Running target unix/-m32
XPASS: 22_locale/collate_byname.cc execution test
XPASS: 22_locale/collate_members_char.cc execution test
XPASS: 22_locale/collate_members_wchar_t.cc execution test
XPASS: 22_locale/ctype_is_char.cc execution test
XPASS: 22_locale/ctype_is_wchar_t.cc execution test
XPASS: 22_locale/members.cc execution test
XPASS: 22_locale/money_get_members_char.cc execution test
XPASS: 22_locale/money_get_members_wchar_t.cc execution test
XPASS: 22_locale/money_put_members_char.cc execution test
XPASS: 22_locale/money_put_members_wchar_t.cc execution test
XPASS: 22_locale/moneypunct_byname.cc execution test
XPASS: 22_locale/moneypunct_members_char.cc execution test
XPASS: 22_locale/moneypunct_members_wchar_t.cc execution test
XPASS: 22_locale/num_get_members_char.cc execution test
XPASS: 22_locale/num_get_members_wchar_t.cc execution test
XPASS: 22_locale/num_put_members_char.cc execution test
XPASS: 22_locale/num_put_members_wchar_t.cc execution test
XPASS: 22_locale/numpunct_byname.cc execution test
XPASS: 22_locale/numpunct_members_char.cc execution test
XPASS: 22_locale/numpunct_members_wchar_t.cc execution test
XPASS: 22_locale/time_get_members_char.cc execution test
XPASS: 22_locale/time_get_members_wchar_t.cc execution test
XPASS: 22_locale/time_put_members_char.cc execution test
XPASS: 22_locale/time_put_members_wchar_t.cc execution test
FAIL: 26_numerics/c99_classification_macros_c.cc (test for excess errors)
WARNING: program timed out.
FAIL: thread/pthread5.cc execution test
=== libstdc++-v3 Summary for unix/-m32 ===
# of expected passes 451
# of unexpected failures 2
# of unexpected successes 24
# of expected failures 3
Running target unix/-fPIC
XPASS: 22_locale/collate_byname.cc execution test
XPASS: 22_locale/collate_members_char.cc execution test
XPASS: 22_locale/collate_members_wchar_t.cc execution test
XPASS: 22_locale/ctype_is_char.cc execution test
XPASS: 22_locale/ctype_is_wchar_t.cc execution test
XPASS: 22_locale/members.cc execution test
XPASS: 22_locale/messages_byname.cc execution test
XPASS: 22_locale/messages_members_char.cc execution test
XPASS: 22_locale/money_get_members_char.cc execution test
XPASS: 22_locale/money_get_members_wchar_t.cc execution test
XPASS: 22_locale/money_put_members_char.cc execution test
XPASS: 22_locale/money_put_members_wchar_t.cc execution test
XPASS: 22_locale/moneypunct_byname.cc execution test
XPASS: 22_locale/moneypunct_members_char.cc execution test
XPASS: 22_locale/moneypunct_members_wchar_t.cc execution test
XPASS: 22_locale/num_get_members_char.cc execution test
XPASS: 22_locale/num_get_members_wchar_t.cc execution test
XPASS: 22_locale/num_put_members_char.cc execution test
XPASS: 22_locale/num_put_members_wchar_t.cc execution test
XPASS: 22_locale/numpunct_byname.cc execution test
XPASS: 22_locale/numpunct_members_char.cc execution test
XPASS: 22_locale/numpunct_members_wchar_t.cc execution test
XPASS: 22_locale/time_get_members_char.cc execution test
XPASS: 22_locale/time_get_members_wchar_t.cc execution test
XPASS: 22_locale/time_put_members_char.cc execution test
XPASS: 22_locale/time_put_members_wchar_t.cc execution test
FAIL: 26_numerics/c99_classification_macros_c.cc (test for excess errors)
WARNING: program timed out.
FAIL: thread/pthread4.cc execution test
=== libstdc++-v3 Summary for unix/-fPIC ===
# of expected passes 451
# of unexpected failures 2
# of unexpected successes 26
# of expected failures 1
Running target unix/-fpic
XPASS: 22_locale/collate_byname.cc execution test
XPASS: 22_locale/collate_members_char.cc execution test
XPASS: 22_locale/collate_members_wchar_t.cc execution test
XPASS: 22_locale/ctype_is_char.cc execution test
XPASS: 22_locale/ctype_is_wchar_t.cc execution test
XPASS: 22_locale/members.cc execution test
XPASS: 22_locale/messages_byname.cc execution test
XPASS: 22_locale/messages_members_char.cc execution test
XPASS: 22_locale/money_get_members_char.cc execution test
XPASS: 22_locale/money_get_members_wchar_t.cc execution test
XPASS: 22_locale/money_put_members_char.cc execution test
XPASS: 22_locale/money_put_members_wchar_t.cc execution test
XPASS: 22_locale/moneypunct_byname.cc execution test
XPASS: 22_locale/moneypunct_members_char.cc execution test
XPASS: 22_locale/moneypunct_members_wchar_t.cc execution test
XPASS: 22_locale/num_get_members_char.cc execution test
XPASS: 22_locale/num_get_members_wchar_t.cc execution test
XPASS: 22_locale/num_put_members_char.cc execution test
XPASS: 22_locale/num_put_members_wchar_t.cc execution test
XPASS: 22_locale/numpunct_byname.cc execution test
XPASS: 22_locale/numpunct_members_char.cc execution test
XPASS: 22_locale/numpunct_members_wchar_t.cc execution test
XPASS: 22_locale/time_get_members_char.cc execution test
XPASS: 22_locale/time_get_members_wchar_t.cc execution test
XPASS: 22_locale/time_put_members_char.cc execution test
XPASS: 22_locale/time_put_members_wchar_t.cc execution test
FAIL: 26_numerics/c99_classification_macros_c.cc (test for excess errors)
WARNING: program timed out.
FAIL: thread/pthread4.cc execution test
=== libstdc++-v3 Summary for unix/-fpic ===
# of expected passes 451
# of unexpected failures 2
# of unexpected successes 26
# of expected failures 1
Running target unix
XPASS: 22_locale/collate_byname.cc execution test
XPASS: 22_locale/collate_members_char.cc execution test
XPASS: 22_locale/collate_members_wchar_t.cc execution test
XPASS: 22_locale/ctype_is_char.cc execution test
XPASS: 22_locale/ctype_is_wchar_t.cc execution test
XPASS: 22_locale/members.cc execution test
XPASS: 22_locale/messages_byname.cc execution test
XPASS: 22_locale/messages_members_char.cc execution test
XPASS: 22_locale/money_get_members_char.cc execution test
XPASS: 22_locale/money_get_members_wchar_t.cc execution test
XPASS: 22_locale/money_put_members_char.cc execution test
XPASS: 22_locale/money_put_members_wchar_t.cc execution test
XPASS: 22_locale/moneypunct_byname.cc execution test
XPASS: 22_locale/moneypunct_members_char.cc execution test
XPASS: 22_locale/moneypunct_members_wchar_t.cc execution test
XPASS: 22_locale/num_get_members_char.cc execution test
XPASS: 22_locale/num_get_members_wchar_t.cc execution test
XPASS: 22_locale/num_put_members_char.cc execution test
XPASS: 22_locale/num_put_members_wchar_t.cc execution test
XPASS: 22_locale/numpunct_byname.cc execution test
XPASS: 22_locale/numpunct_members_char.cc execution test
XPASS: 22_locale/numpunct_members_wchar_t.cc execution test
XPASS: 22_locale/time_get_members_char.cc execution test
XPASS: 22_locale/time_get_members_wchar_t.cc execution test
XPASS: 22_locale/time_put_members_char.cc execution test
XPASS: 22_locale/time_put_members_wchar_t.cc execution test
FAIL: 26_numerics/c99_classification_macros_c.cc (test for excess errors)
WARNING: program timed out.
FAIL: thread/pthread4.cc execution test
=== libstdc++-v3 Summary for unix ===
# of expected passes 451
# of unexpected failures 2
# of unexpected successes 26
# of expected failures 1
=== libstdc++-v3 Summary ===
# of expected passes 1804
# of unexpected failures 8
# of unexpected successes 102
# of expected failures 6
Compiler version: 3.3 20030408 (prerelease)
Platform: sparc64-unknown-linux-gnu
configure flags: --host=sparc64-linux --prefix=/usr/local/gcc-binutils --enable-shared --enable-threads=posix --enable-languages=c,c++,f77,objc --disable-libgcj
Counting all warnings,
there are 76 warnings in stage0 of this bootstrap.
Number of warnings per file:
42 libiberty/regex.c
6 libf2c/libI77/rsne.c
6 include/xregex2.h
4 libobjc/linking.m
2 runtime-info.h
2 libobjc/Protocol.m
2 libobjc/Object.m
2 libobjc/encoding.c
2 libf2c/libU77/vxtidate_.c
2 libf2c/libU77/hostnm_.c
2 libf2c/libU77/date_.c
2 libf2c/libI77/open.c
2 libf2c/libI77/inquire.c
Number of warning types:
24 signed and unsigned type in conditional expression
8 \`???' might be used uninitialized in this function
8 dereferencing type-punned pointer will break strict-aliasing rules
6 useless keyword or type name in empty declaration
6 unused parameter \`???'
6 ISO C90 does not support \`static' or type qualifiers in parameter array declarators
6 empty declaration
4 \`???' defined but not used
4 control reaches end of non-void function
2 implicit declaration of function \`???'
2 comparison between signed and unsigned
Counting all warnings,
there are 19 warnings in stage3 of this bootstrap.
Number of warnings per file:
4 gcc/gcc.c
3 /usr/share/bison/bison.simple
3 gcc/tlink.c
2 gcc/unwind-dw2.c
2 gcc/f/sta.c
2 gcc/crtstuff.c
1 gcc/ra-build.c
1 gcc/objc/lang-specs.h
1 gcc/collect2.c
Number of warning types:
4 string length \`???' is greater than the length \`???' ISO C89 compilers are required to support
4 comparison of unsigned expression < 0 is always false
3 label \`???' defined but not used
2 return makes integer from pointer without a cast
2 passing arg ??? of \`???' discards qualifiers from pointer target type
2 dereferencing type-punned pointer will break strict-aliasing rules
1 traditional C rejects string concatenation
1 \`long' switch expression not converted to \`int' in ISO C
More information about the Gcc-testresults
mailing list