Results for 3.4 20030407 (experimental) testsuite on sparc-sun-solaris2.8

Robert Schiele schiele@pi3.informatik.uni-mannheim.de
Tue Apr 8 09:26:00 GMT 2003


LAST_UPDATED: Mon Apr  7 22:18:05 UTC 2003

Native configuration is sparc-sun-solaris2.8

		=== g++ tests ===


Running target unix
FAIL: g++.dg/compat/break/bitfield7 y_tst.o compile
UNRESOLVED: g++.dg/compat/break/bitfield7 x_tst.o-y_tst.o link 
UNRESOLVED: g++.dg/compat/break/bitfield7 x_tst.o-y_tst.o execute 
FAIL: g++.dg/eh/simd-1.C (test for excess errors)
WARNING: g++.dg/eh/simd-1.C compilation failed to produce executable
FAIL: g++.dg/eh/simd-2.C (test for excess errors)
WARNING: g++.dg/eh/simd-2.C compilation failed to produce executable
FAIL: g++.dg/opt/vtgc1.C scan-assembler-dem .vtable_inherit[ 	]*vtable for Multivv3.*0
FAIL: g++.dg/opt/vtgc1.C scan-assembler-dem .vtable_inherit[ 	]*VTT for Multivv3.*0
FAIL: g++.dg/opt/vtgc1.C scan-assembler-dem .vtable_inherit[ 	]*vtable for Multiss2.*vtable for Base2
FAIL: g++.dg/opt/vtgc1.C scan-assembler-dem .vtable_inherit[ 	]*vtable for Multivs1.*vtable for Base2
FAIL: g++.dg/opt/vtgc1.C scan-assembler-dem .vtable_inherit[ 	]*VTT for Multivs1.*vtable for Base2
FAIL: g++.dg/opt/vtgc1.C scan-assembler-dem .vtable_inherit[ 	]*vtable for Multisv0.*vtable for Side0
FAIL: g++.dg/opt/vtgc1.C scan-assembler-dem .vtable_inherit[ 	]*VTT for Multisv0.*vtable for Side0
FAIL: g++.dg/opt/vtgc1.C scan-assembler-dem .vtable_inherit[ 	]*vtable for Side0.*0
FAIL: g++.dg/opt/vtgc1.C scan-assembler-dem .vtable_inherit[ 	]*vtable for VbasedA.*0
FAIL: g++.dg/opt/vtgc1.C scan-assembler-dem .vtable_inherit[ 	]*VTT for VbasedA.*0
FAIL: g++.dg/opt/vtgc1.C scan-assembler-dem .vtable_inherit[ 	]*vtable for Base2.*vtable for Base1
FAIL: g++.dg/opt/vtgc1.C scan-assembler-dem .vtable_inherit[ 	]*vtable for Base1.*vtable for Base0
FAIL: g++.dg/opt/vtgc1.C scan-assembler-dem .vtable_inherit[ 	]*vtable for Base0.*0
FAIL: g++.dg/pch/empty.C (test for excess errors)
FAIL: g++.dg/pch/empty.C (test for excess errors)
FAIL: g++.dg/pch/empty.C (test for excess errors)
FAIL: g++.dg/pch/system-1.C (test for excess errors)
FAIL: g++.dg/pch/system-1.C (test for excess errors)
FAIL: g++.dg/pch/system-1.C (test for excess errors)
FAIL: g++.dg/pch/system-2.C (test for excess errors)
FAIL: g++.dg/pch/system-2.C (test for excess errors)
FAIL: g++.dg/pch/system-2.C (test for excess errors)
FAIL: g++.dg/pch/uninst.C (test for excess errors)
FAIL: g++.dg/pch/uninst.C (test for excess errors)
FAIL: g++.dg/pch/uninst.C (test for excess errors)

		=== g++ Summary ===

# of expected passes		8374
# of unexpected failures	28
# of expected failures		71
# of unresolved testcases	2
# of untested testcases		33
# of unsupported tests		17
/export/share1/gccbuild/gcc/testsuite/../g++ version 3.4 20030407 (experimental)

		=== g77 tests ===


Running target unix
FAIL: g77.f-torture/execute/980520-1.f compilation,  -O0 

		=== g77 Summary ===

# of expected passes		1678
# of unexpected failures	1
# of untested testcases		1
# of unsupported tests		8
/export/share1/gccbuild/gcc/testsuite/../g77 version 3.4 20030407 (experimental)

		=== gcc tests ===


Running target unix
WARNING: program timed out.
FAIL: gcc.c-torture/compile/20001226-1.c,  -O3 -g  
FAIL: gcc.c-torture/execute/20010119-1.c compilation,  -O2 
UNRESOLVED: gcc.c-torture/execute/20010119-1.c execution,  -O2 
FAIL: gcc.c-torture/execute/20010119-1.c compilation,  -O3 -fomit-frame-pointer 
UNRESOLVED: gcc.c-torture/execute/20010119-1.c execution,  -O3 -fomit-frame-pointer 
FAIL: gcc.c-torture/execute/20010119-1.c compilation,  -O3 -fomit-frame-pointer -funroll-loops 
UNRESOLVED: gcc.c-torture/execute/20010119-1.c execution,  -O3 -fomit-frame-pointer -funroll-loops 
FAIL: gcc.c-torture/execute/20010119-1.c compilation,  -O3 -fomit-frame-pointer -funroll-all-loops -finline-functions 
UNRESOLVED: gcc.c-torture/execute/20010119-1.c execution,  -O3 -fomit-frame-pointer -funroll-all-loops -finline-functions 
FAIL: gcc.c-torture/execute/20010119-1.c compilation,  -O3 -g 
UNRESOLVED: gcc.c-torture/execute/20010119-1.c execution,  -O3 -g 
FAIL: gcc.c-torture/execute/20010119-1.c compilation,  -Os 
UNRESOLVED: gcc.c-torture/execute/20010119-1.c execution,  -Os 
WARNING: gcc.dg/20021014-1.c compilation failed to produce executable
FAIL: gcc.dg/20030324-1.c execution test
FAIL: gcc.dg/duff-2.c (test for excess errors)
XPASS: gcc.dg/uninit-4.c uninitialized variable warning (test for bogus messages, line 26)
FAIL: gcc.dg/warn-1.c  (test for warnings, line 8)
FAIL: gcc.dg/warn-1.c  (test for warnings, line 15)
FAIL: gcc.dg/pch/common-1.c (test for excess errors)
FAIL: gcc.dg/pch/common-1.c (test for excess errors)
FAIL: gcc.dg/pch/common-1.c (test for excess errors)
FAIL: gcc.dg/pch/common-1.c (test for excess errors)
FAIL: gcc.dg/pch/common-1.c (test for excess errors)
FAIL: gcc.dg/pch/common-1.c (test for excess errors)
FAIL: gcc.dg/pch/common-1.c (test for excess errors)
FAIL: gcc.dg/pch/cpp-1.c (test for excess errors)
FAIL: gcc.dg/pch/cpp-1.c (test for excess errors)
FAIL: gcc.dg/pch/cpp-1.c (test for excess errors)
FAIL: gcc.dg/pch/cpp-1.c (test for excess errors)
FAIL: gcc.dg/pch/cpp-1.c (test for excess errors)
FAIL: gcc.dg/pch/cpp-1.c (test for excess errors)
FAIL: gcc.dg/pch/cpp-1.c (test for excess errors)
FAIL: gcc.dg/pch/cpp-2.c (test for excess errors)
FAIL: gcc.dg/pch/cpp-2.c (test for excess errors)
FAIL: gcc.dg/pch/cpp-2.c (test for excess errors)
FAIL: gcc.dg/pch/cpp-2.c (test for excess errors)
FAIL: gcc.dg/pch/cpp-2.c (test for excess errors)
FAIL: gcc.dg/pch/cpp-2.c (test for excess errors)
FAIL: gcc.dg/pch/cpp-2.c (test for excess errors)
FAIL: gcc.dg/pch/decl-1.c (test for excess errors)
FAIL: gcc.dg/pch/decl-1.c (test for excess errors)
FAIL: gcc.dg/pch/decl-1.c (test for excess errors)
FAIL: gcc.dg/pch/decl-1.c (test for excess errors)
FAIL: gcc.dg/pch/decl-1.c (test for excess errors)
FAIL: gcc.dg/pch/decl-1.c (test for excess errors)
FAIL: gcc.dg/pch/decl-1.c (test for excess errors)
FAIL: gcc.dg/pch/decl-2.c (test for excess errors)
FAIL: gcc.dg/pch/decl-2.c (test for excess errors)
FAIL: gcc.dg/pch/decl-2.c (test for excess errors)
FAIL: gcc.dg/pch/decl-2.c (test for excess errors)
FAIL: gcc.dg/pch/decl-2.c (test for excess errors)
FAIL: gcc.dg/pch/decl-2.c (test for excess errors)
FAIL: gcc.dg/pch/decl-2.c (test for excess errors)
FAIL: gcc.dg/pch/decl-3.c (test for excess errors)
FAIL: gcc.dg/pch/decl-3.c (test for excess errors)
FAIL: gcc.dg/pch/decl-3.c (test for excess errors)
FAIL: gcc.dg/pch/decl-3.c (test for excess errors)
FAIL: gcc.dg/pch/decl-3.c (test for excess errors)
FAIL: gcc.dg/pch/decl-3.c (test for excess errors)
FAIL: gcc.dg/pch/decl-3.c (test for excess errors)
FAIL: gcc.dg/pch/decl-4.c (test for excess errors)
FAIL: gcc.dg/pch/decl-4.c (test for excess errors)
FAIL: gcc.dg/pch/decl-4.c (test for excess errors)
FAIL: gcc.dg/pch/decl-4.c (test for excess errors)
FAIL: gcc.dg/pch/decl-4.c (test for excess errors)
FAIL: gcc.dg/pch/decl-4.c (test for excess errors)
FAIL: gcc.dg/pch/decl-4.c (test for excess errors)
FAIL: gcc.dg/pch/decl-5.c (test for excess errors)
FAIL: gcc.dg/pch/decl-5.c (test for excess errors)
FAIL: gcc.dg/pch/decl-5.c (test for excess errors)
FAIL: gcc.dg/pch/decl-5.c (test for excess errors)
FAIL: gcc.dg/pch/decl-5.c (test for excess errors)
FAIL: gcc.dg/pch/decl-5.c (test for excess errors)
FAIL: gcc.dg/pch/decl-5.c (test for excess errors)
FAIL: gcc.dg/pch/empty.c (test for excess errors)
FAIL: gcc.dg/pch/empty.c (test for excess errors)
FAIL: gcc.dg/pch/empty.c (test for excess errors)
FAIL: gcc.dg/pch/empty.c (test for excess errors)
FAIL: gcc.dg/pch/empty.c (test for excess errors)
FAIL: gcc.dg/pch/empty.c (test for excess errors)
FAIL: gcc.dg/pch/empty.c (test for excess errors)
FAIL: gcc.dg/pch/except-1.c (test for excess errors)
FAIL: gcc.dg/pch/except-1.c (test for excess errors)
FAIL: gcc.dg/pch/except-1.c (test for excess errors)
FAIL: gcc.dg/pch/except-1.c (test for excess errors)
FAIL: gcc.dg/pch/except-1.c (test for excess errors)
FAIL: gcc.dg/pch/except-1.c (test for excess errors)
FAIL: gcc.dg/pch/except-1.c (test for excess errors)
FAIL: gcc.dg/pch/global-1.c (test for excess errors)
FAIL: gcc.dg/pch/global-1.c (test for excess errors)
FAIL: gcc.dg/pch/global-1.c (test for excess errors)
FAIL: gcc.dg/pch/global-1.c (test for excess errors)
FAIL: gcc.dg/pch/global-1.c (test for excess errors)
FAIL: gcc.dg/pch/global-1.c (test for excess errors)
FAIL: gcc.dg/pch/global-1.c (test for excess errors)
FAIL: gcc.dg/pch/inline-1.c (test for excess errors)
FAIL: gcc.dg/pch/inline-1.c (test for excess errors)
FAIL: gcc.dg/pch/inline-1.c (test for excess errors)
FAIL: gcc.dg/pch/inline-1.c (test for excess errors)
FAIL: gcc.dg/pch/inline-1.c (test for excess errors)
FAIL: gcc.dg/pch/inline-1.c (test for excess errors)
FAIL: gcc.dg/pch/inline-1.c (test for excess errors)
FAIL: gcc.dg/pch/inline-2.c (test for excess errors)
FAIL: gcc.dg/pch/inline-2.c (test for excess errors)
FAIL: gcc.dg/pch/inline-2.c (test for excess errors)
FAIL: gcc.dg/pch/inline-2.c (test for excess errors)
FAIL: gcc.dg/pch/inline-2.c (test for excess errors)
FAIL: gcc.dg/pch/inline-2.c (test for excess errors)
FAIL: gcc.dg/pch/inline-2.c (test for excess errors)
FAIL: gcc.dg/pch/macro-1.c (test for excess errors)
FAIL: gcc.dg/pch/macro-1.c (test for excess errors)
FAIL: gcc.dg/pch/macro-1.c (test for excess errors)
FAIL: gcc.dg/pch/macro-1.c (test for excess errors)
FAIL: gcc.dg/pch/macro-1.c (test for excess errors)
FAIL: gcc.dg/pch/macro-1.c (test for excess errors)
FAIL: gcc.dg/pch/macro-1.c (test for excess errors)
FAIL: gcc.dg/pch/macro-2.c (test for excess errors)
FAIL: gcc.dg/pch/macro-2.c (test for excess errors)
FAIL: gcc.dg/pch/macro-2.c (test for excess errors)
FAIL: gcc.dg/pch/macro-2.c (test for excess errors)
FAIL: gcc.dg/pch/macro-2.c (test for excess errors)
FAIL: gcc.dg/pch/macro-2.c (test for excess errors)
FAIL: gcc.dg/pch/macro-2.c (test for excess errors)
FAIL: gcc.dg/pch/macro-3.c (test for excess errors)
FAIL: gcc.dg/pch/macro-3.c (test for excess errors)
FAIL: gcc.dg/pch/macro-3.c (test for excess errors)
FAIL: gcc.dg/pch/macro-3.c (test for excess errors)
FAIL: gcc.dg/pch/macro-3.c (test for excess errors)
FAIL: gcc.dg/pch/macro-3.c (test for excess errors)
FAIL: gcc.dg/pch/macro-3.c (test for excess errors)
FAIL: gcc.dg/pch/static-1.c (test for excess errors)
FAIL: gcc.dg/pch/static-1.c (test for excess errors)
FAIL: gcc.dg/pch/static-1.c (test for excess errors)
FAIL: gcc.dg/pch/static-1.c (test for excess errors)
FAIL: gcc.dg/pch/static-1.c (test for excess errors)
FAIL: gcc.dg/pch/static-1.c (test for excess errors)
FAIL: gcc.dg/pch/static-1.c (test for excess errors)
FAIL: gcc.dg/pch/static-2.c (test for excess errors)
FAIL: gcc.dg/pch/static-2.c (test for excess errors)
FAIL: gcc.dg/pch/static-2.c (test for excess errors)
FAIL: gcc.dg/pch/static-2.c (test for excess errors)
FAIL: gcc.dg/pch/static-2.c (test for excess errors)
FAIL: gcc.dg/pch/static-2.c (test for excess errors)
FAIL: gcc.dg/pch/static-2.c (test for excess errors)
FAIL: gcc.dg/pch/static-3.c (test for excess errors)
FAIL: gcc.dg/pch/static-3.c (test for excess errors)
FAIL: gcc.dg/pch/static-3.c (test for excess errors)
FAIL: gcc.dg/pch/static-3.c (test for excess errors)
FAIL: gcc.dg/pch/static-3.c (test for excess errors)
FAIL: gcc.dg/pch/static-3.c (test for excess errors)
FAIL: gcc.dg/pch/static-3.c (test for excess errors)
FAIL: gcc.dg/pch/system-1.c (test for excess errors)
FAIL: gcc.dg/pch/system-1.c (test for excess errors)
FAIL: gcc.dg/pch/system-1.c (test for excess errors)
FAIL: gcc.dg/pch/system-1.c (test for excess errors)
FAIL: gcc.dg/pch/system-1.c (test for excess errors)
FAIL: gcc.dg/pch/system-1.c (test for excess errors)
FAIL: gcc.dg/pch/system-1.c (test for excess errors)

		=== gcc Summary ===

# of expected passes		21216
# of unexpected failures	151
# of unexpected successes	1
# of expected failures		68
# of unresolved testcases	6
# of untested testcases		140
# of unsupported tests		194
/export/share1/gccbuild/gcc/xgcc version 3.4 20030407 (experimental)

		=== objc tests ===


Running target unix

		=== objc Summary ===

# of expected passes		1155
/export/share1/gccbuild/gcc/xgcc version 3.4 20030407 (experimental)

		=== libstdc++-v3 tests ===


Running target unix
FAIL: 22_locale/locale/cons/3.cc execution test
FAIL: 27_io/ios_manip_fmtflags.cc execution test

		=== libstdc++-v3 Summary ===

# of expected passes		917
# of unexpected failures	2
# of expected failures		2

Compiler version: 3.4 20030407 (experimental) 
Platform: sparc-sun-solaris2.8
configure flags: --enable-threads=posix --prefix=/opt/Pkg/SunOS/gcc34 --enable-languages=c,c++,f77,objc --disable-libgcj --with-gxx-include-dir=/opt/Pkg/SunOS/gcc34/include/g++ --with-system-zlib --enable-shared sparc-sun-solaris2.8



More information about the Gcc-testresults mailing list