Results for 3.3 20030405 (prerelease) testsuite on i686-pc-linux-gnu

Andris Pavenis andris@hal.astr.lu.lv
Sun Apr 6 06:30:00 GMT 2003


Last updated from CVS:  2003 Apr 06  03:01  +0300 

System:   Linux kernel 2.4.20-rthal5
          glibc-2.3.1
          binutils-2.13.90.0.14 20021114

LAST_UPDATED: Sun Apr  6 00:01:06 UTC 2003

Native configuration is i686-pc-linux-gnu

		=== g++ tests ===


Running target unix
FAIL: g++.dg/tls/init-2.C (test for excess errors)
FAIL: g++.bugs/900119_01.C  (test for errors, line 43)
FAIL: g++.bugs/900119_01.C (test for excess errors)

		=== g++ Summary ===

# of expected passes		7967
# of unexpected failures	3
# of expected failures		97
# of untested testcases		9
# of unsupported tests		3
/disk2/cvs/gcc33/build/build.lnx/gcc/testsuite/../g++ version 3.3 20030405 (prerelease)

		=== g77 tests ===


Running target unix

		=== g77 Summary ===

# of expected passes		1690
/disk2/cvs/gcc33/build/build.lnx/gcc/testsuite/../g77 version 3.3 20030405 (prerelease)

		=== gcc tests ===


Running target unix
FAIL: gcc.dg/duff-2.c (test for excess errors)
FAIL: gcc.dg/typespec-1.c unsigned long long int long (test for errors, line 932)
FAIL: gcc.dg/typespec-1.c unsigned long long int float (test for errors, line 933)
FAIL: gcc.dg/typespec-1.c unsigned long long int double (test for errors, line 934)
FAIL: gcc.dg/typespec-1.c unsigned long long int signed (test for errors, line 935)
FAIL: gcc.dg/typespec-1.c unsigned long long int unsigned (test for errors, line 936)
FAIL: gcc.dg/typespec-1.c unsigned long long int _Bool (test for errors, line 937)
FAIL: gcc.dg/typespec-1.c (test for excess errors)
FAIL: gcc.dg/uninit-C.c (test for excess errors)
FAIL: gcc.dg/format/c99-scanf-1.c %hhu sign (test for warnings, line 144)

		=== gcc Summary ===

# of expected passes		21003
# of unexpected failures	10
# of expected failures		69
# of unsupported tests		83
/disk2/cvs/gcc33/build/build.lnx/gcc/xgcc version 3.3 20030405 (prerelease)

		=== objc tests ===


Running target unix
FAIL: objc.dg/comp-types-4.m  (test for warnings, line 65)
FAIL: objc.dg/comp-types-4.m (test for excess errors)

		=== objc Summary ===

# of expected passes		1151
# of unexpected failures	2
/disk2/cvs/gcc33/build/build.lnx/gcc/xgcc version 3.3 20030405 (prerelease)

		=== libjava tests ===


Running target unix
FAIL: noclass run
FAIL: ArrayStore execution - gij test
FAIL: ArrayStore execution - gij test
FAIL: ArrayStore2 execution - gij test
FAIL: ArrayStore2 execution - gij test
FAIL: Array_3 execution - gij test
FAIL: Array_3 execution - gij test
FAIL: Divide_1 execution - gij test
FAIL: Divide_1 execution - gij test
FAIL: Final execution - gij test
FAIL: Final execution - gij test
FAIL: G19990302_02 execution - gij test
FAIL: G19990302_02 execution - gij test
FAIL: G19990303_01 execution - gij test
FAIL: G19990303_01 execution - gij test
FAIL: G19990303_02 execution - gij test
FAIL: G19990303_02 execution - gij test
FAIL: G19990304_01 execution - gij test
FAIL: G19990304_01 execution - gij test
FAIL: InterfaceDispatch execution - gij test
FAIL: InterfaceDispatch execution - gij test
FAIL: Invoke_1 execution - gij test
FAIL: Invoke_1 execution - gij test
FAIL: PR218 execution - gij test
FAIL: PR218 execution - gij test
FAIL: StringBuffer_1 execution - gij test
FAIL: StringBuffer_1 execution - gij test
WARNING: program timed out.
FAIL: SyncTest execution - gij test
WARNING: program timed out.
FAIL: SyncTest execution - gij test
FAIL: Thread_Alive execution - gij test
FAIL: Thread_Alive execution - gij test
FAIL: Thread_Interrupt execution - source compiled test
FAIL: Thread_Interrupt execution - gij test
FAIL: Thread_Interrupt execution - bytecode->native test
FAIL: Thread_Interrupt -O execution - source compiled test
FAIL: Thread_Interrupt execution - gij test
FAIL: Thread_Interrupt -O execution - bytecode->native test
FAIL: Thread_Wait_2 execution - gij test
FAIL: Thread_Wait_2 execution - gij test
FAIL: Thread_Wait_Interrupt execution - gij test
FAIL: Thread_Wait_Interrupt execution - gij test
FAIL: Throw_1 execution - gij test
FAIL: Throw_1 execution - gij test
FAIL: Throw_2 execution - gij test
FAIL: Throw_2 execution - gij test
FAIL: initexc execution - gij test
FAIL: initexc execution - gij test
FAIL: instinit2 execution - gij test
FAIL: instinit2 execution - gij test
FAIL: invokethrow output - source compiled test
FAIL: invokethrow execution - gij test
FAIL: invokethrow output - bytecode->native test
FAIL: invokethrow -O output - source compiled test
FAIL: invokethrow execution - gij test
FAIL: invokethrow -O output - bytecode->native test
FAIL: pr184 execution - gij test
FAIL: pr184 execution - gij test
FAIL: pr83 execution - gij test
FAIL: pr83 execution - gij test

		=== libjava Summary ===

# of expected passes		2830
# of unexpected failures	59
# of expected failures		16
# of untested testcases		67
		=== libstdc++-v3 tests ===


Running target unix
XPASS: 22_locale/collate_byname.cc execution test
XPASS: 22_locale/collate_members_char.cc execution test
XPASS: 22_locale/collate_members_wchar_t.cc execution test
XPASS: 22_locale/ctype_is_char.cc execution test
XPASS: 22_locale/ctype_is_wchar_t.cc execution test
XPASS: 22_locale/members.cc execution test
XPASS: 22_locale/messages_byname.cc execution test
XPASS: 22_locale/messages_members_char.cc execution test
XPASS: 22_locale/money_get_members_char.cc execution test
XPASS: 22_locale/money_get_members_wchar_t.cc execution test
XPASS: 22_locale/money_put_members_char.cc execution test
XPASS: 22_locale/money_put_members_wchar_t.cc execution test
XPASS: 22_locale/moneypunct_byname.cc execution test
XPASS: 22_locale/moneypunct_members_char.cc execution test
XPASS: 22_locale/moneypunct_members_wchar_t.cc execution test
XPASS: 22_locale/num_get_members_char.cc execution test
XPASS: 22_locale/num_get_members_wchar_t.cc execution test
XPASS: 22_locale/num_put_members_char.cc execution test
XPASS: 22_locale/num_put_members_wchar_t.cc execution test
XPASS: 22_locale/numpunct_byname.cc execution test
XPASS: 22_locale/numpunct_members_char.cc execution test
XPASS: 22_locale/numpunct_members_wchar_t.cc execution test
XPASS: 22_locale/time_get_members_char.cc execution test
XPASS: 22_locale/time_get_members_wchar_t.cc execution test
XPASS: 22_locale/time_put_members_char.cc execution test
XPASS: 22_locale/time_put_members_wchar_t.cc execution test
FAIL: 26_numerics/c99_classification_macros_c.cc (test for excess errors)
WARNING: program timed out.
FAIL: thread/pthread4.cc execution test

		=== libstdc++-v3 Summary ===

# of expected passes		451
# of unexpected failures	2
# of unexpected successes	26
# of expected failures		1

Compiler version: 3.3 20030405 (prerelease) 
Platform: i686-pc-linux-gnu
configure flags: --host=i686-pc-linux-gnu --prefix=/disk2/gcc33 --enable-shared --verbose --enable-languages=c,c++,f77,objc,java --enable-threads=posix

Counting all warnings,
there are 23 warnings in stage3 of this bootstrap.

Number of warnings per file:
      3	gcc/tlink.c
      3	gcc/gcc.c
      3	/usr/share/bison/bison.simple
      2	insn-conditions.c
      2	gcc/f/sta.c
      2	gcc/crtstuff.c
      1	gcc/unwind-dw2.c
      1	gcc/objc/lang-specs.h
      1	gcc/java/jvspec.c
      1	gcc/function.c
      1	gcc/emit-rtl.c
      1	gcc/config/i386/i386.c
      1	gcc/collect2.c
      1	gcc/c-decl.c

Number of warning types:
      7	string length `???' is greater than the length `???' ISO C89 compilers are required to support
      4	comparison of unsigned expression < 0 is always false
      3	label `???' defined but not used
      2	passing arg ??? of `???' discards qualifiers from pointer target type
      2	dereferencing type-punned pointer will break strict-aliasing rules
      1	unused parameter `???'
      1	signed and unsigned type in conditional expression
      1	return makes integer from pointer without a cast
      1	function declaration isn't a prototype
      1	comparison between signed and unsigned



More information about the Gcc-testresults mailing list