Results for 3.4 20030403 (experimental) testsuite on mips-sgi-irix6.5
Kaveh R. Ghazi
ghazi@caip.rutgers.edu
Fri Apr 4 03:35:00 GMT 2003
LAST_UPDATED:
Native configuration is mips-sgi-irix6.5
=== g++ tests ===
Running target unix
FAIL: pch/system-1.C -g assembly comparison
FAIL: pch/system-1.C -O2 -g assembly comparison
FAIL: pch/system-1.C -O2 assembly comparison
=== g++ Summary ===
# of expected passes 8145
# of unexpected failures 3
# of expected failures 77
# of untested testcases 23
# of unsupported tests 19
/caip/u58/ghazi/gcc-testing/build/gcc/testsuite/../g++ version 3.4 20030403 (experimental)
=== g77 tests ===
Running target unix
FAIL: g77.f-torture/execute/980520-1.f compilation, -O0
FAIL: g77.f-torture/execute/f90-intrinsic-bit.f execution, -O3 -fomit-frame-pointer -funroll-all-loops -finline-functions
=== g77 Summary ===
# of expected passes 1677
# of unexpected failures 2
# of untested testcases 1
# of unsupported tests 8
/caip/u58/ghazi/gcc-testing/build/gcc/testsuite/../g77 version 3.4 20030403 (experimental)
=== gcc tests ===
Running target unix
FAIL: gcc.c-torture/execute/20020412-1.c execution, -O0
FAIL: gcc.c-torture/execute/20020412-1.c execution, -O1
FAIL: gcc.c-torture/execute/20020412-1.c execution, -O2
FAIL: gcc.c-torture/execute/20020412-1.c execution, -O3 -fomit-frame-pointer
FAIL: gcc.c-torture/execute/20020412-1.c execution, -O3 -fomit-frame-pointer -funroll-loops
FAIL: gcc.c-torture/execute/20020412-1.c execution, -O3 -fomit-frame-pointer -funroll-all-loops -finline-functions
FAIL: gcc.c-torture/execute/20020412-1.c execution, -O3 -g
FAIL: gcc.c-torture/execute/20020412-1.c execution, -Os
FAIL: gcc.c-torture/execute/pure-1.c compilation, -O3 -fomit-frame-pointer
UNRESOLVED: gcc.c-torture/execute/pure-1.c execution, -O3 -fomit-frame-pointer
FAIL: gcc.c-torture/execute/pure-1.c compilation, -O3 -g
UNRESOLVED: gcc.c-torture/execute/pure-1.c execution, -O3 -g
FAIL: gcc.dg/cpp/_Pragma3.c (test for excess errors)
WARNING: gcc.dg/20021014-1.c compilation failed to produce executable
FAIL: gcc.dg/duff-2.c (test for excess errors)
WARNING: gcc.dg/nest.c compilation failed to produce executable
FAIL: gcc.dg/warn-1.c (test for warnings, line 8)
FAIL: gcc.dg/warn-1.c (test for warnings, line 15)
FAIL: gcc.dg/pch/inline-1.c (test for excess errors)
FAIL: pch/static-1.c -O0 assembly comparison
FAIL: pch/static-1.c -O1 assembly comparison
FAIL: pch/static-1.c -O2 assembly comparison
FAIL: pch/static-1.c -Os assembly comparison
FAIL: pch/static-2.c -O0 assembly comparison
FAIL: pch/static-2.c -O1 assembly comparison
FAIL: pch/static-2.c -O2 assembly comparison
FAIL: pch/static-2.c -Os assembly comparison
=== gcc Summary ===
# of expected passes 21114
# of unexpected failures 23
# of expected failures 102
# of unresolved testcases 2
# of untested testcases 1
# of unsupported tests 208
/caip/u58/ghazi/gcc-testing/build/gcc/xgcc version 3.4 20030403 (experimental)
=== objc tests ===
Running target unix
=== objc Summary ===
# of expected passes 1155
/caip/u58/ghazi/gcc-testing/build/gcc/xgcc version 3.4 20030403 (experimental)
=== libstdc++-v3 tests ===
Running target unix
FAIL: 22_locale/ctype/cons/char/1.cc execution test
FAIL: 27_io/filebuf_virtuals.cc execution test
FAIL: 27_io/istream_unformatted.cc execution test
=== libstdc++-v3 Summary ===
# of expected passes 905
# of unexpected failures 3
# of expected failures 1
# of unsupported tests 6
Compiler version: 3.4 20030403 (experimental)
Platform: mips-sgi-irix6.5
configure flags: --verbose --enable-languages=c,objc,c++,f77,java
More information about the Gcc-testresults
mailing list