Results for 3.3 20030401 (prerelease) testsuite on sparc-sun-solaris2.8
Eric Botcazou
eric@localhost.localdomain
Tue Apr 1 11:29:00 GMT 2003
LAST_UPDATED: Tue Apr 1 03:32:09 UTC 2003
Native configuration is sparc-sun-solaris2.8
=== g++ tests ===
Running target unix
FAIL: g++.dg/compat/break/bitfield7 y_tst.o compile
UNRESOLVED: g++.dg/compat/break/bitfield7 x_tst.o-y_tst.o link
UNRESOLVED: g++.dg/compat/break/bitfield7 x_tst.o-y_tst.o execute
ERROR: g++.dg/abi/rtti1.C: error executing dg-final: couldn't execute "c++filt": no such file or directory
UNRESOLVED: g++.dg/abi/rtti1.C: error executing dg-final: couldn't execute "c++filt": no such file or directory
FAIL: g++.other/decl5.C caused compiler crash
=== g++ Summary ===
# of expected passes 7884
# of unexpected failures 2
# of expected failures 93
# of unresolved testcases 3
# of untested testcases 21
# of unsupported tests 15
/opt/build/eric/gcc-3_3-branch/gcc/testsuite/../g++ version 3.3 20030401 (prerelease)
=== g77 tests ===
Running target unix
=== g77 Summary ===
# of expected passes 1674
# of unsupported tests 8
/opt/build/eric/gcc-3_3-branch/gcc/testsuite/../g77 version 3.3 20030401 (prerelease)
=== gcc tests ===
Running target unix
WARNING: gcc.dg/20021014-1.c compilation failed to produce executable
FAIL: gcc.dg/duff-2.c (test for excess errors)
=== gcc Summary ===
# of expected passes 20761
# of unexpected failures 1
# of expected failures 67
# of unsupported tests 161
/opt/build/eric/gcc-3_3-branch/gcc/xgcc version 3.3 20030401 (prerelease)
=== objc tests ===
Running target unix
=== objc Summary ===
# of expected passes 1153
/opt/build/eric/gcc-3_3-branch/gcc/xgcc version 3.3 20030401 (prerelease)
=== libstdc++-v3 tests ===
Running target unix
WARNING: program timed out.
FAIL: thread/pthread4.cc execution test
=== libstdc++-v3 Summary ===
# of expected passes 427
# of unexpected failures 1
# of expected failures 18
Compiler version: 3.3 20030401 (prerelease)
Platform: sparc-sun-solaris2.8
configure flags: --host=sparc-sun-solaris2.8 --prefix=/opt/TWWfsw/gcc33 --with-local-prefix=/opt/TWWfsw/gcc33 --enable-languages=c,c++,objc,f77 --enable-checking=misc,tree,rtlflag --enable-shared --enable-threads --disable-nls
More information about the Gcc-testresults
mailing list