Results for 3.3 20020921 (experimental) testsuite on sparc-unknown-linux-gnu
Christian Jönsson
christian@j-son.org
Sun Sep 22 21:53:00 GMT 2002
This was on a Debian 3.0 (Woody) dual SuperSparc-II sun4m system with these
packages:
binutils 2.12.90.0.1-4
dejagnu 1.4.2-1.1
gcc 2:2.95.4-14 (Debian prerelease)
gcc-2.95 1:2.95.4-7 (Debian prerelease)
gnat 3.14p-3
kernel-image 2.4.19smp_2
In-tree joined gcc and binutils cvs trunks.
LAST_UPDATED: Sun Sep 22 06:45:27 UTC 2002
Native configuration is sparc-unknown-linux-gnu
=== binutils tests ===
Running target unix
=== binutils Summary ===
# of expected passes 31
# of expected failures 1
=== gas tests ===
Running target unix
=== gas Summary ===
# of expected passes 51
=== g++ tests ===
Running target unix
WARNING: program timed out.
FAIL: g++.dg/parse/stack1.C (test for excess errors)
FAIL: g++.dg/warn/Wunused-2.C (test for warnings, line 5)
=== g++ Summary ===
# of expected passes 7511
# of unexpected failures 2
# of expected failures 92
# of untested testcases 22
# of unsupported tests 5
/share1/gcc-dev/objdir/gcc/testsuite/../g++ version 3.3 20020921 (experimental)
=== g77 tests ===
Running target unix
FAIL: g77.dg/7388.f execution test
FAIL: g77.dg/7388.f execution test
=== g77 Summary ===
# of expected passes 1636
# of unexpected failures 2
# of unsupported tests 8
/share1/gcc-dev/objdir/gcc/testsuite/../g77 version 3.3 20020921 (experimental)
=== gcc tests ===
Running target unix
WARNING: program timed out.
FAIL: gcc.c-torture/compile/20001226-1.c, -O0
WARNING: program timed out.
FAIL: gcc.c-torture/compile/20001226-1.c, -O1
WARNING: program timed out.
FAIL: gcc.c-torture/compile/20001226-1.c, -O2
WARNING: program timed out.
FAIL: gcc.c-torture/compile/20001226-1.c, -O3 -fomit-frame-pointer
WARNING: program timed out.
FAIL: gcc.c-torture/compile/20001226-1.c, -O3 -g
WARNING: program timed out.
FAIL: gcc.c-torture/compile/20001226-1.c, -Os
FAIL: gcc.dg/cpp/Wunused.c (test for excess errors)
FAIL: gcc.dg/cpp/trad/Wunused.c (test for excess errors)
FAIL: gcc.dg/noncompile/incomplete-1.c (test for excess errors)
=== gcc Summary ===
# of expected passes 20335
# of unexpected failures 9
# of expected failures 62
# of unsupported tests 131
/share1/gcc-dev/objdir/gcc/xgcc version 3.3 20020921 (experimental)
=== objc tests ===
Running target unix
=== objc Summary ===
# of expected passes 1153
/share1/gcc-dev/objdir/gcc/xgcc version 3.3 20020921 (experimental)
=== ld tests ===
Running target unix
FAIL: vers21
=== ld Summary ===
# of expected passes 143
# of unexpected failures 1
# of expected failures 13
=== libjava tests ===
Running target unix
FAIL: PR1343 compilation from bytecode
FAIL: PR1343 -O compilation from bytecode
FAIL: noclass run
FAIL: Array_3 execution - source compiled test
FAIL: Array_3 compilation from bytecode
FAIL: Array_3 -O execution - source compiled test
FAIL: Array_3 -O compilation from bytecode
FAIL: Invoke_1 execution - source compiled test
FAIL: Invoke_1 execution - bytecode->native test
FAIL: Invoke_1 -O execution - source compiled test
FAIL: Invoke_1 -O execution - bytecode->native test
FAIL: PR218 execution - source compiled test
FAIL: PR218 execution - bytecode->native test
FAIL: PR218 -O execution - source compiled test
FAIL: PR218 -O execution - bytecode->native test
WARNING: program timed out.
FAIL: SyncTest execution - source compiled test
WARNING: program timed out.
FAIL: SyncTest execution - bytecode->native test
WARNING: program timed out.
FAIL: SyncTest -O execution - source compiled test
WARNING: program timed out.
FAIL: SyncTest -O execution - bytecode->native test
FAIL: Thread_Interrupt execution - source compiled test
FAIL: Thread_Interrupt execution - bytecode->native test
FAIL: Thread_Wait_2 execution - source compiled test
FAIL: Thread_Wait_2 execution - bytecode->native test
FAIL: Throw_2 execution - source compiled test
FAIL: Throw_2 execution - bytecode->native test
FAIL: Throw_2 -O execution - source compiled test
FAIL: Throw_2 -O execution - bytecode->native test
=== libjava Summary ===
# of expected passes 2160
# of unexpected failures 27
# of expected failures 14
# of untested testcases 35
=== libstdc++-v3 tests ===
Running target unix
XPASS: 22_locale/ctype_is_wchar_t.cc execution test
FAIL: 26_numerics/c99_classification_macros_c.cc (test for excess errors)
WARNING: program timed out.
FAIL: thread/pthread1.cc execution test
WARNING: program timed out.
FAIL: thread/pthread5.cc execution test
WARNING: program timed out.
FAIL: thread/pthread6.cc execution test
=== libstdc++-v3 Summary ===
# of expected passes 414
# of unexpected failures 4
# of unexpected successes 1
# of expected failures 26
Compiler version: 3.3 20020921 (experimental)
Platform: sparc-unknown-linux-gnu
configure flags: --host=sparc-linux --prefix=/usr --enable-shared --with-gnu-as --with-gnu-ld --with-system-zlib --enable-long-long --enable-languages=c,c++,f77,java,objc --enable-nls --enable-symvers --without-x --without-included-gettext --disable-checking
Counting all warnings,
there are 61 warnings in stage0 of this bootstrap.
Number of warnings per file:
12 libiberty/regex.c
5 make[3]
5 libjava/java/lang/natClassLoader.cc
4 libjava/java/lang/strtod.c
4 libjava/java/lang/dtoa.c
3 libjava/java/lang/e_exp.c
3 libf2c/libI77/rsne.c
2 make[4]
2 libtool
2 libjava/java/lang/w_exp.c
2 libjava/gnu/gcj/runtime/natNameFinder.cc
2 include/xregex2.h
1 make[5]
1 libobjc/encoding.c
1 libjava/prims.cc
1 libjava/java/net/natNetworkInterface.cc
1 libjava/java/lang/natVMThrowable.cc
1 libjava/java/lang/e_rem_pio2.c
1 libjava/java/lang/e_asin.c
1 libjava/gnu/gcj/runtime/natSharedLibLoader.cc
1 libjava/gnu/gcj/io/shs.cc
1 libf2c/libU77/hostnm_.c
1 libf2c/libI77/open.c
1 libf2c/libI77/inquire.c
1 lex.yy.c
1 gcc/gas/config/tc-sparc.c
1 gcc/boehm-gc/mark_rts.c
Number of warning types:
17 \`???' might be used uninitialized in this function
8 signed and unsigned type in conditional expression
8 jobserver unavailable: using -j1. Add \`???' to parent make rule.
6 unused parameter \`???'
6 unused
4 \`???' defined but not used
3 unused
2 ISO C90 does not support \`static' or type qualifiers in parameter array declarators
1 to ensure that POSIX-compatible ar will work
1 object name conflicts; overriding AR_FLAGS to 'cq'
1 implicit declaration of function \`???'
1 function returns address of local variable
1 comparison between signed and unsigned
1 comparison
1 \`???'
Counting all warnings,
there are 14 warnings in stage3 of this bootstrap.
Number of warnings per file:
3 /usr/share/bison/bison.simple
2 gcc/java/lex.c
2 gcc/gcc.c
2 gcc/calls.c
1 gcc/java/jvspec.c
1 gcc/java/jcf-parse.c
1 gcc/function.c
1 gcc/emit-rtl.c
1 gcc/cp/decl2.c
Number of warning types:
3 string length \`???' is greater than the length \`???' ISO C89 compilers are required to support
3 label \`???' defined but not used
2 signed and unsigned type in conditional expression
2 comparison between signed and unsigned
2 \`???' might be used uninitialized in this function
1 passing arg ??? of \`???' from incompatible pointer type
1 \`???' defined but not used
More information about the Gcc-testresults
mailing list