Results for 3.3 20020912 (experimental) testsuite on sparc64-sun-solaris2.8
Robert Schiele
schiele@pi3.informatik.uni-mannheim.de
Fri Sep 13 09:26:00 GMT 2002
LAST_UPDATED: Thu Sep 12 22:17:53 UTC 2002
Native configuration is sparc64-sun-solaris2.8
=== g++ tests ===
Running target unix
FAIL: g++.dg/warn/Wunused-2.C (test for warnings, line 5)
FAIL: g++.dg/special/conpr-2.C execution test
FAIL: g++.dg/special/conpr-3.C execution test
FAIL: g++.dg/special/initp1.C execution test
FAIL: g++.oliva/typeof1.C (test for excess errors)
=== g++ Summary ===
# of expected passes 7493
# of unexpected failures 5
# of expected failures 90
# of untested testcases 23
# of unsupported tests 4
/export/gccbuild/gcc/testsuite/../g++ version 3.3 20020912 (experimental)
=== g77 tests ===
Running target unix
=== g77 Summary ===
# of expected passes 1638
# of unsupported tests 8
/export/gccbuild/gcc/testsuite/../g77 version 3.3 20020912 (experimental)
=== gcc tests ===
Running target unix
WARNING: program timed out.
FAIL: gcc.c-torture/compile/20001226-1.c, -O3 -g
XPASS: gcc.c-torture/execute/20020227-1.c execution, -O0
XPASS: gcc.c-torture/execute/20020227-1.c execution, -O1
FAIL: gcc.c-torture/execute/20020720-1.c compilation, -O1
UNRESOLVED: gcc.c-torture/execute/20020720-1.c execution, -O1
FAIL: gcc.c-torture/execute/20020720-1.c compilation, -O2
UNRESOLVED: gcc.c-torture/execute/20020720-1.c execution, -O2
FAIL: gcc.c-torture/execute/20020720-1.c compilation, -O3 -fomit-frame-pointer
UNRESOLVED: gcc.c-torture/execute/20020720-1.c execution, -O3 -fomit-frame-pointer
FAIL: gcc.c-torture/execute/20020720-1.c compilation, -O3 -g
UNRESOLVED: gcc.c-torture/execute/20020720-1.c execution, -O3 -g
FAIL: gcc.c-torture/execute/20020720-1.c compilation, -Os
UNRESOLVED: gcc.c-torture/execute/20020720-1.c execution, -Os
FAIL: gcc.c-torture/execute/930921-1.c compilation, -O3 -fomit-frame-pointer -funroll-loops
UNRESOLVED: gcc.c-torture/execute/930921-1.c execution, -O3 -fomit-frame-pointer -funroll-loops
FAIL: gcc.c-torture/execute/930921-1.c compilation, -O3 -fomit-frame-pointer -funroll-all-loops -finline-functions
UNRESOLVED: gcc.c-torture/execute/930921-1.c execution, -O3 -fomit-frame-pointer -funroll-all-loops -finline-functions
FAIL: gcc.dg/noncompile/incomplete-1.c (test for excess errors)
UNRESOLVED: weak-1.c
UNRESOLVED: weak-2.c
UNRESOLVED: wkali-1.c
UNRESOLVED: wkali-2.c
UNRESOLVED: gcc.dg/weak
=== gcc Summary ===
# of expected passes 20199
# of unexpected failures 9
# of unexpected successes 2
# of expected failures 66
# of unresolved testcases 12
# of unsupported tests 129
/export/gccbuild/gcc/xgcc version 3.3 20020912 (experimental)
=== objc tests ===
Running target unix
=== objc Summary ===
# of expected passes 1079
/export/gccbuild/gcc/xgcc version 3.3 20020912 (experimental)
=== libstdc++-v3 tests ===
Running target unix
XPASS: 22_locale/collate_members_wchar_t.cc execution test
XPASS: 22_locale/ctype_is_wchar_t.cc execution test
XPASS: 22_locale/money_get_members_wchar_t.cc execution test
XPASS: 22_locale/money_put_members_wchar_t.cc execution test
XPASS: 22_locale/moneypunct_members_wchar_t.cc execution test
XPASS: 22_locale/num_get_members_wchar_t.cc execution test
XPASS: 22_locale/num_put_members_wchar_t.cc execution test
XPASS: 22_locale/numpunct_members_wchar_t.cc execution test
XPASS: 22_locale/time_get_members_wchar_t.cc execution test
XPASS: 22_locale/time_put_members_wchar_t.cc execution test
FAIL: 27_io/istream_extractor_arith.cc execution test
=== libstdc++-v3 Summary ===
# of expected passes 417
# of unexpected failures 1
# of unexpected successes 10
# of expected failures 17
Compiler version: 3.3 20020912 (experimental)
Platform: sparc64-sun-solaris2.8
configure flags: --host=sparc64-sun-solaris2.8 --enable-threads=posix --prefix=/opt/Pkg/SunOS/gcc33_64 --enable-languages=c,c++,f77,objc --disable-libgcj --with-gxx-include-dir=/opt/Pkg/SunOS/gcc33_64/include/g++ --with-system-zlib --enable-shared
More information about the Gcc-testresults
mailing list