Results for 3.3 20020907 (experimental) testsuite on sparc-redhat-linux-gnu
Horst von Brand
vonbrand@inf.utfsm.cl
Sun Sep 8 09:57:00 GMT 2002
LAST_UPDATED: Sun Sep 8 01:17:47 UTC 2002
Native configuration is sparc-redhat-linux-gnu
=== g++ tests ===
Running target unix
FAIL: g++.dg/warn/Wunused-2.C (test for warnings, line 5)
FAIL: g++.oliva/typeof1.C (test for excess errors)
=== g++ Summary ===
# of expected passes 7493
# of unexpected failures 2
# of expected failures 90
# of untested testcases 22
# of unsupported tests 5
/usr/src/build/GCC/build-gcc-cvs/gcc/testsuite/../g++ version 3.3 20020907 (experimental)
=== g77 tests ===
Running target unix
=== g77 Summary ===
# of expected passes 1626
# of unsupported tests 8
/usr/src/build/GCC/build-gcc-cvs/gcc/testsuite/../g77 version 3.3 20020907 (experimental)
=== gcc tests ===
Running target unix
WARNING: program timed out.
FAIL: gcc.c-torture/compile/20001226-1.c, -O2
WARNING: program timed out.
FAIL: gcc.c-torture/compile/20001226-1.c, -O3 -fomit-frame-pointer
WARNING: program timed out.
FAIL: gcc.c-torture/compile/20001226-1.c, -O3 -g
WARNING: program timed out.
FAIL: gcc.c-torture/compile/20001226-1.c, -Os
FAIL: gcc.c-torture/execute/20020720-1.c compilation, -O1
UNRESOLVED: gcc.c-torture/execute/20020720-1.c execution, -O1
FAIL: gcc.c-torture/execute/20020720-1.c compilation, -O2
UNRESOLVED: gcc.c-torture/execute/20020720-1.c execution, -O2
FAIL: gcc.c-torture/execute/20020720-1.c compilation, -O3 -fomit-frame-pointer
UNRESOLVED: gcc.c-torture/execute/20020720-1.c execution, -O3 -fomit-frame-pointer
FAIL: gcc.c-torture/execute/20020720-1.c compilation, -O3 -g
UNRESOLVED: gcc.c-torture/execute/20020720-1.c execution, -O3 -g
FAIL: gcc.c-torture/execute/20020720-1.c compilation, -Os
UNRESOLVED: gcc.c-torture/execute/20020720-1.c execution, -Os
FAIL: gcc.dg/cpp/Wunused.c (test for excess errors)
FAIL: gcc.dg/cpp/trad/Wunused.c (test for excess errors)
FAIL: gcc.dg/noncompile/incomplete-1.c (test for excess errors)
=== gcc Summary ===
# of expected passes 20255
# of unexpected failures 12
# of expected failures 64
# of unresolved testcases 5
# of unsupported tests 130
/usr/src/build/GCC/build-gcc-cvs/gcc/xgcc version 3.3 20020907 (experimental)
=== objc tests ===
Running target unix
=== objc Summary ===
# of expected passes 1079
/usr/src/build/GCC/build-gcc-cvs/gcc/xgcc version 3.3 20020907 (experimental)
=== libjava tests ===
Running target unix
FAIL: PR1343 compilation from bytecode
FAIL: PR1343 -O compilation from bytecode
FAIL: linking cxxtest
FAIL: Array_3 compilation from bytecode
FAIL: Array_3 -O execution - source compiled test
FAIL: Array_3 -O compilation from bytecode
WARNING: program timed out.
FAIL: SyncTest execution - source compiled test
WARNING: program timed out.
FAIL: SyncTest execution - bytecode->native test
WARNING: program timed out.
FAIL: SyncTest -O execution - source compiled test
WARNING: program timed out.
FAIL: SyncTest -O execution - bytecode->native test
FAIL: Thread_Interrupt execution - source compiled test
FAIL: Thread_Interrupt execution - bytecode->native test
FAIL: Thread_Interrupt -O execution - source compiled test
FAIL: Thread_Interrupt -O execution - bytecode->native test
WARNING: program timed out.
FAIL: Thread_Monitor execution - source compiled test
WARNING: program timed out.
FAIL: Thread_Monitor execution - bytecode->native test
WARNING: program timed out.
FAIL: Thread_Monitor -O execution - source compiled test
WARNING: program timed out.
FAIL: Thread_Monitor -O execution - bytecode->native test
=== libjava Summary ===
# of expected passes 2177
# of unexpected failures 18
# of expected failures 15
# of untested testcases 25
=== libstdc++-v3 tests ===
Running target unix
ERROR: tcl error sourcing /usr/src/build/GCC/gcc/libstdc++-v3/testsuite/libstdc++-v3.dg/dg.exp.
ERROR: couldn't compile regular expression pattern: quantifier operand invalid
=== libstdc++-v3 Summary ===
Compiler version: 3.3 20020907 (experimental)
Platform: sparc-redhat-linux-gnu
configure flags: --host=sparc-redhat-linux --prefix=/usr
More information about the Gcc-testresults
mailing list