Results for 3.2 testsuite on i386-pc-solaris2.8
L.Jankok
root@matrix.2u2.nu
Tue Oct 29 01:58:00 GMT 2002
To build GCC 3.2 on Solaris 8 x86 with the latest patch release I did use gmake
and the system's default as and ld.
bye
Lucio Jankok
LAST_UPDATED:
Native configuration is i386-pc-solaris2.8
=== g++ tests ===
Running target unix
FAIL: g++.dg/special/conpr-1.C execution test
FAIL: g++.dg/special/conpr-2.C execution test
FAIL: g++.dg/special/conpr-3.C execution test
FAIL: g++.dg/special/conpr-3.C execution test
FAIL: g++.dg/special/initp1.C execution test
FAIL: g++.other/headers1.C (test for excess errors)
=== g++ Summary ===
# of expected passes 7259
# of unexpected failures 6
# of expected failures 89
# of untested testcases 15
# of unsupported tests 2
/home/xinu/compile/gcc-3.2/objdir/gcc/testsuite/../g++ version 3.2
=== g77 tests ===
Running target unix
FAIL: g77.f-torture/compile/19990305-0.f, -O3 -g
FAIL: g77.f-torture/compile/19990419-0.f, -O3 -g
FAIL: g77.f-torture/compile/19990905-0.f, -O3 -g
FAIL: g77.f-torture/compile/19990905-2.f, -O3 -g
FAIL: g77.f-torture/compile/20010519-1.f, -O3 -g
FAIL: g77.f-torture/compile/980310-2.f, -O3 -g
FAIL: g77.f-torture/compile/980519-2.f, -O3 -g
FAIL: g77.f-torture/execute/f90-intrinsic-bit.f compilation, -O3 -g
FAIL: g77.f-torture/execute/f90-intrinsic-mathematical.f compilation, -O3 -g
FAIL: g77.f-torture/execute/f90-intrinsic-numeric.f compilation, -O3 -g
FAIL: g77.f-torture/execute/intrinsic-f2c-z.f compilation, -O3 -g
FAIL: g77.f-torture/execute/intrinsic-unix-bessel.f compilation, -O3 -g
FAIL: g77.f-torture/execute/intrinsic-unix-erf.f compilation, -O3 -g
FAIL: g77.f-torture/execute/intrinsic-vax-cd.f compilation, -O3 -g
FAIL: g77.f-torture/execute/intrinsic77.f compilation, -O3 -g
FAIL: g77.f-torture/execute/short.f compilation, -O3 -g
=== g77 Summary ===
# of expected passes 1427
# of unexpected failures 16
# of untested testcases 9
# of unsupported tests 8
/home/xinu/compile/gcc-3.2/objdir/gcc/testsuite/../g77 version 3.2
=== gcc tests ===
Running target unix
FAIL: gcc.c-torture/execute/loop-3c.c execution, -Os
FAIL: gcc.dg/20011009-1.c (test for excess errors)
WARNING: gcc.dg/20011009-1.c compilation failed to produce executable
FAIL: gcc.dg/20020523-1.c execution test
UNRESOLVED: weak-1.c
UNRESOLVED: weak-2.c
UNRESOLVED: wkali-1.c
UNRESOLVED: wkali-2.c
=== gcc Summary ===
# of expected passes 18831
# of unexpected failures 3
# of expected failures 66
# of unresolved testcases 4
# of unsupported tests 46
/home/xinu/compile/gcc-3.2/objdir/gcc/xgcc version 3.2
=== objc tests ===
Running target unix
=== objc Summary ===
# of expected passes 1035
# of expected failures 6
/home/xinu/compile/gcc-3.2/objdir/gcc/xgcc version 3.2
=== libstdc++-v3 tests ===
Running target unix
FAIL: 18_support/numeric_limits.cc execution test
XPASS: 22_locale/collate_members_wchar_t.cc execution test
XPASS: 22_locale/ctype_is_wchar_t.cc execution test
XPASS: 22_locale/money_get_members_wchar_t.cc execution test
XPASS: 22_locale/money_put_members_wchar_t.cc execution test
XPASS: 22_locale/moneypunct_members_wchar_t.cc execution test
XPASS: 22_locale/num_get_members_wchar_t.cc execution test
XPASS: 22_locale/num_put_members_wchar_t.cc execution test
XPASS: 22_locale/numpunct_members_wchar_t.cc execution test
XPASS: 22_locale/time_get_members_wchar_t.cc execution test
XPASS: 22_locale/time_put_members_wchar_t.cc execution test
FAIL: 27_io/istream_extractor_arith.cc execution test
WARNING: program timed out.
FAIL: thread/pthread4.cc execution test
=== libstdc++-v3 Summary ===
# of expected passes 406
# of unexpected failures 3
# of unexpected successes 10
# of expected failures 16
Compiler version: 3.2
Platform: i386-pc-solaris2.8
configure flags: --host=i386-pc-solaris2.8 --prefix=/opt/gcc --enable-threads=posix --enable-languages=c,c++,f77,objc --with-as=/usr/ccs/bin/as --with-ld=/usr/ccs/bin/ld
More information about the Gcc-testresults
mailing list