Results for 3.3 20021028 (experimental) testsuite on i686-pc-linux-gnu
Andrew Pinski
pinskia@physics.uc.edu
Mon Oct 28 17:14:00 GMT 2002
LAST_UPDATED: Mon Oct 28 18:06:58 UTC 2002
Native configuration is i686-pc-linux-gnu
=== g77 tests ===
Running target unix
=== g77 Summary ===
# of expected passes 1654
/home/gates/pinskia/src/gnu/gcc/src/objdir.linux/gcc/testsuite/../g77 version 3.3 20021028 (experimental)
=== gcc tests ===
Running target unix
FAIL: gcc.c-torture/compile/920828-1.c, -O1
FAIL: gcc.c-torture/compile/921011-1.c, -O1
FAIL: gcc.c-torture/compile/921206-1.c, -O1
FAIL: gcc.c-torture/compile/980329-1.c, -O1
FAIL: gcc.c-torture/compile/20020604-1.c, -O1
FAIL: gcc.c-torture/execute/20010403-1.c compilation, -O1
UNRESOLVED: gcc.c-torture/execute/20010403-1.c execution, -O1
FAIL: gcc.c-torture/execute/20020406-1.c compilation, -O1
UNRESOLVED: gcc.c-torture/execute/20020406-1.c execution, -O1
FAIL: gcc.c-torture/execute/20020611-1.c compilation, -O1
UNRESOLVED: gcc.c-torture/execute/20020611-1.c execution, -O1
FAIL: gcc.c-torture/execute/20020615-1.c compilation, -O1
UNRESOLVED: gcc.c-torture/execute/20020615-1.c execution, -O1
FAIL: gcc.c-torture/execute/931012-1.c compilation, -O1
UNRESOLVED: gcc.c-torture/execute/931012-1.c execution, -O1
FAIL: gcc.c-torture/execute/960209-1.c compilation, -O1
UNRESOLVED: gcc.c-torture/execute/960209-1.c execution, -O1
FAIL: gcc.c-torture/execute/990804-1.c compilation, -O1
UNRESOLVED: gcc.c-torture/execute/990804-1.c execution, -O1
FAIL: gcc.c-torture/unsorted/comb.c, -O1
FAIL: gcc.c-torture/unsorted/xbg.c, -O1
FAIL: gcc.c-torture/unsorted/xmtst.c, -O1
FAIL: gcc.dg/991230-1.c (test for excess errors)
WARNING: gcc.dg/991230-1.c compilation failed to produce executable
FAIL: gcc.dg/noncompile/incomplete-1.c (test for excess errors)
=== gcc Summary ===
# of expected passes 20941
# of unexpected failures 17
# of expected failures 64
# of unresolved testcases 7
# of unsupported tests 65
/home/gates/pinskia/src/gnu/gcc/src/objdir.linux/gcc/xgcc version 3.3 20021028 (experimental)
=== g++ tests ===
Running target unix
FAIL: g++.dg/warn/Wunused-2.C (test for warnings, line 5)
FAIL: g++.dg/tls/init-2.C (test for excess errors)
XPASS: g++.other/init5.C Execution test
=== g++ Summary ===
# of expected passes 7804
# of unexpected failures 2
# of unexpected successes 1
# of expected failures 91
# of untested testcases 9
# of unsupported tests 3
/home/gates/pinskia/src/gnu/gcc/src/objdir.linux/gcc/testsuite/../g++ version 3.3 20021028 (experimental)
=== objc tests ===
Running target unix
=== objc Summary ===
# of expected passes 1153
/home/gates/pinskia/src/gnu/gcc/src/objdir.linux/gcc/xgcc version 3.3 20021028 (experimental)
=== libjava tests ===
Running target unix
FAIL: OperatorBenchmark -O compilation from bytecode
FAIL: PR1343 compilation from bytecode
FAIL: PR1343 -O compilation from bytecode
FAIL: InterfaceDispatch -O compilation from bytecode
FAIL: PR160 -O compilation from bytecode
FAIL: TLtest -O compilation from source
FAIL: TLtest -O compilation from bytecode
FAIL: err4 -O compilation from bytecode
FAIL: instance -O compilation from bytecode
FAIL: Mauve build
=== libjava Summary ===
# of expected passes 2749
# of unexpected failures 10
# of expected failures 14
# of untested testcases 20
=== libstdc++-v3 tests ===
Running target unix
XPASS: 22_locale/ctype_is_wchar_t.cc execution test
FAIL: 26_numerics/c99_classification_macros_c.cc (test for excess errors)
=== libstdc++-v3 Summary ===
# of expected passes 417
# of unexpected failures 1
# of unexpected successes 1
# of expected failures 26
Compiler version: 3.3 20021028 (experimental)
Platform: i686-pc-linux-gnu
configure flags: --host=i686-pc-linux-gnu --target=i686-pc-linux-gnu --enable-__cxa_atexit --prefix=/home/gates/pinskia/linux --enable-threads=posix --enable-shared
More information about the Gcc-testresults
mailing list