Results for 3.3 20021027 (experimental) testsuite on sparcv9-sun-solaris2.8
Brad Lucier
lucier@math.purdue.edu
Sun Oct 27 17:15:00 GMT 2002
LAST_UPDATED: Sun Oct 27 21:56:12 UTC 2002
Native configuration is sparcv9-sun-solaris2.8
=== g77 tests ===
Running target unix
FAIL: g77.f-torture/compile/19990826-3.f, -O1
FAIL: g77.f-torture/compile/20000511-2.f, -O1
FAIL: g77.f-torture/compile/20010519-1.f, -O1
=== g77 Summary ===
# of expected passes 1635
# of unexpected failures 3
# of unsupported tests 8
/export/u3/lucier/programs/gcc/gcc-3.3/objdir/gcc/testsuite/../g77 version 3.3 20021027 (experimental)
=== gcc tests ===
Running target unix
FAIL: gcc.c-torture/compile/20000502-1.c, -O1
FAIL: gcc.c-torture/compile/20010518-1.c, -O1
FAIL: gcc.c-torture/compile/20011229-1.c, -O1
FAIL: gcc.c-torture/compile/20020206-1.c, -O1
FAIL: gcc.c-torture/compile/20020927-1.c, -O1
FAIL: gcc.c-torture/compile/900407-1.c, -O1
FAIL: gcc.c-torture/compile/920428-2.c, -O1
FAIL: gcc.c-torture/compile/920501-4.c, -O1
FAIL: gcc.c-torture/compile/921011-1.c, -O1
FAIL: gcc.c-torture/compile/931102-1.c, -O1
FAIL: gcc.c-torture/compile/980506-2.c, -O1
FAIL: gcc.c-torture/compile/simd-5.c, -O0
FAIL: gcc.c-torture/compile/simd-5.c, -O1
FAIL: gcc.c-torture/compile/simd-5.c, -O2
FAIL: gcc.c-torture/compile/simd-5.c, -O3 -fomit-frame-pointer
FAIL: gcc.c-torture/compile/simd-5.c, -O3 -g
FAIL: gcc.c-torture/compile/simd-5.c, -Os
XPASS: gcc.c-torture/execute/20020227-1.c execution, -O0
XPASS: gcc.c-torture/execute/20020227-1.c execution, -O1
FAIL: gcc.c-torture/execute/20020615-1.c compilation, -O1
UNRESOLVED: gcc.c-torture/execute/20020615-1.c execution, -O1
FAIL: gcc.c-torture/execute/20021010-2.c compilation, -O1
UNRESOLVED: gcc.c-torture/execute/20021010-2.c execution, -O1
FAIL: gcc.c-torture/execute/920501-2.c compilation, -O1
UNRESOLVED: gcc.c-torture/execute/920501-2.c execution, -O1
FAIL: gcc.c-torture/execute/930921-1.c compilation, -O3 -fomit-frame-pointer -funroll-loops
UNRESOLVED: gcc.c-torture/execute/930921-1.c execution, -O3 -fomit-frame-pointer -funroll-loops
FAIL: gcc.c-torture/execute/930921-1.c compilation, -O3 -fomit-frame-pointer -funroll-all-loops -finline-functions
UNRESOLVED: gcc.c-torture/execute/930921-1.c execution, -O3 -fomit-frame-pointer -funroll-all-loops -finline-functions
FAIL: gcc.c-torture/execute/nestfunc-3.c compilation, -O1
UNRESOLVED: gcc.c-torture/execute/nestfunc-3.c execution, -O1
FAIL: gcc.c-torture/unsorted/addcc.c, -O1
FAIL: gcc.c-torture/unsorted/gronk.c, -O1
FAIL: gcc.c-torture/unsorted/icmp.c, -O1
FAIL: gcc.c-torture/unsorted/mcmp.c, -O1
FAIL: gcc.c-torture/unsorted/uns_tst.c, -O1
FAIL: gcc.c-torture/unsorted/xsh.c, -O1
FAIL: gcc.dg/debug/debug-3.c (test for excess errors)
FAIL: gcc.dg/debug/debug-3.c (test for excess errors)
FAIL: gcc.dg/debug/debug-3.c (test for excess errors)
FAIL: gcc.dg/debug/debug-3.c (test for excess errors)
FAIL: gcc.dg/debug/debug-3.c (test for excess errors)
FAIL: gcc.dg/debug/debug-3.c (test for excess errors)
FAIL: gcc.dg/debug/debug-3.c (test for excess errors)
FAIL: gcc.dg/debug/debug-3.c (test for excess errors)
FAIL: gcc.dg/debug/debug-3.c (test for excess errors)
FAIL: gcc.dg/debug/debug-4.c (test for excess errors)
FAIL: gcc.dg/debug/debug-4.c (test for excess errors)
FAIL: gcc.dg/debug/debug-4.c (test for excess errors)
FAIL: gcc.dg/debug/debug-4.c (test for excess errors)
FAIL: gcc.dg/debug/debug-4.c (test for excess errors)
FAIL: gcc.dg/debug/debug-4.c (test for excess errors)
FAIL: gcc.dg/debug/debug-4.c (test for excess errors)
FAIL: gcc.dg/debug/debug-4.c (test for excess errors)
FAIL: gcc.dg/debug/debug-4.c (test for excess errors)
FAIL: gcc.dg/debug/debug-5.c (test for excess errors)
FAIL: gcc.dg/debug/debug-5.c (test for excess errors)
FAIL: gcc.dg/debug/debug-5.c (test for excess errors)
FAIL: gcc.dg/debug/debug-5.c (test for excess errors)
FAIL: gcc.dg/debug/debug-5.c (test for excess errors)
FAIL: gcc.dg/debug/debug-5.c (test for excess errors)
FAIL: gcc.dg/debug/debug-5.c (test for excess errors)
FAIL: gcc.dg/debug/debug-5.c (test for excess errors)
FAIL: gcc.dg/debug/debug-5.c (test for excess errors)
FAIL: gcc.dg/debug/debug-6.c (test for excess errors)
ERROR: gcc.dg/debug/debug-6.c: error executing dg-final: couldn't open "debug-6.s": no such file or directory
UNRESOLVED: gcc.dg/debug/debug-6.c: error executing dg-final: couldn't open "debug-6.s": no such file or directory
FAIL: gcc.dg/debug/debug-6.c (test for excess errors)
ERROR: gcc.dg/debug/debug-6.c: error executing dg-final: couldn't open "debug-6.s": no such file or directory
UNRESOLVED: gcc.dg/debug/debug-6.c: error executing dg-final: couldn't open "debug-6.s": no such file or directory
FAIL: gcc.dg/debug/debug-6.c (test for excess errors)
ERROR: gcc.dg/debug/debug-6.c: error executing dg-final: couldn't open "debug-6.s": no such file or directory
UNRESOLVED: gcc.dg/debug/debug-6.c: error executing dg-final: couldn't open "debug-6.s": no such file or directory
FAIL: gcc.dg/debug/debug-6.c (test for excess errors)
ERROR: gcc.dg/debug/debug-6.c: error executing dg-final: couldn't open "debug-6.s": no such file or directory
UNRESOLVED: gcc.dg/debug/debug-6.c: error executing dg-final: couldn't open "debug-6.s": no such file or directory
FAIL: gcc.dg/debug/debug-6.c (test for excess errors)
ERROR: gcc.dg/debug/debug-6.c: error executing dg-final: couldn't open "debug-6.s": no such file or directory
UNRESOLVED: gcc.dg/debug/debug-6.c: error executing dg-final: couldn't open "debug-6.s": no such file or directory
FAIL: gcc.dg/debug/debug-6.c (test for excess errors)
ERROR: gcc.dg/debug/debug-6.c: error executing dg-final: couldn't open "debug-6.s": no such file or directory
UNRESOLVED: gcc.dg/debug/debug-6.c: error executing dg-final: couldn't open "debug-6.s": no such file or directory
FAIL: gcc.dg/20021014-1.c (test for excess errors)
WARNING: gcc.dg/20021014-1.c compilation failed to produce executable
FAIL: gcc.dg/noncompile/incomplete-1.c (test for excess errors)
=== gcc Summary ===
# of expected passes 20209
# of unexpected failures 64
# of unexpected successes 2
# of expected failures 66
# of unresolved testcases 12
# of unsupported tests 138
/export/u3/lucier/programs/gcc/gcc-3.3/objdir/gcc/xgcc version 3.3 20021027 (experimental)
=== objc tests ===
Running target unix
=== objc Summary ===
# of expected passes 1153
/export/u3/lucier/programs/gcc/gcc-3.3/objdir/gcc/xgcc version 3.3 20021027 (experimental)
Compiler version: 3.3 20021027 (experimental)
Platform: sparcv9-sun-solaris2.8
configure flags: --host=sparcv9-sun-solaris2.8 --prefix=/home/c/lucier/local/gcc-test --enable-languages=c,objc,f77
Counting all warnings,
there are 15 warnings in stage3 of this bootstrap.
Number of warnings per file:
4 gcc/unwind-dw2.c
4 gcc/libgcc2.c
2 gcc/gcc.c
2 gcc/f/sta.c
2 /pkgs/gnu/share/bison.simple
1 gcc/ra-build.c
Number of warning types:
2 missing braces around initializer
2 implicit declaration of function \`???'
2 dereferencing type-punned pointer will break strict-aliasing rules
2 comparison between signed and unsigned
2 \`???' might be used uninitialized in this function
2 (near initialization for \`???')
1 traditional C rejects string concatenation
1 string length \`???' is greater than the length \`???' ISO C89 compilers are required to support
1 \`long' switch expression not converted to \`int' in ISO C
More information about the Gcc-testresults
mailing list