Results for 3.3 20021026 (experimental) testsuite on sparc-sun-solaris2.8
Brad Lucier
lucier@math.purdue.edu
Sun Oct 27 00:08:00 GMT 2002
LAST_UPDATED: Sat Oct 26 23:08:10 UTC 2002
Native configuration is sparc-sun-solaris2.8
=== g++ tests ===
Running target unix
FAIL: g++.dg/compat/break/bitfield7 y_tst.o compile
UNRESOLVED: g++.dg/compat/break/bitfield7 x_tst.o-y_tst.o link
UNRESOLVED: g++.dg/compat/break/bitfield7 x_tst.o-y_tst.o execute
FAIL: g++.dg/warn/Wunused-2.C (test for warnings, line 5)
FAIL: g++.dg/special/conpr-2.C execution test
FAIL: g++.dg/special/conpr-3.C execution test
FAIL: g++.dg/special/initp1.C execution test
FAIL: g++.abi/vbase4.C caused compiler crash
FAIL: g++.mike/p6610b.C caused compiler crash
FAIL: g++.other/vbase5.C caused compiler crash
=== g++ Summary ===
# of expected passes 7740
# of unexpected failures 8
# of expected failures 92
# of unresolved testcases 2
# of untested testcases 21
# of unsupported tests 10
/export/u3/lucier/programs/gcc/gcc-3.3/objdir/gcc/testsuite/../g++ version 3.3 20021026 (experimental)
=== g77 tests ===
Running target unix
FAIL: g77.f-torture/compile/19990826-3.f, -O1
=== g77 Summary ===
# of expected passes 1637
# of unexpected failures 1
# of unsupported tests 8
/export/u3/lucier/programs/gcc/gcc-3.3/objdir/gcc/testsuite/../g77 version 3.3 20021026 (experimental)
=== gcc tests ===
Running target unix
FAIL: gcc.c-torture/compile/20000802-1.c, -O1
FAIL: gcc.c-torture/compile/20020604-1.c, -O1
FAIL: gcc.c-torture/compile/20020927-1.c, -O1
FAIL: gcc.c-torture/compile/900407-1.c, -O1
FAIL: gcc.c-torture/compile/920501-4.c, -O1
FAIL: gcc.c-torture/compile/921011-1.c, -O1
FAIL: gcc.c-torture/compile/921013-1.c, -O1
FAIL: gcc.c-torture/compile/921206-1.c, -O1
FAIL: gcc.c-torture/compile/930120-1.c, -O1
FAIL: gcc.c-torture/compile/930523-1.c, -O1
FAIL: gcc.c-torture/compile/980329-1.c, -O1
FAIL: gcc.c-torture/execute/20000314-2.c compilation, -O1
UNRESOLVED: gcc.c-torture/execute/20000314-2.c execution, -O1
FAIL: gcc.c-torture/execute/20000412-4.c compilation, -O1
UNRESOLVED: gcc.c-torture/execute/20000412-4.c execution, -O1
FAIL: gcc.c-torture/execute/20000503-1.c compilation, -O1
UNRESOLVED: gcc.c-torture/execute/20000503-1.c execution, -O1
FAIL: gcc.c-torture/execute/20000511-1.c compilation, -O1
UNRESOLVED: gcc.c-torture/execute/20000511-1.c execution, -O1
FAIL: gcc.c-torture/execute/20010221-1.c compilation, -O1
UNRESOLVED: gcc.c-torture/execute/20010221-1.c execution, -O1
FAIL: gcc.c-torture/execute/20020406-1.c compilation, -O1
UNRESOLVED: gcc.c-torture/execute/20020406-1.c execution, -O1
FAIL: gcc.c-torture/execute/20020615-1.c compilation, -O1
UNRESOLVED: gcc.c-torture/execute/20020615-1.c execution, -O1
FAIL: gcc.c-torture/execute/20020716-1.c compilation, -O1
UNRESOLVED: gcc.c-torture/execute/20020716-1.c execution, -O1
FAIL: gcc.c-torture/execute/930123-1.c compilation, -O1
UNRESOLVED: gcc.c-torture/execute/930123-1.c execution, -O1
FAIL: gcc.c-torture/execute/931012-1.c compilation, -O1
UNRESOLVED: gcc.c-torture/execute/931012-1.c execution, -O1
FAIL: gcc.dg/20021014-1.c (test for excess errors)
WARNING: gcc.dg/20021014-1.c compilation failed to produce executable
FAIL: gcc.dg/noncompile/incomplete-1.c (test for excess errors)
=== gcc Summary ===
# of expected passes 20255
# of unexpected failures 23
# of expected failures 62
# of unresolved testcases 10
# of unsupported tests 140
/export/u3/lucier/programs/gcc/gcc-3.3/objdir/gcc/xgcc version 3.3 20021026 (experimental)
=== objc tests ===
Running target unix
=== objc Summary ===
# of expected passes 1153
/export/u3/lucier/programs/gcc/gcc-3.3/objdir/gcc/xgcc version 3.3 20021026 (experimental)
=== libjava tests ===
Running target unix
FAIL: PR1343 compilation from bytecode
FAIL: PR1343 -O compilation from bytecode
FAIL: PR5913 -O compilation from source
FAIL: PR5913 -O compilation from bytecode
FAIL: calls output
FAIL: noclass run
FAIL: FileHandleGcTest execution - source compiled test
FAIL: FileHandleGcTest execution - bytecode->native test
FAIL: FileHandleGcTest -O execution - source compiled test
FAIL: FileHandleGcTest -O execution - bytecode->native test
FAIL: InterfaceDispatch -O compilation from bytecode
FAIL: PR3731 -O compilation from source
FAIL: TestProxy execution - source compiled test
FAIL: TestProxy execution - bytecode->native test
FAIL: TestProxy -O execution - source compiled test
FAIL: TestProxy -O execution - bytecode->native test
FAIL: Throw_2 execution - source compiled test
FAIL: Throw_2 execution - bytecode->native test
FAIL: Throw_2 -O execution - source compiled test
FAIL: Throw_2 -O execution - bytecode->native test
FAIL: instance -O compilation from source
FAIL: instance -O compilation from bytecode
FAIL: pr6388 output - source compiled test
FAIL: pr6388 output - bytecode->native test
FAIL: pr6388 -O output - source compiled test
FAIL: pr6388 -O output - bytecode->native test
=== libjava Summary ===
# of expected passes 2223
# of unexpected failures 26
# of expected failures 14
# of untested testcases 29
=== libstdc++-v3 tests ===
Running target unix
XPASS: 22_locale/collate_members_wchar_t.cc execution test
XPASS: 22_locale/ctype_is_wchar_t.cc execution test
XPASS: 22_locale/money_get_members_wchar_t.cc execution test
XPASS: 22_locale/money_put_members_wchar_t.cc execution test
XPASS: 22_locale/moneypunct_members_wchar_t.cc execution test
XPASS: 22_locale/num_get_members_wchar_t.cc execution test
XPASS: 22_locale/num_put_members_wchar_t.cc execution test
XPASS: 22_locale/numpunct_members_wchar_t.cc execution test
XPASS: 22_locale/time_get_members_wchar_t.cc execution test
XPASS: 22_locale/time_put_members_wchar_t.cc execution test
FAIL: 27_io/istream_extractor_arith.cc execution test
=== libstdc++-v3 Summary ===
# of expected passes 417
# of unexpected failures 1
# of unexpected successes 10
# of expected failures 17
Compiler version: 3.3 20021026 (experimental)
Platform: sparc-sun-solaris2.8
configure flags: --host=sparc-sun-solaris2.8 --prefix=/home/c/lucier/local/gcc-test
Counting all warnings,
there are 18 warnings in stage3 of this bootstrap.
Number of warnings per file:
4 gcc/unwind-dw2.c
4 gcc/libgcc2.c
2 gcc/java/lex.c
2 gcc/gcc.c
2 gcc/f/sta.c
2 /pkgs/gnu/share/bison.simple
1 gcc/java/lang.c
1 gcc/java/jvspec.c
Number of warning types:
4 \`???' might be used uninitialized in this function
2 string length \`???' is greater than the length \`???' ISO C89 compilers are required to support
2 missing braces around initializer
2 implicit declaration of function \`???'
2 dereferencing type-punned pointer will break strict-aliasing rules
2 comparison between signed and unsigned
2 (near initialization for \`???')
1 traditional C rejects string concatenation
1 function declaration isn't a prototype
More information about the Gcc-testresults
mailing list