Results for 3.3 20021019 (experimental) testsuite on ia64-suse-linux-gnu
Andreas Schwab
schwab@suse.de
Sat Oct 19 06:28:00 GMT 2002
LAST_UPDATED: Sat Oct 19 08:00:31 UTC 2002
Native configuration is ia64-suse-linux-gnu
=== g++ tests ===
Running target unix
FAIL: g++.dg/compat/abi/bitfield1 x_tst.o-y_tst.o execute
FAIL: g++.dg/compat/abi/bitfield2 x_tst.o-y_tst.o execute
FAIL: g++.dg/compat/abi/vbase8-10 x_tst.o-y_tst.o execute
FAIL: g++.dg/compat/abi/vbase8-21 x_tst.o-y_tst.o execute
FAIL: g++.dg/compat/abi/vbase8-22 x_tst.o-y_tst.o execute
FAIL: g++.dg/compat/abi/vbase8-4 x_tst.o-y_tst.o execute
FAIL: g++.dg/compat/break/bitfield5 x_tst.o-y_tst.o execute
FAIL: g++.dg/compat/break/bitfield7 x_tst.o-y_tst.o execute
FAIL: g++.dg/compat/break/empty6 x_tst.o-y_tst.o execute
FAIL: g++.dg/compat/break/vbase10 x_tst.o-y_tst.o execute
FAIL: g++.dg/compat/break/vbase11 x_tst.o-y_tst.o execute
FAIL: g++.dg/compat/eh/ctor1 x_tst.o-y_tst.o execute
FAIL: g++.dg/compat/eh/ctor2 x_tst.o-y_tst.o execute
FAIL: g++.dg/compat/eh/dtor1 x_tst.o-y_tst.o execute
FAIL: g++.dg/compat/eh/filter1 x_tst.o-y_tst.o execute
FAIL: g++.dg/compat/eh/filter2 x_tst.o-y_tst.o execute
FAIL: g++.dg/compat/eh/new1 x_tst.o-y_tst.o execute
FAIL: g++.dg/compat/eh/nrv1 x_tst.o-y_tst.o execute
FAIL: g++.dg/compat/eh/spec3 x_tst.o-y_tst.o execute
FAIL: g++.dg/compat/eh/template1 x_tst.o-y_tst.o execute
FAIL: g++.dg/compat/eh/unexpected1 x_tst.o-y_tst.o execute
FAIL: g++.dg/compat/init/array5 x_tst.o-y_tst.o execute
FAIL: g++.dg/compat/init/byval1 x_tst.o-y_tst.o execute
FAIL: g++.dg/compat/init/dtor1 x_tst.o-y_tst.o execute
FAIL: g++.dg/compat/init/elide1 x_tst.o-y_tst.o execute
FAIL: g++.dg/compat/init/init-ref2 x_tst.o-y_tst.o execute
FAIL: g++.dg/inherit/override1.C (test for excess errors)
FAIL: g++.dg/warn/Wunused-2.C (test for warnings, line 5)
FAIL: g++.dg/tls/diag-1.C (test for excess errors)
FAIL: g++.dg/tls/diag-2.C (test for excess errors)
FAIL: g++.dg/tls/init-1.C (test for excess errors)
FAIL: g++.dg/tls/init-2.C (test for excess errors)
FAIL: g++.pt/repo3.C (test for excess errors)
=== g++ Summary ===
# of expected passes 7496
# of unexpected failures 33
# of expected failures 92
# of untested testcases 23
# of unsupported tests 10
/tmp/cvs/gcc-20021019/Build/gcc/testsuite/../g++ version 3.3 20021019 (experimental)
=== g77 tests ===
Running target unix
FAIL: g77.dg/7388.f execution test
=== g77 Summary ===
# of expected passes 1637
# of unexpected failures 1
# of unsupported tests 8
/tmp/cvs/gcc-20021019/Build/gcc/testsuite/../g77 version 3.3 20021019 (experimental)
=== gcc tests ===
Running target unix
XPASS: gcc.c-torture/compile/981223-1.c, -O2
XPASS: gcc.c-torture/compile/981223-1.c, -O3 -fomit-frame-pointer
XPASS: gcc.c-torture/compile/981223-1.c, -O3 -g
XPASS: gcc.c-torture/compile/981223-1.c, -Os
FAIL: gcc.dg/noncompile/incomplete-1.c (test for excess errors)
=== gcc Summary ===
# of expected passes 20198
# of unexpected failures 1
# of unexpected successes 4
# of expected failures 78
# of unsupported tests 136
/tmp/cvs/gcc-20021019/Build/gcc/xgcc version 3.3 20021019 (experimental)
=== objc tests ===
Running target unix
=== objc Summary ===
# of expected passes 1153
/tmp/cvs/gcc-20021019/Build/gcc/xgcc version 3.3 20021019 (experimental)
=== libjava tests ===
Running target unix
FAIL: PR1343 compilation from bytecode
FAIL: PR1343 -O compilation from bytecode
=== libjava Summary ===
# of expected passes 2767
# of unexpected failures 2
# of expected failures 14
# of untested testcases 8
=== libstdc++-v3 tests ===
Running target unix
XPASS: 22_locale/collate_byname.cc execution test
XPASS: 22_locale/collate_members_char.cc execution test
XPASS: 22_locale/collate_members_wchar_t.cc execution test
XPASS: 22_locale/ctype_is_char.cc execution test
XPASS: 22_locale/ctype_is_wchar_t.cc execution test
XPASS: 22_locale/members.cc execution test
XPASS: 22_locale/messages_byname.cc execution test
XPASS: 22_locale/messages_members_char.cc execution test
XPASS: 22_locale/money_get_members_char.cc execution test
XPASS: 22_locale/money_get_members_wchar_t.cc execution test
XPASS: 22_locale/money_put_members_char.cc execution test
XPASS: 22_locale/money_put_members_wchar_t.cc execution test
XPASS: 22_locale/moneypunct_byname.cc execution test
XPASS: 22_locale/moneypunct_members_char.cc execution test
XPASS: 22_locale/moneypunct_members_wchar_t.cc execution test
XPASS: 22_locale/num_get_members_char.cc execution test
XPASS: 22_locale/num_get_members_wchar_t.cc execution test
XPASS: 22_locale/num_put_members_char.cc execution test
XPASS: 22_locale/num_put_members_wchar_t.cc execution test
XPASS: 22_locale/numpunct_byname.cc execution test
XPASS: 22_locale/numpunct_members_char.cc execution test
XPASS: 22_locale/numpunct_members_wchar_t.cc execution test
XPASS: 22_locale/time_get_members_char.cc execution test
XPASS: 22_locale/time_get_members_wchar_t.cc execution test
XPASS: 22_locale/time_put_members_char.cc execution test
XPASS: 22_locale/time_put_members_wchar_t.cc execution test
FAIL: 26_numerics/c99_classification_macros_c.cc (test for excess errors)
=== libstdc++-v3 Summary ===
# of expected passes 417
# of unexpected failures 1
# of unexpected successes 26
# of expected failures 1
Compiler version: 3.3 20021019 (experimental)
Platform: ia64-suse-linux-gnu
configure flags: --host=ia64-suse-linux --enable-shared --enable-threads --with-system-zlib
More information about the Gcc-testresults
mailing list