Results for 3.3 20021014 (experimental) testsuite on mips-sgi-irix6.5
Kaveh R. Ghazi
ghazi@caip.rutgers.edu
Tue Oct 15 10:46:00 GMT 2002
LAST_UPDATED:
Native configuration is mips-sgi-irix6.5
=== g++ tests ===
Running target unix/-mabi=64
FAIL: g++.dg/abi/empty6.C (test for warnings, line 6)
ERROR: g++.dg/abi/rtti1.C: error executing dg-final: couldn't execute "c++filt": no such file or directory
UNRESOLVED: g++.dg/abi/rtti1.C: error executing dg-final: couldn't execute "c++filt": no such file or directory
FAIL: g++.dg/ext/instantiate2.C scan-assembler
ERROR: g++.dg/opt/vtgc1.C: error executing dg-final: couldn't execute "c++filt": no such file or directory
UNRESOLVED: g++.dg/opt/vtgc1.C: error executing dg-final: couldn't execute "c++filt": no such file or directory
FAIL: g++.dg/warn/Wunused-2.C (test for warnings, line 5)
=== g++ Summary for unix/-mabi=64 ===
# of expected passes 7317
# of unexpected failures 3
# of expected failures 100
# of unresolved testcases 2
# of untested testcases 23
# of unsupported tests 9
Running target unix/-mips4
ERROR: g++.dg/abi/rtti1.C: error executing dg-final: couldn't execute "c++filt": no such file or directory
UNRESOLVED: g++.dg/abi/rtti1.C: error executing dg-final: couldn't execute "c++filt": no such file or directory
FAIL: g++.dg/ext/instantiate2.C scan-assembler
ERROR: g++.dg/opt/vtgc1.C: error executing dg-final: couldn't execute "c++filt": no such file or directory
UNRESOLVED: g++.dg/opt/vtgc1.C: error executing dg-final: couldn't execute "c++filt": no such file or directory
FAIL: g++.dg/warn/Wunused-2.C (test for warnings, line 5)
=== g++ Summary for unix/-mips4 ===
# of expected passes 7318
# of unexpected failures 2
# of expected failures 100
# of unresolved testcases 2
# of untested testcases 23
# of unsupported tests 9
Running target unix
ERROR: g++.dg/abi/rtti1.C: error executing dg-final: couldn't execute "c++filt": no such file or directory
UNRESOLVED: g++.dg/abi/rtti1.C: error executing dg-final: couldn't execute "c++filt": no such file or directory
FAIL: g++.dg/ext/instantiate2.C scan-assembler
ERROR: g++.dg/opt/vtgc1.C: error executing dg-final: couldn't execute "c++filt": no such file or directory
UNRESOLVED: g++.dg/opt/vtgc1.C: error executing dg-final: couldn't execute "c++filt": no such file or directory
FAIL: g++.dg/warn/Wunused-2.C (test for warnings, line 5)
=== g++ Summary for unix ===
# of expected passes 7318
# of unexpected failures 2
# of expected failures 100
# of unresolved testcases 2
# of untested testcases 23
# of unsupported tests 9
=== g++ Summary ===
# of expected passes 21953
# of unexpected failures 7
# of expected failures 300
# of unresolved testcases 6
# of untested testcases 69
# of unsupported tests 27
/caip/u58/ghazi/gcc-testing/build/gcc/testsuite/../g++ version 3.3 20021014 (experimental)
=== g77 tests ===
Running target unix/-mabi=64
FAIL: g77.dg/7388.f execution test
FAIL: g77.f-torture/execute/6367.f execution, -O0
FAIL: g77.f-torture/execute/6367.f execution, -O1
FAIL: g77.f-torture/execute/6367.f execution, -O2
FAIL: g77.f-torture/execute/6367.f execution, -O3 -fomit-frame-pointer
FAIL: g77.f-torture/execute/6367.f execution, -O3 -fomit-frame-pointer -funroll-loops
FAIL: g77.f-torture/execute/6367.f execution, -O3 -fomit-frame-pointer -funroll-all-loops -finline-functions
FAIL: g77.f-torture/execute/6367.f execution, -O3 -g
FAIL: g77.f-torture/execute/6367.f execution, -Os
FAIL: g77.f-torture/execute/970625-2.f execution, -O0
FAIL: g77.f-torture/execute/970625-2.f execution, -O1
FAIL: g77.f-torture/execute/970625-2.f execution, -O2
FAIL: g77.f-torture/execute/970625-2.f execution, -O3 -fomit-frame-pointer
FAIL: g77.f-torture/execute/970625-2.f execution, -O3 -fomit-frame-pointer -funroll-loops
FAIL: g77.f-torture/execute/970625-2.f execution, -O3 -fomit-frame-pointer -funroll-all-loops -finline-functions
FAIL: g77.f-torture/execute/970625-2.f execution, -O3 -g
FAIL: g77.f-torture/execute/970625-2.f execution, -Os
FAIL: g77.f-torture/execute/auto0.f execution, -O0
FAIL: g77.f-torture/execute/auto0.f execution, -O1
FAIL: g77.f-torture/execute/auto0.f execution, -O2
FAIL: g77.f-torture/execute/auto0.f execution, -O3 -fomit-frame-pointer
FAIL: g77.f-torture/execute/auto0.f execution, -O3 -fomit-frame-pointer -funroll-loops
FAIL: g77.f-torture/execute/auto0.f execution, -O3 -fomit-frame-pointer -funroll-all-loops -finline-functions
FAIL: g77.f-torture/execute/auto0.f execution, -O3 -g
FAIL: g77.f-torture/execute/auto0.f execution, -Os
FAIL: g77.f-torture/execute/auto1.f execution, -O0
FAIL: g77.f-torture/execute/auto1.f execution, -O1
FAIL: g77.f-torture/execute/auto1.f execution, -O2
FAIL: g77.f-torture/execute/auto1.f execution, -O3 -fomit-frame-pointer
FAIL: g77.f-torture/execute/auto1.f execution, -O3 -fomit-frame-pointer -funroll-loops
FAIL: g77.f-torture/execute/auto1.f execution, -O3 -fomit-frame-pointer -funroll-all-loops -finline-functions
FAIL: g77.f-torture/execute/auto1.f execution, -O3 -g
FAIL: g77.f-torture/execute/auto1.f execution, -Os
=== g77 Summary for unix/-mabi=64 ===
# of expected passes 1605
# of unexpected failures 33
# of unsupported tests 8
Running target unix/-mips4
FAIL: g77.dg/7388.f execution test
FAIL: g77.dg/7388.f execution test
FAIL: g77.dg/7388.f execution test
FAIL: g77.dg/7388.f execution test
FAIL: g77.dg/7388.f execution test
=== g77 Summary for unix/-mips4 ===
# of expected passes 1633
# of unexpected failures 5
# of unsupported tests 8
Running target unix
FAIL: g77.dg/7388.f execution test
FAIL: g77.dg/7388.f execution test
FAIL: g77.dg/7388.f execution test
FAIL: g77.dg/7388.f execution test
FAIL: g77.dg/7388.f execution test
=== g77 Summary for unix ===
# of expected passes 1633
# of unexpected failures 5
# of unsupported tests 8
=== g77 Summary ===
# of expected passes 4871
# of unexpected failures 43
# of unsupported tests 24
/caip/u58/ghazi/gcc-testing/build/gcc/testsuite/../g77 version 3.3 20021014 (experimental)
=== gcc tests ===
Running target unix/-mabi=64
FAIL: gcc.c-torture/compile/simd-5.c, -O1
WARNING: program timed out.
FAIL: gcc.c-torture/compile/20001226-1.c, -O2
WARNING: program timed out.
FAIL: gcc.c-torture/compile/20001226-1.c, -O3 -fomit-frame-pointer
WARNING: program timed out.
FAIL: gcc.c-torture/compile/20001226-1.c, -O3 -g
WARNING: program timed out.
FAIL: gcc.c-torture/compile/20001226-1.c, -Os
FAIL: gcc.c-torture/execute/20020412-1.c execution, -O0
FAIL: gcc.c-torture/execute/20020412-1.c execution, -O1
FAIL: gcc.c-torture/execute/20020412-1.c execution, -O2
FAIL: gcc.c-torture/execute/20020412-1.c execution, -O3 -fomit-frame-pointer
FAIL: gcc.c-torture/execute/20020412-1.c execution, -O3 -fomit-frame-pointer -funroll-loops
FAIL: gcc.c-torture/execute/20020412-1.c execution, -O3 -fomit-frame-pointer -funroll-all-loops -finline-functions
FAIL: gcc.c-torture/execute/20020412-1.c execution, -O3 -g
FAIL: gcc.c-torture/execute/20020412-1.c execution, -Os
UNRESOLVED: gcc.c-torture/execute/20020720-1.c execution, -O1
UNRESOLVED: gcc.c-torture/execute/20020720-1.c execution, -O2
UNRESOLVED: gcc.c-torture/execute/20020720-1.c execution, -O3 -fomit-frame-pointer
UNRESOLVED: gcc.c-torture/execute/20020720-1.c execution, -O3 -g
UNRESOLVED: gcc.c-torture/execute/20020720-1.c execution, -Os
FAIL: gcc.c-torture/execute/921117-1.c execution, -O2
FAIL: gcc.c-torture/execute/921117-1.c execution, -O3 -fomit-frame-pointer
FAIL: gcc.c-torture/execute/921117-1.c execution, -O3 -g
FAIL: gcc.c-torture/execute/921117-1.c execution, -Os
FAIL: gcc.dg/20021014-1.c (test for excess errors)
WARNING: gcc.dg/20021014-1.c compilation failed to produce executable
FAIL: gcc.dg/nest.c (test for excess errors)
WARNING: gcc.dg/nest.c compilation failed to produce executable
FAIL: gcc.dg/noncompile/incomplete-1.c (test for excess errors)
=== gcc Summary for unix/-mabi=64 ===
# of expected passes 20108
# of unexpected failures 20
# of expected failures 100
# of unresolved testcases 5
# of unsupported tests 144
Running target unix/-mips4
FAIL: gcc.c-torture/compile/simd-5.c, -O1
WARNING: program timed out.
FAIL: gcc.c-torture/compile/20001226-1.c, -O2
WARNING: program timed out.
FAIL: gcc.c-torture/compile/20001226-1.c, -O3 -fomit-frame-pointer
WARNING: program timed out.
FAIL: gcc.c-torture/compile/20001226-1.c, -O3 -g
WARNING: program timed out.
FAIL: gcc.c-torture/compile/20001226-1.c, -Os
FAIL: gcc.c-torture/execute/20020412-1.c execution, -O0
FAIL: gcc.c-torture/execute/20020412-1.c execution, -O1
FAIL: gcc.c-torture/execute/20020412-1.c execution, -O2
FAIL: gcc.c-torture/execute/20020412-1.c execution, -O3 -fomit-frame-pointer
FAIL: gcc.c-torture/execute/20020412-1.c execution, -O3 -fomit-frame-pointer -funroll-loops
FAIL: gcc.c-torture/execute/20020412-1.c execution, -O3 -fomit-frame-pointer -funroll-all-loops -finline-functions
FAIL: gcc.c-torture/execute/20020412-1.c execution, -O3 -g
FAIL: gcc.c-torture/execute/20020412-1.c execution, -Os
UNRESOLVED: gcc.c-torture/execute/20020720-1.c execution, -O1
UNRESOLVED: gcc.c-torture/execute/20020720-1.c execution, -O2
UNRESOLVED: gcc.c-torture/execute/20020720-1.c execution, -O3 -fomit-frame-pointer
UNRESOLVED: gcc.c-torture/execute/20020720-1.c execution, -O3 -g
UNRESOLVED: gcc.c-torture/execute/20020720-1.c execution, -Os
FAIL: gcc.c-torture/execute/921117-1.c execution, -O2
FAIL: gcc.c-torture/execute/921117-1.c execution, -O3 -fomit-frame-pointer
FAIL: gcc.c-torture/execute/921117-1.c execution, -O3 -g
FAIL: gcc.c-torture/execute/921117-1.c execution, -Os
FAIL: gcc.dg/20021014-1.c (test for excess errors)
WARNING: gcc.dg/20021014-1.c compilation failed to produce executable
FAIL: gcc.dg/nest.c (test for excess errors)
WARNING: gcc.dg/nest.c compilation failed to produce executable
FAIL: gcc.dg/noncompile/incomplete-1.c (test for excess errors)
=== gcc Summary for unix/-mips4 ===
# of expected passes 20108
# of unexpected failures 20
# of expected failures 100
# of unresolved testcases 5
# of unsupported tests 144
Running target unix
FAIL: gcc.c-torture/compile/simd-5.c, -O1
WARNING: program timed out.
FAIL: gcc.c-torture/compile/20001226-1.c, -O2
WARNING: program timed out.
FAIL: gcc.c-torture/compile/20001226-1.c, -O3 -fomit-frame-pointer
WARNING: program timed out.
FAIL: gcc.c-torture/compile/20001226-1.c, -O3 -g
WARNING: program timed out.
FAIL: gcc.c-torture/compile/20001226-1.c, -Os
FAIL: gcc.c-torture/execute/20020412-1.c execution, -O0
FAIL: gcc.c-torture/execute/20020412-1.c execution, -O1
FAIL: gcc.c-torture/execute/20020412-1.c execution, -O2
FAIL: gcc.c-torture/execute/20020412-1.c execution, -O3 -fomit-frame-pointer
FAIL: gcc.c-torture/execute/20020412-1.c execution, -O3 -fomit-frame-pointer -funroll-loops
FAIL: gcc.c-torture/execute/20020412-1.c execution, -O3 -fomit-frame-pointer -funroll-all-loops -finline-functions
FAIL: gcc.c-torture/execute/20020412-1.c execution, -O3 -g
FAIL: gcc.c-torture/execute/20020412-1.c execution, -Os
UNRESOLVED: gcc.c-torture/execute/20020720-1.c execution, -O1
UNRESOLVED: gcc.c-torture/execute/20020720-1.c execution, -O2
UNRESOLVED: gcc.c-torture/execute/20020720-1.c execution, -O3 -fomit-frame-pointer
UNRESOLVED: gcc.c-torture/execute/20020720-1.c execution, -O3 -g
UNRESOLVED: gcc.c-torture/execute/20020720-1.c execution, -Os
FAIL: gcc.c-torture/execute/921117-1.c execution, -O2
FAIL: gcc.c-torture/execute/921117-1.c execution, -O3 -fomit-frame-pointer
FAIL: gcc.c-torture/execute/921117-1.c execution, -O3 -g
FAIL: gcc.c-torture/execute/921117-1.c execution, -Os
FAIL: gcc.dg/20021014-1.c (test for excess errors)
WARNING: gcc.dg/20021014-1.c compilation failed to produce executable
FAIL: gcc.dg/nest.c (test for excess errors)
WARNING: gcc.dg/nest.c compilation failed to produce executable
FAIL: gcc.dg/noncompile/incomplete-1.c (test for excess errors)
=== gcc Summary for unix ===
# of expected passes 20108
# of unexpected failures 20
# of expected failures 100
# of unresolved testcases 5
# of unsupported tests 144
=== gcc Summary ===
# of expected passes 60324
# of unexpected failures 60
# of expected failures 300
# of unresolved testcases 15
# of unsupported tests 432
/caip/u58/ghazi/gcc-testing/build/gcc/xgcc version 3.3 20021014 (experimental)
=== objc tests ===
Running target unix/-mabi=64
=== objc Summary for unix/-mabi=64 ===
# of expected passes 1153
Running target unix/-mips4
=== objc Summary for unix/-mips4 ===
# of expected passes 1153
Running target unix
=== objc Summary for unix ===
# of expected passes 1153
=== objc Summary ===
# of expected passes 3459
/caip/u58/ghazi/gcc-testing/build/gcc/xgcc version 3.3 20021014 (experimental)
=== libstdc++-v3 tests ===
Running target unix/-mabi=64
XPASS: 22_locale/collate_members_wchar_t.cc execution test
XPASS: 22_locale/ctype_is_wchar_t.cc execution test
XPASS: 22_locale/money_get_members_wchar_t.cc execution test
XPASS: 22_locale/money_put_members_wchar_t.cc execution test
XPASS: 22_locale/moneypunct_members_wchar_t.cc execution test
XPASS: 22_locale/num_get_members_wchar_t.cc execution test
XPASS: 22_locale/num_put_members_wchar_t.cc execution test
XPASS: 22_locale/numpunct_members_wchar_t.cc execution test
XPASS: 22_locale/time_get_members_wchar_t.cc execution test
XPASS: 22_locale/time_put_members_wchar_t.cc execution test
FAIL: 27_io/ostream_inserter_arith.cc execution test
=== libstdc++-v3 Summary for unix/-mabi=64 ===
# of expected passes 405
# of unexpected failures 1
# of unexpected successes 10
# of expected failures 17
# of unsupported tests 6
Running target unix/-mips4
XPASS: 22_locale/collate_members_wchar_t.cc execution test
XPASS: 22_locale/ctype_is_wchar_t.cc execution test
XPASS: 22_locale/money_get_members_wchar_t.cc execution test
XPASS: 22_locale/money_put_members_wchar_t.cc execution test
XPASS: 22_locale/moneypunct_members_wchar_t.cc execution test
XPASS: 22_locale/num_get_members_wchar_t.cc execution test
XPASS: 22_locale/num_put_members_wchar_t.cc execution test
XPASS: 22_locale/numpunct_members_wchar_t.cc execution test
XPASS: 22_locale/time_get_members_wchar_t.cc execution test
XPASS: 22_locale/time_put_members_wchar_t.cc execution test
FAIL: 27_io/ostream_inserter_arith.cc execution test
=== libstdc++-v3 Summary for unix/-mips4 ===
# of expected passes 405
# of unexpected failures 1
# of unexpected successes 10
# of expected failures 17
# of unsupported tests 6
Running target unix
XPASS: 22_locale/collate_members_wchar_t.cc execution test
XPASS: 22_locale/ctype_is_wchar_t.cc execution test
XPASS: 22_locale/money_get_members_wchar_t.cc execution test
XPASS: 22_locale/money_put_members_wchar_t.cc execution test
XPASS: 22_locale/moneypunct_members_wchar_t.cc execution test
XPASS: 22_locale/num_get_members_wchar_t.cc execution test
XPASS: 22_locale/num_put_members_wchar_t.cc execution test
XPASS: 22_locale/numpunct_members_wchar_t.cc execution test
XPASS: 22_locale/time_get_members_wchar_t.cc execution test
XPASS: 22_locale/time_put_members_wchar_t.cc execution test
FAIL: 27_io/ostream_inserter_arith.cc execution test
=== libstdc++-v3 Summary for unix ===
# of expected passes 405
# of unexpected failures 1
# of unexpected successes 10
# of expected failures 17
# of unsupported tests 6
=== libstdc++-v3 Summary ===
# of expected passes 1215
# of unexpected failures 3
# of unexpected successes 30
# of expected failures 51
# of unsupported tests 18
Compiler version: 3.3 20021014 (experimental)
Platform: mips-sgi-irix6.5
configure flags: --host=mips-sgi-irix6.5 --verbose --enable-languages=c,objc,c++,f77,java
More information about the Gcc-testresults
mailing list