Results for 3.3 20021011 (experimental) testsuite on i686-pc-linux-gnu
Peter Schmid
schmid@snake.iap.physik.tu-darmstadt.de
Sat Oct 12 08:23:00 GMT 2002
LAST_UPDATED:
Native configuration is i686-pc-linux-gnu
=== g++ tests ===
Running target unix
FAIL: g++.dg/warn/Wunused-2.C (test for warnings, line 5)
XPASS: g++.other/init5.C Execution test
=== g++ Summary ===
# of expected passes 7605
# of unexpected failures 1
# of unexpected successes 1
# of expected failures 91
# of untested testcases 9
# of unsupported tests 3
/mnt/gcc3.2/build/gcc/testsuite/../g++ version 3.3 20021011 (experimental)
=== g77 tests ===
Running target unix
FAIL: g77.dg/7388.f execution test
FAIL: g77.dg/7388.f execution test
FAIL: g77.dg/7388.f execution test
FAIL: g77.dg/7388.f execution test
FAIL: g77.dg/7388.f execution test
=== g77 Summary ===
# of expected passes 1649
# of unexpected failures 5
/mnt/gcc3.2/build/gcc/testsuite/../g77 version 3.3 20021011 (experimental)
=== gcc tests ===
Running target unix
FAIL: gcc.dg/cpp/assembler.S spurious warning (test for bogus messages, line 7)
FAIL: gcc.dg/cpp/assembler.S (test for excess errors)
FAIL: gcc.dg/format/ext-3.c bad %^# (test for warnings, line 215)
FAIL: gcc.dg/noncompile/920923-1.c (test for errors, line 111)
FAIL: gcc.dg/noncompile/920923-1.c (test for excess errors)
FAIL: gcc.dg/noncompile/incomplete-1.c (test for excess errors)
=== gcc Summary ===
# of expected passes 21122
# of unexpected failures 6
# of expected failures 60
# of unsupported tests 64
/mnt/gcc3.2/build/gcc/xgcc version 3.3 20021011 (experimental)
=== objc tests ===
Running target unix
=== objc Summary ===
# of expected passes 1153
/mnt/gcc3.2/build/gcc/xgcc version 3.3 20021011 (experimental)
=== libstdc++-v3 tests ===
Running target unix
XPASS: 22_locale/collate_byname.cc execution test
XPASS: 22_locale/collate_members_char.cc execution test
XPASS: 22_locale/collate_members_wchar_t.cc execution test
XPASS: 22_locale/ctype_is_char.cc execution test
XPASS: 22_locale/ctype_is_wchar_t.cc execution test
XPASS: 22_locale/members.cc execution test
XPASS: 22_locale/money_get_members_char.cc execution test
XPASS: 22_locale/money_get_members_wchar_t.cc execution test
XPASS: 22_locale/money_put_members_char.cc execution test
XPASS: 22_locale/money_put_members_wchar_t.cc execution test
XPASS: 22_locale/moneypunct_byname.cc execution test
XPASS: 22_locale/moneypunct_members_char.cc execution test
XPASS: 22_locale/moneypunct_members_wchar_t.cc execution test
XPASS: 22_locale/num_get_members_char.cc execution test
XPASS: 22_locale/num_get_members_wchar_t.cc execution test
XPASS: 22_locale/num_put_members_char.cc execution test
XPASS: 22_locale/num_put_members_wchar_t.cc execution test
XPASS: 22_locale/numpunct_byname.cc execution test
XPASS: 22_locale/numpunct_members_char.cc execution test
XPASS: 22_locale/numpunct_members_wchar_t.cc execution test
XPASS: 22_locale/time_get_members_char.cc execution test
XPASS: 22_locale/time_get_members_wchar_t.cc execution test
XPASS: 22_locale/time_put_members_char.cc execution test
XPASS: 22_locale/time_put_members_wchar_t.cc execution test
FAIL: 26_numerics/c99_classification_macros_c.cc (test for excess errors)
=== libstdc++-v3 Summary ===
# of expected passes 417
# of unexpected failures 1
# of unexpected successes 24
# of expected failures 3
Compiler version: 3.3 20021011 (experimental)
Platform: i686-pc-linux-gnu
configure flags: --host=i686-pc-linux-gnu --enable-shared --disable-nls --enable-threads=posix --enable-languages=c,c++,f77,objc --enable-__cxa_atexit
More information about the Gcc-testresults
mailing list