Results for 3.3 20021009 (experimental) testsuite on i686-pc-cygwin
Billinghurst, David (CRTS)
David.Billinghurst@riotinto.com
Thu Oct 10 16:35:00 GMT 2002
CYGWIN_NT-5.0 CRW50 1.3.12(0.54/3/2) 2002-07-06 02:16 i686 unknown
Windows 2000 Professional Ver 5.0 Build 2195 Service Pack 2
x86 Family 15 Model 0 Stepping 10, GenuineIntel
Failed to build gnat libraries - PR 6492 of 05 Jun 2002
LAST_UPDATED: Wed Oct 9 23:22:46 2002
Native configuration is i686-pc-cygwin
=== g++ tests ===
Running target unix
FAIL: g++.dg/ext/instantiate3.C scan-assembler-not
FAIL: g++.dg/opt/vt1.C scan-assembler-not section[^
WARNING: program timed out.
FAIL: g++.dg/parse/stack1.C (test for excess errors)
FAIL: g++.dg/warn/Wunused-2.C (test for warnings, line 5)
FAIL: g++.dg/special/initp1.C execution test
FAIL: g++.eh/badalloc1.C Execution test
XPASS: g++.ext/attrib5.C Execution test
XPASS: g++.jason/template18.C Execution test
FAIL: g++.law/profile1.C (test for excess errors)
FAIL: g++.pt/instantiate4.C (test for excess errors)
FAIL: g++.pt/instantiate6.C (test for excess errors)
FAIL: g++.pt/repo1.C (test for excess errors)
FAIL: g++.pt/repo2.C (test for excess errors)
FAIL: g++.pt/repo4.C (test for excess errors)
=== g++ Summary ===
# of expected passes 7561
# of unexpected failures 12
# of unexpected successes 2
# of expected failures 93
# of untested testcases 15
# of unsupported tests 3
gcc version 3.3 20021009 (experimental)
=== g77 tests ===
Running target unix
FAIL: g77.dg/7388.f execution test
FAIL: g77.dg/7388.f execution test
FAIL: g77.dg/7388.f execution test
FAIL: g77.dg/7388.f execution test
FAIL: g77.dg/7388.f execution test
=== g77 Summary ===
# of expected passes 1649
# of unexpected failures 5
gcc version 3.3 20021009 (experimental)
=== gcc tests ===
Running target unix
FAIL: gcc.dg/nest.c (test for excess errors)
WARNING: gcc.dg/nest.c compilation failed to produce executable
FAIL: gcc.dg/noncompile/incomplete-1.c (test for excess errors)
=== gcc Summary ===
# of expected passes 20542
# of unexpected failures 2
# of expected failures 59
# of unsupported tests 70
gcc version 3.3 20021009 (experimental)
=== objc tests ===
Running target unix
=== objc Summary ===
# of expected passes 1153
gcc version 3.3 20021009 (experimental)
=== libjava tests ===
Running target unix
FAIL: PR1343 compilation from bytecode
FAIL: PR1343 -O compilation from bytecode
FAIL: linking calls
FAIL: linking cxxtest
FAIL: linking field
FAIL: linking final_method
FAIL: linking findclass
FAIL: linking invoke
FAIL: linking martin
FAIL: linking noclass
FAIL: linking overload
FAIL: linking register
FAIL: linking simple_int
FAIL: linking throwit
FAIL: linking virtual
FAIL: ArrayStore execution - gij test
FAIL: ArrayStore execution - gij test
FAIL: ArrayStore2 execution - gij test
FAIL: ArrayStore2 execution - gij test
WARNING: program timed out.
FAIL: Array_3 execution - source compiled test
WARNING: program timed out.
FAIL: Array_3 execution - gij test
WARNING: program timed out.
FAIL: Array_3 execution - bytecode->native test
WARNING: program timed out.
FAIL: Array_3 -O execution - source compiled test
WARNING: program timed out.
FAIL: Array_3 execution - gij test
WARNING: program timed out.
FAIL: Array_3 -O execution - bytecode->native test
WARNING: program timed out.
FAIL: Divide_1 execution - source compiled test
FAIL: Divide_1 execution - gij test
WARNING: program timed out.
FAIL: Divide_1 execution - bytecode->native test
WARNING: program timed out.
FAIL: Divide_1 -O execution - source compiled test
FAIL: Divide_1 execution - gij test
WARNING: program timed out.
FAIL: Divide_1 -O execution - bytecode->native test
FAIL: Final execution - gij test
FAIL: Final execution - gij test
FAIL: G19990302_02 execution - gij test
FAIL: G19990302_02 execution - gij test
FAIL: G19990303_01 execution - gij test
FAIL: G19990303_01 execution - gij test
WARNING: program timed out.
FAIL: G19990303_02 execution - gij test
WARNING: program timed out.
FAIL: G19990303_02 execution - gij test
FAIL: G19990304_01 execution - gij test
FAIL: G19990304_01 execution - gij test
FAIL: InterfaceDispatch execution - gij test
FAIL: InterfaceDispatch execution - gij test
FAIL: Invoke_1 execution - gij test
FAIL: Invoke_1 execution - gij test
WARNING: program timed out.
FAIL: PR141 execution - gij test
WARNING: program timed out.
FAIL: PR141 execution - gij test
WARNING: program timed out.
FAIL: PR218 execution - gij test
WARNING: program timed out.
FAIL: PR218 execution - gij test
WARNING: program timed out.
FAIL: Primes execution - gij test
WARNING: program timed out.
FAIL: Primes execution - gij test
FAIL: StringBuffer_1 execution - gij test
FAIL: StringBuffer_1 execution - gij test
FAIL: SyncTest execution - gij test
FAIL: SyncTest execution - bytecode->native test
FAIL: SyncTest execution - gij test
FAIL: SyncTest -O execution - bytecode->native test
WARNING: program timed out.
FAIL: TestProxy execution - source compiled test
WARNING: program timed out.
FAIL: TestProxy execution - gij test
WARNING: program timed out.
FAIL: TestProxy execution - bytecode->native test
WARNING: program timed out.
FAIL: TestProxy -O execution - source compiled test
WARNING: program timed out.
FAIL: TestProxy execution - gij test
WARNING: program timed out.
FAIL: TestProxy -O execution - bytecode->native test
FAIL: Thread_Alive execution - gij test
FAIL: Thread_Alive execution - gij test
FAIL: Thread_Interrupt execution - gij test
FAIL: Thread_Interrupt execution - gij test
FAIL: Thread_Interrupt -O output - bytecode->native test
FAIL: Thread_Wait_2 execution - gij test
FAIL: Thread_Wait_2 execution - gij test
FAIL: Thread_Wait_Interrupt output - source compiled test
FAIL: Thread_Wait_Interrupt output - gij test
FAIL: Thread_Wait_Interrupt -O output - source compiled test
WARNING: program timed out.
FAIL: Thread_Wait_Interrupt execution - gij test
WARNING: program timed out.
FAIL: Throw_2 execution - source compiled test
WARNING: program timed out.
FAIL: Throw_2 execution - gij test
WARNING: program timed out.
FAIL: Throw_2 execution - bytecode->native test
WARNING: program timed out.
FAIL: Throw_2 -O execution - source compiled test
WARNING: program timed out.
FAIL: Throw_2 execution - gij test
WARNING: program timed out.
FAIL: Throw_2 -O execution - bytecode->native test
WARNING: program timed out.
FAIL: instance execution - gij test
WARNING: program timed out.
FAIL: instance execution - gij test
FAIL: instinit2 execution - gij test
FAIL: instinit2 execution - gij test
FAIL: invokethrow execution - gij test
FAIL: invokethrow execution - gij test
FAIL: pr184 execution - gij test
FAIL: pr184 execution - gij test
FAIL: pr83 execution - gij test
FAIL: pr83 execution - gij test
=== libjava Summary ===
# of expected passes 2559
# of unexpected failures 90
# of expected failures 27
# of untested testcases 79
=== libstdc++-v3 tests ===
Running target unix
XPASS: 22_locale/collate_members_wchar_t.cc execution test
FAIL: 22_locale/ctor_copy_dtor.cc execution test
XPASS: 22_locale/ctype_is_wchar_t.cc execution test
XPASS: 22_locale/money_get_members_wchar_t.cc execution test
XPASS: 22_locale/money_put_members_wchar_t.cc execution test
XPASS: 22_locale/moneypunct_members_wchar_t.cc execution test
XPASS: 22_locale/num_get_members_wchar_t.cc execution test
XPASS: 22_locale/num_put_members_wchar_t.cc execution test
XPASS: 22_locale/numpunct_members_wchar_t.cc execution test
FAIL: 22_locale/static_members.cc execution test
XPASS: 22_locale/time_get_members_wchar_t.cc execution test
XPASS: 22_locale/time_put_members_wchar_t.cc execution test
FAIL: 26_numerics/c99_classification_macros_c.cc (test for excess errors)
FAIL: 27_io/filebuf_members.cc execution test
FAIL: 27_io/ios_base_storage.cc execution test
FAIL: 27_io/istream_extractor_arith.cc execution test
=== libstdc++-v3 Summary ===
# of expected passes 412
# of unexpected failures 6
# of unexpected successes 10
# of expected failures 17
Compiler version: 3.3 20021009 (experimental)
Platform: i686-pc-cygwin
configure flags: --host=i686-pc-cygwin --prefix=/usr/local/gcc-3_3 --enable-threads=posix --enable-libgcj --enable-sjlj-exceptions --with-system-zlib --enable-nls --enable-version-specific-runtime-libs --without-included-gettext --disable-shared
Counting all warnings,
there are 35 warnings in stage3 of this bootstrap.
Number of warnings per file:
8 gcc/gcc.c
3 /usr/share/bison/bison.simple
2 insn-conditions.c
2 gcc/java/lex.c
2 gcc/f/sta.c
2 gcc/cp/lang-specs.h
2 gcc/calls.c
2 /usr/local/share/bison/bison.simple
1 gt-ada-utils.h
1 gt-ada-decl.h
1 gcc/varasm.c
1 gcc/unwind-pe.h
1 gcc/sdbout.c
1 gcc/java/jvspec.c
1 gcc/java/jcf-parse.c
1 gcc/function.c
1 gcc/emit-rtl.c
1 gcc/ada/tracebak.c
1 gcc/ada/adaint.c
1 ada/b_gnatb.c
Number of warning types:
7 string length \`???' is greater than the length \`???' ISO C89 compilers are required to support
4 traditional C rejects string concatenation
4 comparison between signed and unsigned
3 label \`???' defined but not used
2 unused variable \`???'
2 traditional C rejects ISO C style function definitions
2 signed and unsigned type in conditional expression
2 dereferencing type-punned pointer will break strict-aliasing rules
2 assignment of read-only location
2 \`???' might be used uninitialized in this function
1 passing arg ??? of \`???' from incompatible pointer type
1 function declaration isn't a prototype
1 comparison of unsigned expression < 0 is always false
1 assignment discards qualifiers from pointer target type
1 \`???' defined but not used
More information about the Gcc-testresults
mailing list