Results for 3.3 20021009 (experimental) testsuite on i686-pc-linux-gnu

Andreas Jaeger aj@suse.de
Wed Oct 9 21:35:00 GMT 2002


Bootstrap and regtesting on i686-linux-gnu.
CVS sources: mainline
LAST_UPDATED: Wed Oct  9 20:42:46 UTC 2002

Native configuration is i686-pc-linux-gnu

		=== g++ tests ===


Running target unix
FAIL: g++.dg/warn/Wunused-2.C  (test for warnings, line 5)
XPASS: g++.other/init5.C  Execution test

		=== g++ Summary ===

# of expected passes		7601
# of unexpected failures	1
# of unexpected successes	1
# of expected failures		91
# of untested testcases		9
# of unsupported tests		3
/builds/gcc/misc/gcc/testsuite/../g++ version 3.3 20021009 (experimental)

		=== g77 tests ===


Running target unix
FAIL: g77.dg/7388.f execution test
FAIL: g77.dg/7388.f execution test
FAIL: g77.dg/7388.f execution test
FAIL: g77.dg/7388.f execution test
FAIL: g77.dg/7388.f execution test

		=== g77 Summary ===

# of expected passes		1649
# of unexpected failures	5
/builds/gcc/misc/gcc/testsuite/../g77 version 3.3 20021009 (experimental)

		=== gcc tests ===


Running target unix
XPASS: gcc.c-torture/execute/loop-2e.c execution,  -Os 
FAIL: gcc.dg/noncompile/incomplete-1.c (test for excess errors)

		=== gcc Summary ===

# of expected passes		20652
# of unexpected failures	1
# of unexpected successes	1
# of expected failures		59
# of unsupported tests		64
/builds/gcc/misc/gcc/xgcc version 3.3 20021009 (experimental)

		=== objc tests ===


Running target unix

		=== objc Summary ===

# of expected passes		1153
/builds/gcc/misc/gcc/xgcc version 3.3 20021009 (experimental)

		=== treelang tests ===


Running target unix

		=== treelang Summary ===

# of expected passes		1
		=== libjava tests ===


Running target unix
FAIL: PR1343 compilation from bytecode
FAIL: PR1343 -O compilation from bytecode

		=== libjava Summary ===

# of expected passes		2731
# of unexpected failures	2
# of expected failures		14
# of untested testcases		8
		=== libstdc++-v3 tests ===


Running target unix
XPASS: 22_locale/collate_byname.cc execution test
XPASS: 22_locale/collate_members_char.cc execution test
XPASS: 22_locale/collate_members_wchar_t.cc execution test
FAIL: 22_locale/ctor_copy_dtor.cc execution test
XPASS: 22_locale/ctype_is_char.cc execution test
XPASS: 22_locale/ctype_is_wchar_t.cc execution test
XPASS: 22_locale/members.cc execution test
XPASS: 22_locale/money_get_members_char.cc execution test
XPASS: 22_locale/money_get_members_wchar_t.cc execution test
XPASS: 22_locale/money_put_members_char.cc execution test
XPASS: 22_locale/money_put_members_wchar_t.cc execution test
XPASS: 22_locale/moneypunct_byname.cc execution test
XPASS: 22_locale/moneypunct_members_char.cc execution test
XPASS: 22_locale/moneypunct_members_wchar_t.cc execution test
XPASS: 22_locale/num_get_members_char.cc execution test
XPASS: 22_locale/num_get_members_wchar_t.cc execution test
XPASS: 22_locale/num_put_members_char.cc execution test
XPASS: 22_locale/num_put_members_wchar_t.cc execution test
XPASS: 22_locale/numpunct_byname.cc execution test
XPASS: 22_locale/numpunct_members_char.cc execution test
XPASS: 22_locale/numpunct_members_wchar_t.cc execution test
XPASS: 22_locale/time_get_members_char.cc execution test
XPASS: 22_locale/time_get_members_wchar_t.cc execution test
XPASS: 22_locale/time_put_members_char.cc execution test
XPASS: 22_locale/time_put_members_wchar_t.cc execution test
FAIL: 26_numerics/c99_classification_macros_c.cc (test for excess errors)

		=== libstdc++-v3 Summary ===

# of expected passes		416
# of unexpected failures	2
# of unexpected successes	24
# of expected failures		3

Compiler version: 3.3 20021009 (experimental) 
Platform: i686-pc-linux-gnu
configure flags: --host=i686-pc-linux-gnu --prefix=/opt/gcc/3.3-devel --disable-nls --enable-threads=posix --enable-clocale=gnu --enable-__cxa_atexit --enable-shared --enable-languages=c,c++,f77,java,objc,ada,treelang --enable-checking=misc,tree --with-system-zlib



More information about the Gcc-testresults mailing list